000
CXUS53 KOAX 010930
CF6LNK
PRELIMINARY LOCAL CLIMATOLOGICAL DATA (WS FORM: F-6)
STATION: LINCOLN NE
MONTH: OCTOBER
YEAR: 2023
LATITUDE: 40 50 N
LONGITUDE: 96 45 W
TEMPERATURE IN F: :PCPN: SNOW: WIND :SUNSHINE: SKY :PK WND
================================================================================
1 2 3 4 5 6A 6B 7 8 9 10 11 12 13 14 15 16 17 18
12Z AVG MX 2MIN
DY MAX MIN AVG DEP HDD CDD WTR SNW DPTH SPD SPD DIR MIN PSBL S-S WX SPD DR
================================================================================
1 94 69 82 21 0 17 0.00 0.0 0 13.3 24 170 M M 0 34 170
2 91 61 76 16 0 11 0.00 0.0 0 12.0 24 210 M M 0 34 190
3 81 61 71 11 0 6 0.72 0.0 0 14.8 30 180 M M 4 138 41 260
4 75 51 63 3 2 0 0.00 0.0 0 5.9 17 320 M M 1 8 23 340
5 74 47 61 2 4 0 T 0.0 0 10.0 28 330 M M 2 41 340
6 60 38 49 -9 16 0 0.06 0.0 0 14.7 33 340 M M 4 45 340
7 66 36 51 -7 14 0 0.00 0.0 0 5.0 16 220 M M 0 23 270
8 78 40 59 1 6 0 0.00 0.0 0 9.0 23 330 M M 0 8 31 340
9 68 37 53 -4 12 0 0.00 0.0 0 5.6 16 360 M M 0 23 30
10 75 35 55 -2 10 0 0.00 0.0 0 5.6 13 130 M M 0 17 120
11 79 48 64 8 1 0 0.07 0.0 0 8.3 18 70 M M 1 3 24 80
12 68 60 64 8 1 0 0.21 0.0 0 14.6 29 150 M M 7 138 36 130
13 63 49 56 1 9 0 0.03 0.0 0 16.4 31 320 M M 9 1 44 320
14 54 48 51 -4 14 0 0.10 0.0 0 14.8 26 330 M M 10 1 38 340
15 54 43 49 -5 16 0 T 0.0 0 11.4 21 350 M M 9 25 330
16 66 35 51 -3 14 0 0.00 0.0 0 4.2 12 340 M M 0 17 320
17 76 34 55 2 10 0 0.00 0.0 0 8.7 22 180 M M 0 27 200
18 71 49 60 7 5 0 T 0.0 0 10.7 22 330 M M 5 30 310
19 80 50 65 13 0 0 0.00 0.0 0 9.3 23 340 M M 1 29 330
20 87 44 66 14 0 1 0.00 0.0 0 4.4 16 230 M M 0 21 220
21 74 42 58 7 7 0 0.00 0.0 0 6.9 17 30 M M 0 22 10
22 71 39 55 4 10 0 0.00 0.0 0 8.6 17 100 M M 0 25 100
23 84 46 65 15 0 0 0.00 0.0 0 10.1 22 190 M M 0 30 210
24 82 57 70 20 0 5 T 0.0 M 15.7 29 180 M M 5 1 39 200
25 65 53 59 9 6 0 0.03 0.0 0 6.4 14 360 M M 10 1 18 10
26 75 44 60 11 5 0 0.02 0.0 0 10.7 28 340 M M 9 1 36 330
27 44 28 36 -13 29 0 0.18 0.0 0 15.1 30 340 M M 5 38 340
28 36 29 33 -15 32 0 0.00 0.0 0 14.5 24 10 M M 9 29 10
29 38 28 33 -15 32 0 T T 0 13.6 20 360 M M 7 25 350
30 45 17 31 -16 34 0 0.00 0.0 0 8.2 29 350 M M 1 36 360
31 40 18 29 -18 36 0 0.00 0.0 0 12.1 30 330 M M 0 40 340
================================================================================
SM 2114 1336 325 40 1.42 T 320.6 M 99
================================================================================
AV 68.2 43.1 10.3 FASTST M M 3 MAX(MPH)
MISC ----> 33 340 45 340
================================================================================
NOTES:
# LAST OF SEVERAL OCCURRENCES
COLUMN 17 PEAK WIND IN M.P.H.
PRELIMINARY LOCAL CLIMATOLOGICAL DATA (WS FORM: F-6) , PAGE 2
STATION: LINCOLN NE
MONTH: OCTOBER
YEAR: 2023
LATITUDE: 40 50 N
LONGITUDE: 96 45 W
[TEMPERATURE DATA] [PRECIPITATION DATA] SYMBOLS USED IN COLUMN 16
AVERAGE MONTHLY: 55.6 TOTAL FOR MONTH: 1.42 1 = FOG OR MIST
DPTR FM NORMAL: 1.8 DPTR FM NORMAL: -0.72 2 = FOG REDUCING VISIBILITY
HIGHEST: 94 ON 1 GRTST 24HR 0.72 ON 3- 3 TO 1/4 MILE OR LESS
LOWEST: 17 ON 30 3 = THUNDER
SNOW, ICE PELLETS, HAIL 4 = ICE PELLETS
TOTAL MONTH: T 5 = HAIL
GRTST 24HR T ON 29-29 6 = FREEZING RAIN OR DRIZZLE
GRTST DEPTH: 0 7 = DUSTSTORM OR SANDSTORM:
VSBY 1/2 MILE OR LESS
8 = SMOKE OR HAZE
[NO. OF DAYS WITH] [WEATHER - DAYS WITH] 9 = BLOWING SNOW
X = TORNADO
MAX 32 OR BELOW: 0 0.01 INCH OR MORE: 9
MAX 90 OR ABOVE: 2 0.10 INCH OR MORE: 4
MIN 32 OR BELOW: 5 0.50 INCH OR MORE: 1
MIN 0 OR BELOW: 0 1.00 INCH OR MORE: 0
[HDD (BASE 65) ]
TOTAL THIS MO. 325 CLEAR (SCALE 0-3) 18
DPTR FM NORMAL -42 PTCLDY (SCALE 4-7) 7
TOTAL FM JUL 1 332 CLOUDY (SCALE 8-10) 6
DPTR FM NORMAL -115
[CDD (BASE 65) ]
TOTAL THIS MO. 40
DPTR FM NORMAL 20 [PRESSURE DATA]
TOTAL FM JAN 1 1458 HIGHEST SLP 30.56 ON 31
DPTR FM NORMAL 189 LOWEST SLP 29.39 ON 12
[REMARKS]
#FINAL-10-23#