000
CXUS55 KLMK 011259
CLMLOU
CLIMATE REPORT
NATIONAL WEATHER SERVICE LOUISVILLE KY
859 AM EDT MON MAY 01 2023
...................................
...THE LOUISVILLE BOWMAN KY CLIMATE SUMMARY FOR THE MONTH OF APRIL 2023...
CLIMATE NORMAL PERIOD 1991 TO 2020
CLIMATE RECORD PERIOD 9999 TO 9999
WEATHER OBSERVED NORMAL DEPART LAST YEAR`S
VALUE DATE(S) VALUE FROM VALUE DATE(S)
NORMAL
................................................................
TEMPERATURE (F)
HIGHEST 84 04/20 MM MM 85 04/23
LOWEST 30 04/24 MM MM 28 04/02
AVG. MAXIMUM 68.6 68.6 0.0 65.3
AVG. MINIMUM 43.7 47.5 -3.8 45.9
MEAN 56.2 58.1 -1.9 55.6
DAYS MAX >= 90 0 0.0 0.0 0
DAYS MAX <= 32 0 0.0 0.0 0
DAYS MIN <= 32 1 1.3 -0.3 2
DAYS MIN <= 0 0 0.0 0.0 0
PRECIPITATION (INCHES)
TOTALS 2.68R 4.69 -2.01 4.36
DAILY AVG. 0.09 0.16 -0.07 0.15
DAYS >= .01 9 12.0 -3.0 16
DAYS >= .10 4 8.2 -4.2 8
DAYS >= .50 2 3.7 -1.7 2
DAYS >= 1.00 1 1.4 -0.4 2
GREATEST
24 HR. TOTAL 1.48 03/31 TO 04/01
DEGREE DAYS
HEATING TOTAL 280 244 36 304
SINCE 7/1 3803 4076 -273 MM
COOLING TOTAL 22 36 -14 30
SINCE 1/1 22 43 -21 MM
................................................................
WIND (MPH)
AVERAGE WIND SPEED 7.4
HIGHEST WIND SPEED/DIRECTION 37/260 DATE 04/01
HIGHEST GUST SPEED/DIRECTION 59/250 DATE 04/01
SKY COVER
POSSIBLE SUNSHINE (PERCENT) MM
AVERAGE SKY COVER 0.33
NUMBER OF DAYS FAIR 12
NUMBER OF DAYS PC 12
NUMBER OF DAYS CLOUDY 7
AVERAGE RH (PERCENT) 60
WEATHER CONDITIONS. NUMBER OF DAYS WITH
THUNDERSTORM 4 MIXED PRECIP 0
HEAVY RAIN 5 RAIN 4
LIGHT RAIN 10 FREEZING RAIN 0
LT FREEZING RAIN 0 HAIL 0
HEAVY SNOW 0 SNOW 0
LIGHT SNOW 0 SLEET 0
FOG 8 FOG W/VIS <= 1/4 MILE 0
HAZE 2
- INDICATES NEGATIVE NUMBERS.
R INDICATES RECORD WAS SET OR TIED.
MM INDICATES DATA IS MISSING.
T INDICATES TRACE AMOUNT.
$$