000
CXUS55 KLMK 011240
CLMLOU
CLIMATE REPORT
NATIONAL WEATHER SERVICE LOUISVILLE KY
840 AM EDT SAT APR 01 2023
...................................
...THE LOUISVILLE BOWMAN KY CLIMATE SUMMARY FOR THE MONTH OF MARCH 2023...
CLIMATE NORMAL PERIOD 1991 TO 2020
CLIMATE RECORD PERIOD 9999 TO 9999
WEATHER OBSERVED NORMAL DEPART LAST YEAR`S
VALUE DATE(S) VALUE FROM VALUE DATE(S)
NORMAL
................................................................
TEMPERATURE (F)
HIGHEST 81 03/01 MM MM 82 03/30
LOWEST 21 03/20 MM MM 19 03/12
AVG. MAXIMUM 57.4 57.0 0.4 61.9
AVG. MINIMUM 36.0 37.8 -1.8 38.5
MEAN 46.7 47.4 -0.7 50.2
DAYS MAX >= 90 0 0.0 0.0 0
DAYS MAX <= 32 0 0.4 -0.4 1
DAYS MIN <= 32 9 9.7 -0.7 6
DAYS MIN <= 0 0 0.0 0.0 0
PRECIPITATION (INCHES)
TOTALS 6.99 4.37 2.62 2.44
DAILY AVG. 0.23 0.14 0.09 0.08
DAYS >= .01 14 11.8 2.2 12
DAYS >= .10 8 7.6 0.4 5
DAYS >= .50 3 3.2 -0.2 1
DAYS >= 1.00 3 1.2 1.8 1
GREATEST
24 HR. TOTAL 2.59 03/03 TO 03/03
DEGREE DAYS
HEATING TOTAL 562 552 10 451
SINCE 7/1 3523 3832 -309 MM
COOLING TOTAL 0 7 -7 3
SINCE 1/1 0 7 -7 MM
................................................................
WIND (MPH)
AVERAGE WIND SPEED 8.7
HIGHEST WIND SPEED/DIRECTION 48/220 DATE 03/03
HIGHEST GUST SPEED/DIRECTION 79/220 DATE 03/03
SKY COVER
POSSIBLE SUNSHINE (PERCENT) MM
AVERAGE SKY COVER 0.45
NUMBER OF DAYS FAIR 12
NUMBER OF DAYS PC 11
NUMBER OF DAYS CLOUDY 8
AVERAGE RH (PERCENT) 63
WEATHER CONDITIONS. NUMBER OF DAYS WITH
THUNDERSTORM 4 MIXED PRECIP 0
HEAVY RAIN 4 RAIN 5
LIGHT RAIN 15 FREEZING RAIN 0
LT FREEZING RAIN 0 HAIL 0
HEAVY SNOW 0 SNOW 0
LIGHT SNOW 2 SLEET 0
FOG 14 FOG W/VIS <= 1/4 MILE 0
HAZE 1
- INDICATES NEGATIVE NUMBERS.
R INDICATES RECORD WAS SET OR TIED.
MM INDICATES DATA IS MISSING.
T INDICATES TRACE AMOUNT.
$$