000
CXUS53 KJKL 011351
CLMLOZ
CLIMATE REPORT
NATIONAL WEATHER SERVICE JACKSON KY
951 AM EDT FRI SEP 01 2023
...................................
...THE LONDON KY CLIMATE SUMMARY FOR THE MONTH OF AUGUST 2023...
CLIMATE NORMAL PERIOD 1991 TO 2020
CLIMATE RECORD PERIOD 1954 TO 2023
WEATHER OBSERVED NORMAL DEPART LAST YEAR`S
VALUE DATE(S) VALUE FROM VALUE DATE(S)
NORMAL
................................................................
TEMPERATURE (F)
RECORD
HIGH 102 08/16/2007
LOW 44 08/29/1986
HIGHEST 94 08/25 MM MM 90 08/03
08/28
08/29
LOWEST 55 08/19 MM MM 57 08/13
AVG. MAXIMUM 83.4 85.6 -2.2 85.0
AVG. MINIMUM 65.2 64.8 0.4 65.1
MEAN 74.3 75.2 -0.9 75.1
DAYS MAX >= 90 4 6.1 -2.1 3
DAYS MAX <= 32 0 0.0 0.0 0
DAYS MIN <= 32 0 0.0 0.0 0
DAYS MIN <= 0 0 0.0 0.0 0
PRECIPITATION (INCHES)
RECORD
MAXIMUM 7.47 2003
MINIMUM 0.45 2007
TOTALS 4.01 3.97 0.04 2.37
DAILY AVG. 0.13 0.13 0.00 0.08
DAYS >= .01 11 10.2 0.8 11
DAYS >= .10 8 6.6 1.4 6
DAYS >= .50 2 2.9 -0.9 1
DAYS >= 1.00 1 1.0 0.0 1
GREATEST
24 HR. TOTAL 2.02 08/10 TO 08/10 1.15
SNOWFALL (INCHES)
RECORDS
TOTAL MM MM
TOTALS MM MM MM MM
SINCE 7/1 MM MM MM MM
SNOWDEPTH AVG. MM MM
DAYS >= 1.0 MM MM MM MM
GREATEST
SNOW DEPTH MM MM
24 HR TOTAL MM MM
DEGREE DAYS
HEATING TOTAL 0 1 -1 0
SINCE 7/1 0 0 0 0
COOLING TOTAL 297 317 -20 319
SINCE 1/1 894 1040 -146 1156
................................................................
WIND (MPH)
AVERAGE WIND SPEED 4.2
HIGHEST WIND SPEED/DIRECTION 26/020 DATE 08/25
HIGHEST GUST SPEED/DIRECTION 42/030 DATE 08/25
SKY COVER
POSSIBLE SUNSHINE (PERCENT) MM
AVERAGE SKY COVER 0.40
NUMBER OF DAYS FAIR 13
NUMBER OF DAYS PC 14
NUMBER OF DAYS CLOUDY 4
AVERAGE RH (PERCENT) 79
WEATHER CONDITIONS. NUMBER OF DAYS WITH
THUNDERSTORM 6 MIXED PRECIP 0
HEAVY RAIN 8 RAIN 5
LIGHT RAIN 12 FREEZING RAIN 0
LT FREEZING RAIN 0 HAIL 0
HEAVY SNOW 0 SNOW 0
LIGHT SNOW 0 SLEET 0
FOG 22 FOG W/VIS <= 1/4 MILE 5
HAZE 0
- INDICATES NEGATIVE NUMBERS.
R INDICATES RECORD WAS SET OR TIED.
MM INDICATES DATA IS MISSING.
T INDICATES TRACE AMOUNT.
$$
CARICO