000
CXUS54 KCRP 011210
CF6LRD
PRELIMINARY LOCAL CLIMATOLOGICAL DATA (WS FORM: F-6)
STATION: LAREDO
MONTH: SEPTEMBER
YEAR: 2022
LATITUDE: 27 31 N
LONGITUDE: 99 28 W
TEMPERATURE IN F: :PCPN: SNOW: WIND :SUNSHINE: SKY :PK WND
================================================================================
1 2 3 4 5 6A 6B 7 8 9 10 11 12 13 14 15 16 17 18
12Z AVG MX 2MIN
DY MAX MIN AVG DEP HDD CDD WTR SNW DPTH SPD SPD DIR MIN PSBL S-S WX SPD DR
================================================================================
1 94 76 85 -1 0 20 0.00 0.0 0 M M M M M 3 M M
2 95 77 86 0 0 21 0.00 0.0 0 M M M M M 2 M M
3 91 77 84 -1 0 19 T 0.0 0 M M M M M 4 M M
4 83 74 79 -6 0 14 1.15 0.0 0 M M M M M 8 M M
5 85 74 80 -5 0 15 0.01 0.0 0 M M M M M 7 M M
6 89 73 81 -4 0 16 0.01 0.0 0 M M M M M 3 M M
7 93 72 83 -1 0 18 0.00 0.0 0 M M M M M 1 M M
8 94 75 85 1 0 20 0.00 0.0 0 M M M M M 1 M M
9 93 73 83 -1 0 18 0.00 0.0 0 M M M M M 1 M M
10 95 75 85 1 0 20 0.00 0.0 0 M M M M M 1 M M
11 95 74 85 1 0 20 0.00 0.0 0 M M M M M 1 M M
12 94 76 85 2 0 20 0.00 0.0 0 M M M M M 3 M M
13 95 75 85 2 0 20 0.00 0.0 0 M M M M M 0 M M
14 93 74 84 1 0 19 0.00 0.0 0 M M M M M 4 M M
15 94 72 83 0 0 18 0.00 0.0 0 M M M M M 3 M M
16 95 75 85 2 0 20 0.00 0.0 0 M M M M M 3 M M
17 97 76 87 4 0 22 T 0.0 0 M M M M M 2 M M
18 95 75 85 3 0 20 0.01 0.0 0 M M M M M 3 M M
19 96 76 86 4 0 21 0.00 0.0 0 M M M M M 2 M M
20 98 75 87 5 0 22 0.00 0.0 0 M M M M M 2 M M
21 96 74 85 3 0 20 0.00 0.0 0 M M M M M 1 M M
22 96 72 84 2 0 19 0.00 0.0 0 M M M M M 0 M M
23 97 72 85 3 0 20 0.00 0.0 0 M M M M M 0 18 M M
24 96 72 84 2 0 19 0.00 0.0 0 M M M M M 0 8 M M
25 96 75 86 5 0 21 0.00 0.0 0 M M M M M 2 8 M M
26 96 71 84 3 0 19 0.00 0.0 0 M M M M M 2 38 M M
27 91 68 80 -1 0 15 0.00 0.0 0 M M M M M 0 M M
28 91 60 76 -5 0 11 0.00 0.0 0 M M M M M 0 8 M M
29 91 65 78 -3 0 13 0.00 0.0 0 M M M M M 0 8 M M
30 94 64 79 -1 0 14 0.00 0.0 M M M M M M 0 8 M M
================================================================================
SM 2808 2187 0 554 1.18 0.0 M M 59
================================================================================
AV 93.6 72.9 M FASTST M M 2 MAX(MPH)
MISC ----> M M M M
================================================================================
NOTES:
# LAST OF SEVERAL OCCURRENCES
COLUMN 17 PEAK WIND IN M.P.H.
PRELIMINARY LOCAL CLIMATOLOGICAL DATA (WS FORM: F-6) , PAGE 2
STATION: LAREDO
MONTH: SEPTEMBER
YEAR: 2022
LATITUDE: 27 31 N
LONGITUDE: 99 28 W
[TEMPERATURE DATA] [PRECIPITATION DATA] SYMBOLS USED IN COLUMN 16
AVERAGE MONTHLY: 83.3 TOTAL FOR MONTH: 1.18 1 = FOG OR MIST
DPTR FM NORMAL: 0.3 DPTR FM NORMAL: -2.46 2 = FOG REDUCING VISIBILITY
HIGHEST: 98 ON 20 GRTST 24HR 1.15 ON 4- 4 TO 1/4 MILE OR LESS
LOWEST: 60 ON 28 3 = THUNDER
SNOW, ICE PELLETS, HAIL 4 = ICE PELLETS
TOTAL MONTH: 0.0 INCH 5 = HAIL
GRTST 24HR 0.0 6 = FREEZING RAIN OR DRIZZLE
GRTST DEPTH: 0 7 = DUSTSTORM OR SANDSTORM:
VSBY 1/2 MILE OR LESS
8 = SMOKE OR HAZE
[NO. OF DAYS WITH] [WEATHER - DAYS WITH] 9 = BLOWING SNOW
X = TORNADO
MAX 32 OR BELOW: 0 0.01 INCH OR MORE: 4
MAX 90 OR ABOVE: 27 0.10 INCH OR MORE: 1
MIN 32 OR BELOW: 0 0.50 INCH OR MORE: 1
MIN 0 OR BELOW: 0 1.00 INCH OR MORE: 1
[HDD (BASE 65) ]
TOTAL THIS MO. 0 CLEAR (SCALE 0-3) 24
DPTR FM NORMAL 0 PTCLDY (SCALE 4-7) 6
TOTAL FM JUL 1 0 CLOUDY (SCALE 8-10) 0
DPTR FM NORMAL 0
[CDD (BASE 65) ]
TOTAL THIS MO. 554
DPTR FM NORMAL 15 [PRESSURE DATA]
TOTAL FM JAN 1 4283 HIGHEST SLP 30.25 ON 28
DPTR FM NORMAL 472 LOWEST SLP 29.84 ON 25
[REMARKS]
#FINAL-09-22#