000
CXUS54 KCRP 011210
CF6LRD
PRELIMINARY LOCAL CLIMATOLOGICAL DATA (WS FORM: F-6)
STATION: LAREDO
MONTH: MARCH
YEAR: 2021
LATITUDE: 27 31 N
LONGITUDE: 99 28 W
TEMPERATURE IN F: :PCPN: SNOW: WIND :SUNSHINE: SKY :PK WND
================================================================================
1 2 3 4 5 6A 6B 7 8 9 10 11 12 13 14 15 16 17 18
12Z AVG MX 2MIN
DY MAX MIN AVG DEP HDD CDD WTR SNW DPTH SPD SPD DIR MIN PSBL S-S WX SPD DR
================================================================================
1 74 54 64 -1 1 0 0.02 0.0 0 M M M M M 10 18 M M
2 69 49 59 -6 6 0 0.00 0.0 0 M M M M M 5 M M
3 78 46 62 -3 3 0 0.00 0.0 0 M M M M M 0 M M
4 85 55 70 5 0 5 0.00 0.0 0 M M M M M 1 M M
5 86 64 75 9 0 10 T 0.0 0 M M M M M 5 M M
6 73 54 64 -2 1 0 0.00 0.0 0 M M M M M 2 M M
7 69 48 59 -7 6 0 0.00 0.0 0 M M M M M 6 M M
8 79 55 67 1 0 2 0.00 0.0 0 M M M M M 8 M M
9 84 61 73 6 0 8 0.00 0.0 0 M M M M M 6 M M
10 92 65 79 12 0 14 0.00 0.0 0 M M M M M 3 M M
11 91 65 78 11 0 13 0.00 0.0 0 M M M M M 2 M M
12 92 72 82 15 0 17 0.00 0.0 0 M M M M M 8 M M
13 91 72 82 14 0 17 0.00 0.0 0 M M M M M 6 M M
14 77 56 67 -1 0 2 0.01 0.0 0 M M M M M 6 1 M M
15 88 51 70 2 0 5 0.00 0.0 0 M M M M M 2 M M
16 92 68 80 12 0 15 0.00 0.0 0 M M M M M 5 M M
17 90 62 76 7 0 11 0.00 0.0 0 M M M M M 4 1 M M
18 79 52 66 -3 0 1 0.00 0.0 0 M M M M M 1 8 M M
19 77 48 63 -6 2 0 0.00 0.0 0 M M M M M 0 M M
20 80 48 64 -5 1 0 0.00 0.0 0 M M M M M 0 M M
21 84 51 68 -2 0 3 0.00 0.0 0 M M M M M 0 M M
22 89 63 76 6 0 11 0.00 0.0 0 M M M M M 4 M M
23 89 64 77 7 0 12 0.00 0.0 0 M M M M M 2 M M
24 95 68 82 12 0 17 0.00 0.0 0 M M M M M 2 1 M M
25 85 61 73 2 0 8 0.00 0.0 0 M M M M M 0 1 M M
26 93 58 76 5 0 11 0.00 0.0 0 M M M M M 0 M M
27 99 69 84 13 0 19 0.00 0.0 0 M M M M M 3 M M
28 79 54 67 -5 0 2 0.03 0.0 0 M M M M M 9 1 M M
29 80 56 68 -4 0 3 0.00 0.0 0 M M M M M 8 M M
30 89 64 77 5 0 12 0.00 0.0 0 M M M M M 5 M M
31 75 63 69 -3 0 4 0.02 0.0 0 M M M M M 7 18 M M
================================================================================
SM 2603 1816 20 222 0.08 0.0 M M 120
================================================================================
AV 84.0 58.6 M FASTST M M 4 MAX(MPH)
MISC ----> M M M M
================================================================================
NOTES:
# LAST OF SEVERAL OCCURRENCES
COLUMN 17 PEAK WIND IN M.P.H.
PRELIMINARY LOCAL CLIMATOLOGICAL DATA (WS FORM: F-6) , PAGE 2
STATION: LAREDO
MONTH: MARCH
YEAR: 2021
LATITUDE: 27 31 N
LONGITUDE: 99 28 W
[TEMPERATURE DATA] [PRECIPITATION DATA] SYMBOLS USED IN COLUMN 16
AVERAGE MONTHLY: 71.3 TOTAL FOR MONTH: 0.08 1 = FOG OR MIST
DPTR FM NORMAL: 2.9 DPTR FM NORMAL: -1.04 2 = FOG REDUCING VISIBILITY
HIGHEST: 99 ON 27 GRTST 24HR 0.03 ON 28-28 TO 1/4 MILE OR LESS
LOWEST: 46 ON 3 3 = THUNDER
SNOW, ICE PELLETS, HAIL 4 = ICE PELLETS
TOTAL MONTH: 0.0 INCH 5 = HAIL
GRTST 24HR 0.0 6 = FREEZING RAIN OR DRIZZLE
GRTST DEPTH: 0 7 = DUSTSTORM OR SANDSTORM:
VSBY 1/2 MILE OR LESS
8 = SMOKE OR HAZE
[NO. OF DAYS WITH] [WEATHER - DAYS WITH] 9 = BLOWING SNOW
X = TORNADO
MAX 32 OR BELOW: 0 0.01 INCH OR MORE: 4
MAX 90 OR ABOVE: 9 0.10 INCH OR MORE: 0
MIN 32 OR BELOW: 0 0.50 INCH OR MORE: 0
MIN 0 OR BELOW: 0 1.00 INCH OR MORE: 0
[HDD (BASE 65) ]
TOTAL THIS MO. 20 CLEAR (SCALE 0-3) 15
DPTR FM NORMAL -49 PTCLDY (SCALE 4-7) 13
TOTAL FM JUL 1 812 CLOUDY (SCALE 8-10) 3
DPTR FM NORMAL -101
[CDD (BASE 65) ]
TOTAL THIS MO. 222
DPTR FM NORMAL 49 [PRESSURE DATA]
TOTAL FM JAN 1 344 HIGHEST SLP 30.38 ON 19
DPTR FM NORMAL 86 LOWEST SLP 29.46 ON 24
[REMARKS]
#FINAL-03-21#