000
CXUS54 KLZK 011130
CF6LRF
PRELIMINARY LOCAL CLIMATOLOGICAL DATA (WS FORM: F-6)
STATION: Jacksonville/Little Rock AFB
MONTH: MARCH
YEAR: 2020
LATITUDE: 34 55 N
LONGITUDE: 92 9 W
TEMPERATURE IN F: :PCPN: SNOW: WIND :SUNSHINE: SKY :PK WND
================================================================================
1 2 3 4 5 6A 6B 7 8 9 10 11 12 13 14 15 16 17 18
12Z AVG MX 2MIN
DY MAX MIN AVG DEP HDD CDD WTR SNW DPTH SPD SPD DIR MIN PSBL S-S WX SPD DR
================================================================================
1 68 46 57 8 8 0 T 0.0 0 10.5 18 180 M M 9 27 180
2 74 60 67 17 0 2 0.00 0.0 0 10.1 17 200 M M 10 24 200
3 68 46 57 7 8 0 0.04 0.0 0 3.7 13 300 M M 7 13 M M
4 63 47 55 5 10 0 T 0.0 0 2.9 8 20 M M 9 M M
5 71 44 58 8 7 0 0.00 0.0 0 5.7 13 350 M M 4 22 350
6 64 35 50 -1 15 0 0.00 0.0 0 7.1 16 350 M M 0 23 350
7 62 27 45 -6 20 0 0.00 0.0 0 3.0 9 110 M M 0 M M
8 69 29 49 -2 16 0 0.00 0.0 0 5.1 13 200 M M 1 20 210
9 64 55 60 9 5 0 0.34 0.0 0 7.9 15 210 M M 9 1 21 210
10 66 45 56 4 9 0 0.07 0.0 0 5.0 13 220 M M 5 1 21 290
11 70 42 56 4 9 0 0.40 0.0 0 3.5 10 40 M M 7 13 M M
12 76 52 64 12 1 0 T 0.0 0 9.8 23 200 M M 9 1 33 230
13 68 42 55 2 10 0 0.10 0.0 0 12.8 21 60 M M 9 3 29 60
14 49 42 46 -7 19 0 1.23 0.0 0 6.9 10 80 M M 7 13 M M
15 49 39 44 -9 21 0 0.67 0.0 0 9.9 13 50 M M 10 3 21 40
16 48 38 43 -10 22 0 0.27 0.0 0 4.0 9 80 M M 10 1 M M
17 57 45 51 -3 14 0 0.01 0.0 0 0.7 6 60 M M 10 1 M M
18 73 48 61 7 4 0 0.73 0.0 0 4.2 10 220 M M 10 1 17 220
19 76 61 69 15 0 4 0.07 0.0 0 7.2 14 190 M M 9 3 24 190
20 70 45 58 3 7 0 T 0.0 0 8.7 14 260 M M 6 20 300
21 55 41 48 -7 17 0 0.00 0.0 0 7.3 10 80 M M 6 M M
22 48 44 46 -9 19 0 0.26 0.0 0 5.5 12 60 M M 10 1 M M
23 63 45 54 -1 11 0 0.01 0.0 0 4.4 9 40 M M 8 1 M M
24 78 49 64 8 1 0 0.19 0.0 0 6.3 15 230 M M 8 13 M M
25 65 48 57 1 8 0 0.00 0.0 0 6.0 8 110 M M 5 M M
26 89 45 67 11 0 2 0.00 0.0 0 6.3 16 220 M M 2 1 M M
27 79 65 72 15 0 7 0.00 0.0 0 8.4 15 220 M M 3 23 210
28 77 52 65 8 0 0 0.25 0.0 0 9.1 13 190 M M 6 13 20 210
29 73 48 61 4 4 0 0.00 0.0 0 6.0 14 260 M M 0 M M
30 59 51 55 -2 10 0 1.67 M 0 3.1 14 80 M M 10 1 M M
31 67 47 57 -1 8 0 0.37 M 0 5.4 12 80 M M 5 1 21 40
================================================================================
SM 2058 1423 283 15 6.68 0.0 196.5 M 204
================================================================================
AV 66.4 45.9 6.3 FASTST M M 7 MAX(MPH)
MISC ----> # 23 200 # 33 230
================================================================================
NOTES:
# LAST OF SEVERAL OCCURRENCES
COLUMN 17 PEAK WIND IN M.P.H.
PRELIMINARY LOCAL CLIMATOLOGICAL DATA (WS FORM: F-6) , PAGE 2
STATION: Jacksonville/Little Rock AFB
MONTH: MARCH
YEAR: 2020
LATITUDE: 34 55 N
LONGITUDE: 92 9 W
[TEMPERATURE DATA] [PRECIPITATION DATA] SYMBOLS USED IN COLUMN 16
AVERAGE MONTHLY: 56.2 TOTAL FOR MONTH: 6.68 1 = FOG OR MIST
DPTR FM NORMAL: 2.7 DPTR FM NORMAL: M 2 = FOG REDUCING VISIBILITY
HIGHEST: 89 ON 26 GRTST 24HR 1.67 ON 30-30 TO 1/4 MILE OR LESS
LOWEST: 27 ON 7 3 = THUNDER
SNOW, ICE PELLETS, HAIL 4 = ICE PELLETS
TOTAL MONTH: 0.0 INCH 5 = HAIL
GRTST 24HR 0.0 6 = FREEZING RAIN OR DRIZZLE
GRTST DEPTH: 0 7 = DUSTSTORM OR SANDSTORM:
VSBY 1/2 MILE OR LESS
8 = SMOKE OR HAZE
[NO. OF DAYS WITH] [WEATHER - DAYS WITH] 9 = BLOWING SNOW
X = TORNADO
MAX 32 OR BELOW: 0 0.01 INCH OR MORE: 17
MAX 90 OR ABOVE: 0 0.10 INCH OR MORE: 12
MIN 32 OR BELOW: 2 0.50 INCH OR MORE: 4
MIN 0 OR BELOW: 0 1.00 INCH OR MORE: 2
[HDD (BASE 65) ]
TOTAL THIS MO. 283 CLEAR (SCALE 0-3) 5
DPTR FM NORMAL -89 PTCLDY (SCALE 4-7) 12
TOTAL FM JUL 1 2880 CLOUDY (SCALE 8-10) 14
DPTR FM NORMAL -101
[CDD (BASE 65) ]
TOTAL THIS MO. 15
DPTR FM NORMAL 0 [PRESSURE DATA]
TOTAL FM JAN 1 15 HIGHEST SLP M ON M
DPTR FM NORMAL -1 LOWEST SLP M ON M
[REMARKS]
#FINAL-03-20#