000
CXUS53 KARX 041457
CF6LSE
PRELIMINARY LOCAL CLIMATOLOGICAL DATA (WS FORM: F-6)
STATION: LA CROSSE WI
MONTH: DECEMBER
YEAR: 2021
LATITUDE: 43 52 N
LONGITUDE: 91 15 W
TEMPERATURE IN F: :PCPN: SNOW: WIND :SUNSHINE: SKY :PK WND
================================================================================
1 2 3 4 5 6A 6B 7 8 9 10 11 12 13 14 15 16 17 18
12Z AVG MX 2MIN
DY MAX MIN AVG DEP HDD CDD WTR SNW DPTH SPD SPD DIR MIN PSBL S-S WX SPD DR
================================================================================
1 54 33 44 14 21 0 0.16 0.0 0 8.5 16 180 M M 4 16 21 170
2 53 40 47 17 18 0 T 0.0 0 9.3 23 310 M M 2 36 300
3 45 28 37 7 28 0 0.04 0.0 0 3.1 8 350 M M 7 12 11 180
4 37 30 34 5 31 0 0.00 0.0 0 7.4 17 320 M M 8 1 21 320
5 38 33 36 7 29 0 T T 0 10.9 32 270 M M 10 18 44 270
6 33 7 20 -8 45 0 T T 0 17.4 33 300 M M 4 47 310
7 22 8 15 -13 50 0 0.02 0.4 0 6.4 12 140 M M 8 8 15 140
8 29 7 18 -10 47 0 T T T 5.2 14 150 M M 5 20 150
9 38 24 31 4 34 0 T T 0 7.1 17 140 M M 5 8 24 150
10 35 26 31 4 34 0 0.34 2.3 0 8.1 18 40 M M 9 1 28 70
11 36 24 30 4 35 0 0.13 3.0 5 13.7 25 320 M M 4 1 35 330
12 41 25 33 7 32 0 0.00 0.0 5 9.9 24 210 M M 0 30 220
13 44 22 33 7 32 0 0.00 0.0 4 3.6 15 220 M M 0 18 200
14 46 21 34 8 31 0 0.00 0.0 4 6.6 17 150 M M 2 1 23 140
15 69 41 55 30 10 0 0.25 0.0 3 11.1 39 240 M M 9 1238 63 230
16 55 23 39 14 26 0 T T 0 19.3 46 220 M M 6 8 68 220
17 28 19 24 0 41 0 0.00 0.0 0 5.9 13 280 M M 2 17 290
18 28 21 25 1 40 0 T T 0 8.6 16 320 M M 8 19 310
19 29 20 25 1 40 0 0.00 0.0 0 12.2 25 170 M M 7 36 170
20 37 15 26 2 39 0 0.00 0.0 0 10.0 20 320 M M 0 26 190
21 28 15 22 -1 43 0 T T 0 11.5 24 300 M M 5 8 31 170
22 25 9 17 -6 48 0 0.00 0.0 0 6.9 18 310 M M 2 23 300
23 41 24 33 10 32 0 0.00 0.0 0 6.2 13 140 M M 2 16 140
24 44 26 35 13 30 0 0.00 0.0 0 4.3 12 140 M M 7 12 15 150
25 38 19 29 7 36 0 0.00 0.0 0 6.9 16 320 M M 4 12 20 310
26 36 14 25 3 40 0 0.28 3.0 0 6.8 23 90 M M 4 1 41 110
27 37 16 27 5 38 0 0.03 T 3 10.4 22 300 M M 6 16 33 300
28 26 14 20 -2 45 0 0.44 5.3 1 4.8 15 300 M M 8 12 20 300
29 25 -5 10 -11 55 0 0.00 0.0 6 5.1 18 260 M M 4 1 24 260
30 29 10 20 -1 45 0 0.03 1.0 7 3.7 12 190 M M 10 18 15 170
31 31 13 22 1 43 0 0.00 0.0 7 7.9 21 340 M M 9 18 25 340
================================================================================
SM 1157 622 1118 0 1.72 15.0 258.8 M 161
================================================================================
AV 37.3 20.1 8.3 FASTST M M 5 MAX(MPH)
MISC ----> 46 220 68 220
================================================================================
NOTES:
# LAST OF SEVERAL OCCURRENCES
COLUMN 17 PEAK WIND IN M.P.H.
PRELIMINARY LOCAL CLIMATOLOGICAL DATA (WS FORM: F-6) , PAGE 2
STATION: LA CROSSE WI
MONTH: DECEMBER
YEAR: 2021
LATITUDE: 43 52 N
LONGITUDE: 91 15 W
[TEMPERATURE DATA] [PRECIPITATION DATA] SYMBOLS USED IN COLUMN 16
AVERAGE MONTHLY: 28.7 TOTAL FOR MONTH: 1.72 1 = FOG OR MIST
DPTR FM NORMAL: 3.6 DPTR FM NORMAL: 0.23 2 = FOG REDUCING VISIBILITY
HIGHEST: 69 ON 15 GRTST 24HR 0.47 ON 10-11 TO 1/4 MILE OR LESS
LOWEST: -5 ON 29 3 = THUNDER
SNOW, ICE PELLETS, HAIL 4 = ICE PELLETS
TOTAL MONTH: 15.0 INCHES 5 = HAIL
GRTST 24HR 5.3 ON 28-28 6 = FREEZING RAIN OR DRIZZLE
GRTST DEPTH: 7 ON 31,30 7 = DUSTSTORM OR SANDSTORM:
VSBY 1/2 MILE OR LESS
8 = SMOKE OR HAZE
[NO. OF DAYS WITH] [WEATHER - DAYS WITH] 9 = BLOWING SNOW
X = TORNADO
MAX 32 OR BELOW: 11 0.01 INCH OR MORE: 10
MAX 90 OR ABOVE: 0 0.10 INCH OR MORE: 6
MIN 32 OR BELOW: 27 0.50 INCH OR MORE: 0
MIN 0 OR BELOW: 1 1.00 INCH OR MORE: 0
[HDD (BASE 65) ]
TOTAL THIS MO. 1118 CLEAR (SCALE 0-3) 8
DPTR FM NORMAL -119 PTCLDY (SCALE 4-7) 17
TOTAL FM JUL 1 2192 CLOUDY (SCALE 8-10) 6
DPTR FM NORMAL -402
[CDD (BASE 65) ]
TOTAL THIS MO. 0
DPTR FM NORMAL 0 [PRESSURE DATA]
TOTAL FM JAN 1 1227 HIGHEST SLP 30.39 ON 19
DPTR FM NORMAL 285 LOWEST SLP 29.12 ON 15
[REMARKS]
#FINAL-12-21#