000
CXUS53 KARX 010900
CF6LSE
PRELIMINARY LOCAL CLIMATOLOGICAL DATA (WS FORM: F-6)
STATION: LA CROSSE WI
MONTH: AUGUST
YEAR: 2021
LATITUDE: 43 52 N
LONGITUDE: 91 15 W
TEMPERATURE IN F: :PCPN: SNOW: WIND :SUNSHINE: SKY :PK WND
================================================================================
1 2 3 4 5 6A 6B 7 8 9 10 11 12 13 14 15 16 17 18
12Z AVG MX 2MIN
DY MAX MIN AVG DEP HDD CDD WTR SNW DPTH SPD SPD DIR MIN PSBL S-S WX SPD DR
================================================================================
1 81 59 70 -4 0 5 0.00 0.0 0 6.8 15 340 M M 3 18 22 360
2 82 56 69 -5 0 4 0.00 0.0 0 3.2 9 290 M M 2 1 12 280
3 85 62 74 0 0 9 0.00 0.0 0 4.3 8 220 M M 0 8 11 250
4 86 63 75 1 0 10 0.00 0.0 0 5.8 9 150 M M 1 18 14 180
5 76 68 72 -2 0 7 0.17 0.0 0 10.4 18 170 M M 4 1 27 150
6 86 68 77 3 0 12 0.00 0.0 0 4.8 14 180 M M 5 18 17 180
7 74 69 72 -2 0 7 5.59 0.0 0 6.9 26 90 M M 6 123 39 100
8 83 71 77 3 0 12 1.77 0.0 0 5.6 29 240 M M 6 138 40 250
9 87 68 78 4 0 13 0.06 0.0 0 4.2 10 150 M M 4 1 14 140
10 91 70 81 7 0 16 T 0.0 0 7.6 21 170 M M 5 18 26 160
11 91 68 80 6 0 15 0.27 0.0 0 10.3 28 220 M M 4 138 37 210
12 87 64 76 2 0 11 0.00 0.0 0 8.1 21 310 M M 2 27 320
13 82 58 70 -3 0 5 0.00 0.0 0 6.7 17 310 M M 0 23 290
14 85 55 70 -3 0 5 0.00 0.0 0 5.5 13 210 M M 1 12 16 230
15 83 60 72 -1 0 7 0.00 0.0 0 6.9 15 180 M M 0 21 190
16 83 59 71 -2 0 6 0.00 0.0 0 7.3 16 210 M M 0 24 200
17 87 61 74 1 0 9 0.00 0.0 0 7.3 16 190 M M 0 19 190
18 90 65 78 5 0 13 0.00 0.0 0 6.7 16 210 M M 0 24 190
19 91 65 78 5 0 13 0.00 0.0 0 5.1 10 220 M M 1 12 19 210
20 92 66 79 7 0 14 0.00 0.0 0 10.5 22 150 M M 1 8 29 170
21 84 60 72 0 0 7 0.01 0.0 0 8.4 21 200 M M 4 30 190
22 81 53 67 -5 0 2 T 0.0 0 4.8 15 340 M M 1 1 18 340
23 90 66 78 6 0 13 0.52 0.0 0 6.4 22 190 M M 5 138 27 190
24 81 69 75 3 0 10 0.44 0.0 0 7.1 28 120 M M 5 13 37 110
25 90 67 79 7 0 14 0.00 0.0 0 5.3 15 340 M M 2 19 340
26 83 65 74 3 0 9 0.36 0.0 0 3.8 24 250 M M 2 3 31 260
27 76 68 72 1 0 7 2.52 0.0 0 7.7 28 310 M M 5 138 38 310
28 83 70 77 6 0 12 0.05 0.0 0 8.2 17 170 M M 2 3 25 160
29 84 67 76 5 0 11 0.02 0.0 0 8.2 24 260 M M 3 41 250
30 86 61 74 4 0 9 0.00 0.0 0 4.6 10 300 M M 0 1 13 300
31 83 61 72 2 0 7 0.00 0.0 0 3.5 13 70 M M 3 12 18 50
================================================================================
SM 2623 1982 0 294 11.78 0.0 202.0 M 77
================================================================================
AV 84.6 63.9 6.5 FASTST M M 2 MAX(MPH)
MISC ----> 29 240 41 250
================================================================================
NOTES:
# LAST OF SEVERAL OCCURRENCES
COLUMN 17 PEAK WIND IN M.P.H.
PRELIMINARY LOCAL CLIMATOLOGICAL DATA (WS FORM: F-6) , PAGE 2
STATION: LA CROSSE WI
MONTH: AUGUST
YEAR: 2021
LATITUDE: 43 52 N
LONGITUDE: 91 15 W
[TEMPERATURE DATA] [PRECIPITATION DATA] SYMBOLS USED IN COLUMN 16
AVERAGE MONTHLY: 74.3 TOTAL FOR MONTH: 11.78 1 = FOG OR MIST
DPTR FM NORMAL: 1.5 DPTR FM NORMAL: 7.88 2 = FOG REDUCING VISIBILITY
HIGHEST: 92 ON 20 GRTST 24HR 5.74 ON 7- 8 TO 1/4 MILE OR LESS
LOWEST: 53 ON 22 3 = THUNDER
SNOW, ICE PELLETS, HAIL 4 = ICE PELLETS
TOTAL MONTH: 0.0 INCH 5 = HAIL
GRTST 24HR 0.0 6 = FREEZING RAIN OR DRIZZLE
GRTST DEPTH: 0 7 = DUSTSTORM OR SANDSTORM:
VSBY 1/2 MILE OR LESS
8 = SMOKE OR HAZE
[NO. OF DAYS WITH] [WEATHER - DAYS WITH] 9 = BLOWING SNOW
X = TORNADO
MAX 32 OR BELOW: 0 0.01 INCH OR MORE: 12
MAX 90 OR ABOVE: 7 0.10 INCH OR MORE: 8
MIN 32 OR BELOW: 0 0.50 INCH OR MORE: 4
MIN 0 OR BELOW: 0 1.00 INCH OR MORE: 3
[HDD (BASE 65) ]
TOTAL THIS MO. 0 CLEAR (SCALE 0-3) 20
DPTR FM NORMAL -8 PTCLDY (SCALE 4-7) 11
TOTAL FM JUL 1 0 CLOUDY (SCALE 8-10) 0
DPTR FM NORMAL -5
[CDD (BASE 65) ]
TOTAL THIS MO. 294
DPTR FM NORMAL 46 [PRESSURE DATA]
TOTAL FM JAN 1 1082 HIGHEST SLP 30.27 ON 14
DPTR FM NORMAL 251 LOWEST SLP 29.58 ON 11
[REMARKS]
#FINAL-08-21#