417
CXUS56 KMTR 020218
CF6LVK
PRELIMINARY LOCAL CLIMATOLOGICAL DATA (WS FORM: F-6)
STATION: LIVERMORE AIRPORT
MONTH: MAY
YEAR: 2020
LATITUDE: 37 42 N
LONGITUDE: 121 49 W
TEMPERATURE IN F: :PCPN: SNOW: WIND :SUNSHINE: SKY :PK WND
================================================================================
1 2 3 4 5 6A 6B 7 8 9 10 11 12 13 14 15 16 17 18
12Z AVG MX 2MIN
DY MAX MIN AVG DEP HDD CDD WTR SNW DPTH SPD SPD DIR MIN PSBL S-S WX SPD DR
================================================================================
1 77 47 62 2 3 0 0.00 M M 9.1 24 270 M M 0 30 270
2 72 55 64 4 1 0 T M M 9.9 20 280 M M 6 25 270
3 72 47 60 0 5 0 0.00 M M 5.9 18 260 M M 1 22 290
4 84 41 63 3 2 0 0.00 M M 4.6 16 270 M M 0 20 280
5 80 46 63 2 2 0 0.00 M M 7.9 18 270 M M 0 22 270
6 85 48 67 6 0 2 0.00 0.0 M 4.5 16 60 M M 0 22 60
7 91 46 69 8 0 4 0.00 M M 4.7 16 70 M M 0 20 80
8 96 52 74 13 0 9 0.00 M M 4.2 15 270 M M 0 18 280
9 86 53 70 9 0 5 0.00 M M 6.9 18 290 M M 0 23 290
10 76 53 65 3 0 0 0.00 M M 10.9 23 280 M M 2 26 270
11 78 49 64 2 1 0 T M M 9.2 22 260 M M 4 28 220
12 67 53 60 -2 5 0 T M M 9.8 23 270 M M 6 8 27 270
13 70 49 60 -2 5 0 0.02 M M 7.7 20 250 M M 5 8 24 250
14 72 51 62 0 3 0 0.00 M M 7.5 18 260 M M 5 22 270
15 74 53 64 2 1 0 0.00 M M 8.1 18 270 M M 3 1 21 280
16 76 53 65 3 0 0 0.00 M M 8.9 21 280 M M 1 25 280
17 77 59 68 5 0 3 0.03 0.0 M 10.7 23 230 M M 8 1 29 200
18 69 51 60 -3 5 0 0.09 0.0 M 11.1 23 260 M M 4 1 29 270
19 69 51 60 -3 5 0 0.00 M M 10.6 22 260 M M 5 25 280
20 74 53 64 1 1 0 0.00 M M 8.1 17 270 M M 4 21 280
21 83 50 67 4 0 2 0.00 M M 6.0 23 270 M M 0 27 270
22 77 52 65 2 0 0 0.00 M M 6.8 16 270 M M 0 20 310
23 83 47 65 2 0 0 0.00 M M 5.4 22 260 M M 0 26 280
24 92 49 71 7 0 6 0.00 0.0 M 4.9 17 280 M M 0 8 21 280
25 98 57 78 14 0 13 0.00 0.0 M 4.9 17 270 M M 0 21 240
26 102 62 82 18 0 17 0.00 M M 4.5 17 260 M M 0 21 270
27 100 65 83 19 0 18 0.00 M M 6.0 17 280 M M 0 21 280
28 93 58 76 12 0 11 0.00 M M 7.7 21 290 M M 0 25 290
29 83 57 70 6 0 5 0.00 M M 12.5 24 240 M M 1 29 240
30 73 58 66 2 0 1 0.12 M M 8.0 15 280 M M 7 13 22 200
31 73 55 64 0 1 0 0.00 M M 7.7 15 290 M M 5 19 290
================================================================================
SM 2502 1620 40 96 0.26 0.0 234.7 M 67
================================================================================
AV 80.7 52.3 7.6 FASTST M M 2 MAX(MPH)
MISC ----> # 24 270 30 270
================================================================================
NOTES:
# LAST OF SEVERAL OCCURRENCES
COLUMN 17 PEAK WIND IN M.P.H.
PRELIMINARY LOCAL CLIMATOLOGICAL DATA (WS FORM: F-6) , PAGE 2
STATION: LIVERMORE AIRPORT
MONTH: MAY
YEAR: 2020
LATITUDE: 37 42 N
LONGITUDE: 121 49 W
[TEMPERATURE DATA] [PRECIPITATION DATA] SYMBOLS USED IN COLUMN 16
AVERAGE MONTHLY: 66.5 TOTAL FOR MONTH: 0.26 1 = FOG OR MIST
DPTR FM NORMAL: 4.2 DPTR FM NORMAL: -0.36 2 = FOG REDUCING VISIBILITY
HIGHEST: 102 ON 26 GRTST 24HR 0.12 ON 17-18 TO 1/4 MILE OR LESS
LOWEST: 41 ON 4 3 = THUNDER
SNOW, ICE PELLETS, HAIL 4 = ICE PELLETS
TOTAL MONTH: 0.0 INCH 5 = HAIL
GRTST 24HR 0.0 6 = FREEZING RAIN OR DRIZZLE
GRTST DEPTH: M ON M 7 = DUSTSTORM OR SANDSTORM:
VSBY 1/2 MILE OR LESS
8 = SMOKE OR HAZE
[NO. OF DAYS WITH] [WEATHER - DAYS WITH] 9 = BLOWING SNOW
X = TORNADO
MAX 32 OR BELOW: 0 0.01 INCH OR MORE: 4
MAX 90 OR ABOVE: 7 0.10 INCH OR MORE: 1
MIN 32 OR BELOW: 0 0.50 INCH OR MORE: 0
MIN 0 OR BELOW: 0 1.00 INCH OR MORE: 0
[HDD (BASE 65) ]
TOTAL THIS MO. 40 CLEAR (SCALE 0-3) 20
DPTR FM NORMAL -86 PTCLDY (SCALE 4-7) 11
TOTAL FM JUL 1 2292 CLOUDY (SCALE 8-10) 0
DPTR FM NORMAL -457
[CDD (BASE 65) ]
TOTAL THIS MO. 96
DPTR FM NORMAL 52 [PRESSURE DATA]
TOTAL FM JAN 1 116 HIGHEST SLP 30.20 ON 6
DPTR FM NORMAL 63 LOWEST SLP 29.78 ON 29
[REMARKS]
#FINAL-05-20#