000
CXUS55 KBYZ 011100
CF6LVM
PRELIMINARY LOCAL CLIMATOLOGICAL DATA (WS FORM: F-6)
STATION: LIVINGSTON MT
MONTH: JANUARY
YEAR: 2023
LATITUDE: 45 41 N
LONGITUDE: 110 26 W
TEMPERATURE IN F: :PCPN: SNOW: WIND :SUNSHINE: SKY :PK WND
================================================================================
1 2 3 4 5 6A 6B 7 8 9 10 11 12 13 14 15 16 17 18
12Z AVG MX 2MIN
DY MAX MIN AVG DEP HDD CDD WTR SNW DPTH SPD SPD DIR MIN PSBL S-S WX SPD DR
================================================================================
1 36 17 27 0 38 0 0.00 M M 5.9 13 320 M M 4 15 270
2 31 9 20 -7 45 0 0.00 M M 3.9 12 280 M M 5 13 280
3 36 16 26 -1 39 0 0.00 M M 14.6 35 240 M M 3 44 250
4 37 26 32 4 33 0 0.00 M M 22.6 33 220 M M 3 44 220
5 44 15 30 2 35 0 0.00 M M 8.3 26 230 M M 4 36 260
6 42 27 35 7 30 0 0.03 M M 10.2 23 260 M M 8 16 27 250
7 46 25 36 8 29 0 0.00 M M 21.3 33 210 M M 0 45 210
8 47 29 38 10 27 0 0.00 M M 24.4 39 210 M M 1 48 220
9 47 35 41 13 24 0 0.00 M M 19.9 35 220 M M 5 42 220
10 46 18 32 4 33 0 0.00 M M 8.3 23 270 M M 1 31 280
11 41 17 29 1 36 0 T M M 7.5 24 240 M M 5 33 240
12 48 23 36 8 29 0 0.00 M M 24.5 43 220 M M 2 59 210
13 52 33 43 15 22 0 0.00 M M 20.0 45 210 M M 0 57 210
14 51 39 45 17 20 0 0.00 M M 21.6 40 220 M M 5 49 220
15 41 21 31 3 34 0 0.01 M M 5.8 17 270 M M 4 12 20 220
16 41 21 31 3 34 0 T M M 9.1 17 240 M M 8 12 21 260
17 38 14 26 -2 39 0 0.00 M M 12.6 18 250 M M 5 23 290
18 36 22 29 1 36 0 0.00 M M 21.0 44 220 M M 4 53 220
19 36 18 27 -1 38 0 T M M 15.0 45 220 M M 6 60 220
20 33 18 26 -2 39 0 T M M 13.8 30 260 M M 3 35 270
21 36 21 29 1 36 0 0.00 M M 20.9 36 230 M M 3 42 220
22 32 24 28 0 37 0 T M M 20.6 31 230 M M 7 8 38 240
23 38 19 29 1 36 0 T M M 18.2 33 260 M M 5 41 260
24 34 20 27 -1 38 0 T M M 16.3 30 220 M M 6 35 220
25 33 25 29 1 36 0 T M M 17.0 24 250 M M 10 30 250
26 44 31 38 10 27 0 T M M 25.0 41 230 M M 9 51 230
27 37 25 31 3 34 0 0.31 M M 21.0 43 220 M M 9 12 54 220
28 25 -9 8 -20 57 0 0.02 M M 18.9 29 100 M M 10 18 36 90
29 -3 -25 -14 -42 79 0 0.00 M M 10.3 21 320 M M 2 18 24 320
30 11 -20 -4 -32 69 0 0.00 M M 18.4 45 240 M M 2 9 58 240
31 22 9 16 -12 49 0 T M M 40.6 55 220 M M 8 9 73 220
================================================================================
SM 1138 563 1158 0 0.37 M 517.5 M 147
================================================================================
AV 36.7 18.2 16.7 FASTST M M 5 MAX(MPH)
MISC ----> 55 220 73 220
================================================================================
NOTES:
# LAST OF SEVERAL OCCURRENCES
COLUMN 17 PEAK WIND IN M.P.H.
PRELIMINARY LOCAL CLIMATOLOGICAL DATA (WS FORM: F-6) , PAGE 2
STATION: LIVINGSTON MT
MONTH: JANUARY
YEAR: 2023
LATITUDE: 45 41 N
LONGITUDE: 110 26 W
[TEMPERATURE DATA] [PRECIPITATION DATA] SYMBOLS USED IN COLUMN 16
AVERAGE MONTHLY: 27.4 TOTAL FOR MONTH: 0.37 1 = FOG OR MIST
DPTR FM NORMAL: -0.7 DPTR FM NORMAL: -0.07 2 = FOG REDUCING VISIBILITY
HIGHEST: 52 ON 13 GRTST 24HR 0.31 ON 27-27 TO 1/4 MILE OR LESS
LOWEST: -25 ON 29 3 = THUNDER
SNOW, ICE PELLETS, HAIL 4 = ICE PELLETS
TOTAL MONTH: M 5 = HAIL
GRTST 24HR M ON M 6 = FREEZING RAIN OR DRIZZLE
GRTST DEPTH: M ON M 7 = DUSTSTORM OR SANDSTORM:
VSBY 1/2 MILE OR LESS
8 = SMOKE OR HAZE
[NO. OF DAYS WITH] [WEATHER - DAYS WITH] 9 = BLOWING SNOW
X = TORNADO
MAX 32 OR BELOW: 6 0.01 INCH OR MORE: 4
MAX 90 OR ABOVE: 0 0.10 INCH OR MORE: 1
MIN 32 OR BELOW: 28 0.50 INCH OR MORE: 0
MIN 0 OR BELOW: 3 1.00 INCH OR MORE: 0
[HDD (BASE 65) ]
TOTAL THIS MO. 1158 CLEAR (SCALE 0-3) 9
DPTR FM NORMAL 14 PTCLDY (SCALE 4-7) 16
TOTAL FM JUL 1 4187 CLOUDY (SCALE 8-10) 6
DPTR FM NORMAL 25
[CDD (BASE 65) ]
TOTAL THIS MO. 0
DPTR FM NORMAL 0 [PRESSURE DATA]
TOTAL FM JAN 1 0 HIGHEST SLP 30.67 ON 29
DPTR FM NORMAL 0 LOWEST SLP 29.42 ON 15
[REMARKS]
#FINAL-01-23#