000
CXUS55 KBYZ 310219
CF6LVM
PRELIMINARY LOCAL CLIMATOLOGICAL DATA (WS FORM: F-6)
STATION: LIVINGSTON MT
MONTH: FEBRUARY
YEAR: 2022
LATITUDE: 45 41 N
LONGITUDE: 110 26 W
TEMPERATURE IN F: :PCPN: SNOW: WIND :SUNSHINE: SKY :PK WND
================================================================================
1 2 3 4 5 6A 6B 7 8 9 10 11 12 13 14 15 16 17 18
12Z AVG MX 2MIN
DY MAX MIN AVG DEP HDD CDD WTR SNW DPTH SPD SPD DIR MIN PSBL S-S WX SPD DR
================================================================================
1 24 1 13 -15 52 0 0.02 M M 12.5 26 100 M M 9 18 32 320
2 13 -11 1 -27 64 0 T M M 9.6 33 250 M M 3 8 40 250
3 32 13 23 -5 42 0 0.00 M M 25.9 40 230 M M 7 53 230
4 41 26 34 6 31 0 0.00 M M 30.9 58 210 M M 4 70 210
5 43 28 36 8 29 0 T M M 21.7 47 260 M M 8 60 210
6 46 27 37 9 28 0 0.00 M M 22.2 36 250 M M 2 43 230
7 51 32 42 14 23 0 0.00 M M 36.6 54 210 M M 1 70 210
8 50 31 41 13 24 0 0.00 M M 24.9 36 260 M M 2 44 260
9 52 37 45 17 20 0 0.00 M M 26.4 36 240 M M 9 44 230
10 54 34 44 16 21 0 0.00 M M 27.6 48 230 M M 3 66 230
11 34 20 27 -1 38 0 0.03 M M 12.0 33 330 M M 8 1 39 330
12 49 16 33 5 32 0 0.00 M M 19.7 33 250 M M 0 41 250
13 56 35 46 18 19 0 0.00 M M 25.1 39 210 M M 0 49 220
14 57 28 43 15 22 0 0.00 M M 24.2 44 200 M M 1 61 210
15 48 22 35 7 30 0 0.05 M M 10.7 26 230 M M 9 1 33 220
16 32 7 20 -9 45 0 0.01 M M 13.4 29 90 M M 8 12 36 70
17 42 15 29 0 36 0 0.00 M M 28.0 46 250 M M 8 60 210
18 50 37 44 15 21 0 0.00 M M 23.3 38 230 M M 9 46 220
19 54 37 46 17 19 0 0.00 M M 40.3 60 220 M M 2 73 210
20 45 7 26 -3 39 0 0.18 M M 15.9 33 230 M M 9 12 40 220
21 7 -7 0 -30 65 0 T M M 19.6 26 70 M M 7 18 32 70
22 -5 -22 -13 -43 78 0 T M M 15.7 24 70 M M 7 8 29 70
23 -1 -27 -14 -44 79 0 0.00 M M 5.4 18 310 M M 2 8 20 310
24 18 -10 4 -26 61 0 0.00 M M 13.0 24 250 M M 7 27 250
25 23 -1 11 -19 54 0 T M M 21.5 44 210 M M 1 89 55 210
26 35 15 25 -6 40 0 0.00 M M 32.2 43 220 M M 0 89 58 220
27 45 27 36 5 29 0 0.00 M M 33.6 55 200 M M 1 67 190
28 54 36 45 14 20 0 T M M 40.9 53 210 M M 6 67 210
================================================================================
SM 1049 453 1061 0 0.29 M 632.8 M 133
================================================================================
AV 37.5 16.2 22.6 FASTST M M 5 MAX(MPH)
MISC ----> 60 220 73 210
================================================================================
NOTES:
# LAST OF SEVERAL OCCURRENCES
COLUMN 17 PEAK WIND IN M.P.H.
PRELIMINARY LOCAL CLIMATOLOGICAL DATA (WS FORM: F-6) , PAGE 2
STATION: LIVINGSTON MT
MONTH: FEBRUARY
YEAR: 2022
LATITUDE: 45 41 N
LONGITUDE: 110 26 W
[TEMPERATURE DATA] [PRECIPITATION DATA] SYMBOLS USED IN COLUMN 16
AVERAGE MONTHLY: 26.8 TOTAL FOR MONTH: 0.29 1 = FOG OR MIST
DPTR FM NORMAL: -2.1 DPTR FM NORMAL: -0.18 2 = FOG REDUCING VISIBILITY
HIGHEST: 57 ON 14 GRTST 24HR 0.18 ON 20-20 TO 1/4 MILE OR LESS
LOWEST: -27 ON 23 3 = THUNDER
SNOW, ICE PELLETS, HAIL 4 = ICE PELLETS
TOTAL MONTH: M 5 = HAIL
GRTST 24HR M ON M 6 = FREEZING RAIN OR DRIZZLE
GRTST DEPTH: M ON M 7 = DUSTSTORM OR SANDSTORM:
VSBY 1/2 MILE OR LESS
8 = SMOKE OR HAZE
[NO. OF DAYS WITH] [WEATHER - DAYS WITH] 9 = BLOWING SNOW
X = TORNADO
MAX 32 OR BELOW: 9 0.01 INCH OR MORE: 5
MAX 90 OR ABOVE: 0 0.10 INCH OR MORE: 1
MIN 32 OR BELOW: 22 0.50 INCH OR MORE: 0
MIN 0 OR BELOW: 6 1.00 INCH OR MORE: 0
[HDD (BASE 65) ]
TOTAL THIS MO. 1061 CLEAR (SCALE 0-3) 11
DPTR FM NORMAL 50 PTCLDY (SCALE 4-7) 9
TOTAL FM JUL 1 4680 CLOUDY (SCALE 8-10) 8
DPTR FM NORMAL -487
[CDD (BASE 65) ]
TOTAL THIS MO. 0
DPTR FM NORMAL 0 [PRESSURE DATA]
TOTAL FM JAN 1 0 HIGHEST SLP 30.71 ON 22
DPTR FM NORMAL 0 LOWEST SLP 29.57 ON 20
[REMARKS]
#FINAL-02-22#