000
CXUS55 KBYZ 011100
CF6LVM
PRELIMINARY LOCAL CLIMATOLOGICAL DATA (WS FORM: F-6)
STATION: LIVINGSTON MT
MONTH: DECEMBER
YEAR: 2021
LATITUDE: 45 41 N
LONGITUDE: 110 26 W
TEMPERATURE IN F: :PCPN: SNOW: WIND :SUNSHINE: SKY :PK WND
================================================================================
1 2 3 4 5 6A 6B 7 8 9 10 11 12 13 14 15 16 17 18
12Z AVG MX 2MIN
DY MAX MIN AVG DEP HDD CDD WTR SNW DPTH SPD SPD DIR MIN PSBL S-S WX SPD DR
================================================================================
1 63 48 56 26 9 0 0.00 M M 41.0 69 210 M M 1 85 210
2 64 47 56 26 9 0 0.00 M M 26.4 51 220 M M 6 63 220
3 52 29 41 11 24 0 0.00 M M 10.2 23 70 M M 6 27 70
4 57 28 43 14 22 0 0.00 M M 22.8 51 210 M M 8 64 210
5 49 6 28 -1 37 0 0.05 M M 13.7 40 260 M M 9 1 51 250
6 39 5 22 -7 43 0 0.03 M M 18.2 45 200 M M 8 128 56 200
7 44 22 33 5 32 0 0.02 M M 20.7 41 210 M M 7 1 56 220
8 47 33 40 12 25 0 0.01 M M 34.6 45 210 M M 3 1 63 210
9 36 20 28 0 37 0 0.00 M M 10.9 25 270 M M 5 32 250
10 32 16 24 -4 41 0 T M M 22.5 49 260 M M 5 62 260
11 40 29 35 7 30 0 0.00 M M 42.0 62 220 M M 1 78 220
12 46 36 41 13 24 0 0.00 M M 37.3 55 200 M M 7 67 190
13 51 34 43 16 22 0 0.00 M M 11.6 36 200 M M 7 46 210
14 52 32 42 15 23 0 0.25 M M 19.6 40 200 M M 2 1 49 200
15 32 14 23 -4 42 0 0.02 M M 15.7 29 220 M M 6 1 36 210
16 31 10 21 -6 44 0 0.00 M M 21.2 37 200 M M 5 8 44 210
17 29 0 15 -12 50 0 T M M 18.2 43 220 M M 4 128 56 240
18 35 19 27 0 38 0 0.00 M M 40.7 64 210 M M 2 89 80 200
19 40 15 28 1 37 0 0.05 M M 38.0 62 200 M M 6 1 87 190
20 44 12 28 1 37 0 0.16 M M 21.9 56 220 M M 9 189 66 210
21 47 36 42 15 23 0 T M M 35.2 53 220 M M 3 64 200
22 44 37 41 14 24 0 0.00 M M 34.3 52 210 M M 5 67 190
23 44 30 37 10 28 0 T M M 31.2 47 220 M M 5 1 61 220
24 30 19 25 -2 40 0 T M M 8.8 20 340 M M 8 1 23 300
25 36 11 24 -3 41 0 T M M 15.3 28 220 M M 6 1 36 210
26 11 -6 3 -24 62 0 0.19 M M 9.0 22 70 M M 9 128 28 70
27 2 -11 -4 -31 69 0 T M M 7.0 21 80 M M 8 18 23 80
28 17 -7 5 -22 60 0 0.00 M M 19.0 32 210 M M 8 8 41 210
29 17 -8 5 -22 60 0 T M M 10.7 32 260 M M 8 8 44 260
30 27 9 18 -9 47 0 T M M 27.0 52 220 M M 9 189 62 210
31 9 -18 -4 -31 69 0 0.01 M M 12.7 23 70 M M 7 18 26 80
================================================================================
SM 1167 547 1149 0 0.79 M 697.4 M 183
================================================================================
AV 37.6 17.6 22.5 FASTST M M 6 MAX(MPH)
MISC ----> 69 210 87 190
================================================================================
NOTES:
# LAST OF SEVERAL OCCURRENCES
COLUMN 17 PEAK WIND IN M.P.H.
PRELIMINARY LOCAL CLIMATOLOGICAL DATA (WS FORM: F-6) , PAGE 2
STATION: LIVINGSTON MT
MONTH: DECEMBER
YEAR: 2021
LATITUDE: 45 41 N
LONGITUDE: 110 26 W
[TEMPERATURE DATA] [PRECIPITATION DATA] SYMBOLS USED IN COLUMN 16
AVERAGE MONTHLY: 27.6 TOTAL FOR MONTH: 0.79 1 = FOG OR MIST
DPTR FM NORMAL: 0.0 DPTR FM NORMAL: 0.29 2 = FOG REDUCING VISIBILITY
HIGHEST: 64 ON 2 GRTST 24HR 0.27 ON 14-15 TO 1/4 MILE OR LESS
LOWEST: -18 ON 31 3 = THUNDER
SNOW, ICE PELLETS, HAIL 4 = ICE PELLETS
TOTAL MONTH: M 5 = HAIL
GRTST 24HR M ON M 6 = FREEZING RAIN OR DRIZZLE
GRTST DEPTH: M ON M 7 = DUSTSTORM OR SANDSTORM:
VSBY 1/2 MILE OR LESS
8 = SMOKE OR HAZE
[NO. OF DAYS WITH] [WEATHER - DAYS WITH] 9 = BLOWING SNOW
X = TORNADO
MAX 32 OR BELOW: 11 0.01 INCH OR MORE: 10
MAX 90 OR ABOVE: 0 0.10 INCH OR MORE: 3
MIN 32 OR BELOW: 24 0.50 INCH OR MORE: 0
MIN 0 OR BELOW: 6 1.00 INCH OR MORE: 0
[HDD (BASE 65) ]
TOTAL THIS MO. 1149 CLEAR (SCALE 0-3) 5
DPTR FM NORMAL -10 PTCLDY (SCALE 4-7) 19
TOTAL FM JUL 1 2585 CLOUDY (SCALE 8-10) 7
DPTR FM NORMAL -425
[CDD (BASE 65) ]
TOTAL THIS MO. 0
DPTR FM NORMAL 0 [PRESSURE DATA]
TOTAL FM JAN 1 521 HIGHEST SLP 30.46 ON 17
DPTR FM NORMAL 243 LOWEST SLP 29.04 ON 23
[REMARKS]
#FINAL-12-21#