000
CXUS56 KOTX 010910
CF6LWS
PRELIMINARY LOCAL CLIMATOLOGICAL DATA (WS FORM: F-6)
STATION: LEWISTON ID AIRPORT
MONTH: JULY
YEAR: 2021
LATITUDE: 46 22 N
LONGITUDE: 117 1 W
TEMPERATURE IN F: :PCPN: SNOW: WIND :SUNSHINE: SKY :PK WND
================================================================================
1 2 3 4 5 6A 6B 7 8 9 10 11 12 13 14 15 16 17 18
12Z AVG MX 2MIN
DY MAX MIN AVG DEP HDD CDD WTR SNW DPTH SPD SPD DIR MIN PSBL S-S WX SPD DR
================================================================================
1 101 79 90 19 0 25 T 0.0 0 7.1 30 350 M M 0 3 41 340
2 100 72 86 14 0 21 0.00 0.0 0 5.2 18 320 M M 0 24 340
3 101 62 82 10 0 17 0.00 0.0 M 4.3 14 330 M M 0 17 330
4 101 66 84 12 0 19 0.00 0.0 0 5.7 18 330 M M 0 23 340
5 100 67 84 11 0 19 0.00 0.0 0 3.8 15 330 M M 0 19 300
6 104 64 84 11 0 19 0.00 0.0 0 3.6 12 350 M M 0 15 360
7 97 71 84 10 0 19 T 0.0 0 8.5 28 290 M M 3 3 37 280
8 96 66 81 7 0 16 0.00 0.0 0 4.6 12 340 M M 2 8 14 330
9 95 65 80 6 0 15 0.00 0.0 0 4.1 10 200 M M 7 8 13 260
10 95 62 79 4 0 14 0.00 0.0 0 3.6 9 190 M M 9 8 11 190
11 98 62 80 5 0 15 0.00 0.0 0 4.7 10 190 M M 5 8 18 330
12 99 64 82 7 0 17 0.00 0.0 0 4.0 10 200 M M 6 8 13 210
13 102 66 84 8 0 19 0.00 0.0 0 4.1 13 330 M M 2 8 18 360
14 103 69 86 10 0 21 0.00 0.0 0 4.4 13 290 M M 1 8 17 330
15 96 68 82 6 0 17 0.00 0.0 M 5.2 18 310 M M 1 8 24 320
16 91 64 78 2 0 13 0.00 0.0 M 4.0 13 320 M M 1 8 17 330
17 91 62 77 0 0 12 0.00 0.0 M 3.5 8 320 M M 4 8 13 30
18 95 64 80 3 0 15 0.00 0.0 M 3.2 9 200 M M 1 8 13 360
19 94 69 82 5 0 17 0.00 0.0 M 3.4 9 260 M M 0 8 12 280
20 90 71 81 4 0 16 0.00 0.0 0 3.3 9 90 M M 1 8 12 90
21 88 64 76 -2 0 11 0.01 0.0 0 6.2 23 310 M M 1 3 35 330
22 85 58 72 -6 0 7 0.00 0.0 M 5.0 13 310 M M 2 8 17 300
23 92 56 74 -4 0 9 0.00 0.0 M 4.9 13 310 M M 0 8 18 290
24 98 60 79 1 0 14 0.00 0.0 M 4.0 13 290 M M 1 8 16 300
25 102 64 83 5 0 18 0.00 0.0 0 4.3 12 280 M M 0 8 14 290
26 98 66 82 4 0 17 0.00 0.0 0 4.4 8 250 M M 0 8 12 300
27 95 70 83 5 0 18 T 0.0 0 5.3 20 300 M M 0 8 26 310
28 98 71 85 7 0 20 0.01 0.0 0 4.9 15 300 M M 1 19 300
29 104 72 88 10 0 23 0.00 0.0 0 3.6 10 210 M M 0 8 12 350
30 109 71 90 12 0 25 0.00 0.0 0 4.0 12 60 M M 0 8 15 30
31 109 75 92 14 0 27 0.00 0.0 M 5.8 33 210 M M 1 38 41 190
================================================================================
SM 3027 2060 0 535 0.02 0.0 142.7 M 49
================================================================================
AV 97.6 66.5 4.6 FASTST M M 2 MAX(MPH)
MISC ----> 33 210 # 41 340
================================================================================
NOTES:
# LAST OF SEVERAL OCCURRENCES
COLUMN 17 PEAK WIND IN M.P.H.
PRELIMINARY LOCAL CLIMATOLOGICAL DATA (WS FORM: F-6) , PAGE 2
STATION: LEWISTON ID AIRPORT
MONTH: JULY
YEAR: 2021
LATITUDE: 46 22 N
LONGITUDE: 117 1 W
[TEMPERATURE DATA] [PRECIPITATION DATA] SYMBOLS USED IN COLUMN 16
AVERAGE MONTHLY: 82.0 TOTAL FOR MONTH: 0.02 1 = FOG OR MIST
DPTR FM NORMAL: 6.2 DPTR FM NORMAL: -0.45 2 = FOG REDUCING VISIBILITY
HIGHEST: 109 ON 31,30 GRTST 24HR 0.01 ON 21-21 TO 1/4 MILE OR LESS
LOWEST: 56 ON 23 3 = THUNDER
SNOW, ICE PELLETS, HAIL 4 = ICE PELLETS
TOTAL MONTH: 0.0 INCH 5 = HAIL
GRTST 24HR 0.0 6 = FREEZING RAIN OR DRIZZLE
GRTST DEPTH: 0 7 = DUSTSTORM OR SANDSTORM:
VSBY 1/2 MILE OR LESS
8 = SMOKE OR HAZE
[NO. OF DAYS WITH] [WEATHER - DAYS WITH] 9 = BLOWING SNOW
X = TORNADO
MAX 32 OR BELOW: 0 0.01 INCH OR MORE: 2
MAX 90 OR ABOVE: 29 0.10 INCH OR MORE: 0
MIN 32 OR BELOW: 0 0.50 INCH OR MORE: 0
MIN 0 OR BELOW: 0 1.00 INCH OR MORE: 0
[HDD (BASE 65) ]
TOTAL THIS MO. 0 CLEAR (SCALE 0-3) 25
DPTR FM NORMAL -5 PTCLDY (SCALE 4-7) 5
TOTAL FM JUL 1 0 CLOUDY (SCALE 8-10) 1
DPTR FM NORMAL -2
[CDD (BASE 65) ]
TOTAL THIS MO. 535
DPTR FM NORMAL 194 [PRESSURE DATA]
TOTAL FM JAN 1 930 HIGHEST SLP M ON M
DPTR FM NORMAL 446 LOWEST SLP 28.21 ON 1
[REMARKS]
#FINAL-07-21#