000
CXUS54 KLZK 062251
CF6LZK
PRELIMINARY LOCAL CLIMATOLOGICAL DATA (WS FORM: F-6)
STATION: NORTH LITTLE ROCK
MONTH: JULY
YEAR: 2020
LATITUDE: 34 50 N
LONGITUDE: 92 16 W
TEMPERATURE IN F: :PCPN: SNOW: WIND :SUNSHINE: SKY :PK WND
================================================================================
1 2 3 4 5 6A 6B 7 8 9 10 11 12 13 14 15 16 17 18
12Z AVG MX 2MIN
DY MAX MIN AVG DEP HDD CDD WTR SNW DPTH SPD SPD DIR MIN PSBL S-S WX SPD DR
================================================================================
1 88 74 81 -1 0 16 0.00 0.0 0 7.0 15 90 M M 0 19 60
2 92 72 82 0 0 17 0.02 0.0 0 4.0 15 150 M M 0 3 22 180
3 93 69 81 -1 0 16 0.00 0.0 0 3.0 16 340 M M 0 23 340
4 85 72 79 -3 0 14 0.01 0.0 0 4.0 16 320 M M 0 13 24 320
5 91 71 81 -1 0 16 T 0.0 0 5.0 19 90 M M 0 3 23 60
6 92 70 81 -1 0 16 0.00 0.0 0 5.0 13 110 M M 0 16 110
7 91 73 82 0 0 17 0.00 0.0 0 5.0 12 130 M M M 16 180
8 88 72 80 -2 0 15 0.00 0.0 0 0.5 5 140 M M M M M
9 90 71 81 -1 0 16 1.64 0.0 0 5.0 22 320 M M M 13 41 340
10 90 70 80 -2 0 15 0.00 0.0 0 4.0 10 340 M M 0 12 340
11 94 75 85 3 0 20 0.00 0.0 0 4.0 11 220 M M 0 17 240
12 91 75 83 1 0 18 0.00 0.0 0 6.0 18 360 M M 0 31 340
13 90 72 81 -1 0 16 T 0.0 0 5.0 15 130 M M 0 18 130
14 93 73 83 1 0 18 0.00 0.0 0 8.0 14 150 M M 0 20 130
15 93 76 85 3 0 20 T 0.0 0 7.0 14 220 M M 0 19 150
16 92 78 85 2 0 20 0.00 0.0 0 5.0 15 90 M M 0 18 90
17 92 77 85 2 0 20 0.00 0.0 0 3.7 10 140 M M 0 M M
18 92 73 83 0 0 18 0.00 0.0 0 3.3 7 220 M M 0 M M
19 94 75 85 2 0 20 0.00 0.0 0 4.0 11 180 M M 0 15 150
20 95 75 85 2 0 20 0.00 0.0 0 5.0 17 130 M M 0 26 150
21 93 74 84 1 0 19 T 0.0 0 5.0 15 220 M M 0 21 220
22 84 74 79 -4 0 14 0.58 0.0 0 4.0 10 130 M M 0 13 130
23 92 73 83 0 0 18 T 0.0 0 6.0 15 90 M M 0 17 110
24 92 74 83 0 0 18 0.00 0.0 0 9.0 16 90 M M 0 20 150
25 91 74 83 0 0 18 0.00 0.0 0 7.0 15 130 M M 0 21 150
26 91 74 83 0 0 18 0.00 0.0 0 5.0 12 130 M M 0 16 180
27 89 72 81 -2 0 16 0.00 0.0 0 3.0 8 200 M M 0 M M
28 93 73 83 0 0 18 0.00 0.0 0 4.0 10 200 M M 0 17 150
29 89 74 82 -1 0 17 0.34 0.0 0 5.0 20 220 M M 0 3 24 220
30 89 75 82 -1 0 17 T 0.0 0 9.0 16 300 M M 0 27 270
31 82 70 76 -7 0 11 0.07 0.0 0 4.8 9 220 M M 0 M M
================================================================================
SM 2811 2270 0 532 2.66 0.0 155.3 M 0
================================================================================
AV 90.7 73.2 5.0 FASTST M M 0 MAX(MPH)
MISC ----> 22 320 41 340
================================================================================
NOTES:
# LAST OF SEVERAL OCCURRENCES
COLUMN 17 PEAK WIND IN M.P.H.
PRELIMINARY LOCAL CLIMATOLOGICAL DATA (WS FORM: F-6) , PAGE 2
STATION: NORTH LITTLE ROCK
MONTH: JULY
YEAR: 2020
LATITUDE: 34 50 N
LONGITUDE: 92 16 W
[TEMPERATURE DATA] [PRECIPITATION DATA] SYMBOLS USED IN COLUMN 16
AVERAGE MONTHLY: 82.0 TOTAL FOR MONTH: 2.66 1 = FOG OR MIST
DPTR FM NORMAL: -0.4 DPTR FM NORMAL: -1.15 2 = FOG REDUCING VISIBILITY
HIGHEST: 95 ON 20 GRTST 24HR 1.64 ON 9- 9 TO 1/4 MILE OR LESS
LOWEST: 69 ON 3 3 = THUNDER
SNOW, ICE PELLETS, HAIL 4 = ICE PELLETS
TOTAL MONTH: 0.0 INCH 5 = HAIL
GRTST 24HR 0.0 6 = FREEZING RAIN OR DRIZZLE
GRTST DEPTH: 0 7 = DUSTSTORM OR SANDSTORM:
VSBY 1/2 MILE OR LESS
8 = SMOKE OR HAZE
[NO. OF DAYS WITH] [WEATHER - DAYS WITH] 9 = BLOWING SNOW
X = TORNADO
MAX 32 OR BELOW: 0 0.01 INCH OR MORE: 6
MAX 90 OR ABOVE: 23 0.10 INCH OR MORE: 3
MIN 32 OR BELOW: 0 0.50 INCH OR MORE: 2
MIN 0 OR BELOW: 0 1.00 INCH OR MORE: 1
[HDD (BASE 65) ]
TOTAL THIS MO. 0 CLEAR (SCALE 0-3) 28
DPTR FM NORMAL 0 PTCLDY (SCALE 4-7) 0
TOTAL FM JUL 1 0 CLOUDY (SCALE 8-10) 3
DPTR FM NORMAL 0
[CDD (BASE 65) ]
TOTAL THIS MO. 532
DPTR FM NORMAL -9 [PRESSURE DATA]
TOTAL FM JAN 1 1094 HIGHEST SLP M ON M
DPTR FM NORMAL -156 LOWEST SLP 29.88 ON 30
[REMARKS]
#FINAL-07-20#