000
CXUS54 KLZK 011330
CF6LZK
PRELIMINARY LOCAL CLIMATOLOGICAL DATA (WS FORM: F-6)
STATION: NORTH LITTLE ROCK
MONTH: NOVEMBER
YEAR: 2023
LATITUDE: 34 50 N
LONGITUDE: 92 16 W
TEMPERATURE IN F: :PCPN: SNOW: WIND :SUNSHINE: SKY :PK WND
================================================================================
1 2 3 4 5 6A 6B 7 8 9 10 11 12 13 14 15 16 17 18
12Z AVG MX 2MIN
DY MAX MIN AVG DEP HDD CDD WTR SNW DPTH SPD SPD DIR MIN PSBL S-S WX SPD DR
================================================================================
1 51 29 40 -17 25 0 0.00 0.0 0 M M M M M M M M
2 59 36 48 -8 17 0 0.00 0.0 0 M M M M M M M M
3 67 37 52 -4 13 0 0.00 0.0 0 M M M M M M M M
4 74 48 61 6 4 0 0.00 0.0 0 M M M M M M M M
5 76 52 64 9 1 0 0.00 0.0 0 M M M M M M M M
6 78 56 67 12 0 2 0.00 0.0 0 M M M M M M M M
7 79 60 70 16 0 5 0.00 0.0 0 M M M M M M M M
8 76 66 71 17 0 6 0.00 0.0 0 M M M M M M M M
9 69 44 57 3 8 0 0.79 0.0 0 M M M M M M M M
10 62 43 53 0 12 0 0.16 0.0 0 M M M M M M M M
11 63 45 54 1 11 0 0.00 0.0 0 M M M M M M M M
12 65 42 54 2 11 0 0.00 0.0 0 M M M M M M M M
13 67 46 57 5 8 0 0.00 0.0 0 M M M M M M M M
14 66 51 59 7 6 0 0.00 0.0 0 M M M M M M M M
15 65 47 56 5 9 0 0.00 0.0 0 M M M M M M M M
16 65 56 61 10 4 0 0.00 0.0 0 M M M M M M M M
17 65 56 61 10 4 0 T 0.0 0 M M M M M M M M
18 65 46 56 6 9 0 0.00 0.0 0 M M M M M M M M
19 64 41 53 3 12 0 0.02 0.0 0 M M M M M M M M
20 53 48 51 1 14 0 0.32 0.0 0 M M M M M M 123 M M
21 51 47 49 0 16 0 0.01 0.0 0 M M M M M M 12 M M
22 53 40 47 -2 18 0 0.00 0.0 0 M M M M M M M M
23 59 35 47 -2 18 0 0.00 0.0 0 M M M M M M M M
24 57 38 48 0 17 0 0.00 0.0 0 M M M M M M M M
25 53 35 44 -4 21 0 0.00 0.0 0 M M M M M M M M
26 46 34 40 -8 25 0 0.15 0.0 0 M M M M M M M M
27 49 30 40 -8 25 0 0.00 0.0 0 M M M M M M M M
28 54 34 44 -3 21 0 0.00 0.0 0 M M M M M M M M
29 63 37 50 3 15 0 0.00 0.0 0 M M M M M M M M
30 47 43 45 -2 20 0 1.93 0.0 0 M M M M M M 13 M M
================================================================================
SM 1861 1322 364 13 3.38 0.0 M M M
================================================================================
AV 62.0 44.1 M FASTST M M M MAX(MPH)
MISC ----> M M M M
================================================================================
NOTES:
# LAST OF SEVERAL OCCURRENCES
COLUMN 17 PEAK WIND IN M.P.H.
PRELIMINARY LOCAL CLIMATOLOGICAL DATA (WS FORM: F-6) , PAGE 2
STATION: NORTH LITTLE ROCK
MONTH: NOVEMBER
YEAR: 2023
LATITUDE: 34 50 N
LONGITUDE: 92 16 W
[TEMPERATURE DATA] [PRECIPITATION DATA] SYMBOLS USED IN COLUMN 16
AVERAGE MONTHLY: 53.1 TOTAL FOR MONTH: 3.38 1 = FOG OR MIST
DPTR FM NORMAL: 1.8 DPTR FM NORMAL: -1.31 2 = FOG REDUCING VISIBILITY
HIGHEST: 79 ON 7 GRTST 24HR 1.93 ON 30-30 TO 1/4 MILE OR LESS
LOWEST: 29 ON 1 3 = THUNDER
SNOW, ICE PELLETS, HAIL 4 = ICE PELLETS
TOTAL MONTH: 0.0 INCH 5 = HAIL
GRTST 24HR 0.0 6 = FREEZING RAIN OR DRIZZLE
GRTST DEPTH: 0 7 = DUSTSTORM OR SANDSTORM:
VSBY 1/2 MILE OR LESS
8 = SMOKE OR HAZE
[NO. OF DAYS WITH] [WEATHER - DAYS WITH] 9 = BLOWING SNOW
X = TORNADO
MAX 32 OR BELOW: 0 0.01 INCH OR MORE: 7
MAX 90 OR ABOVE: 0 0.10 INCH OR MORE: 5
MIN 32 OR BELOW: 2 0.50 INCH OR MORE: 2
MIN 0 OR BELOW: 0 1.00 INCH OR MORE: 1
[HDD (BASE 65) ]
TOTAL THIS MO. 364 CLEAR (SCALE 0-3) 0
DPTR FM NORMAL -53 PTCLDY (SCALE 4-7) 0
TOTAL FM JUL 1 473 CLOUDY (SCALE 8-10) 30
DPTR FM NORMAL -99
[CDD (BASE 65) ]
TOTAL THIS MO. 13
DPTR FM NORMAL 5 [PRESSURE DATA]
TOTAL FM JAN 1 2347 HIGHEST SLP M ON M
DPTR FM NORMAL 339 LOWEST SLP M ON M
[REMARKS]
#FINAL-11-23#