000
CXUS54 KLZK 011130
CF6M19
PRELIMINARY LOCAL CLIMATOLOGICAL DATA (WS FORM: F-6)
STATION: NEWPORT AIRPORT
MONTH: MARCH
YEAR: 2022
LATITUDE: 35 35 N
LONGITUDE: 91 16 W
TEMPERATURE IN F: :PCPN: SNOW: WIND :SUNSHINE: SKY :PK WND
================================================================================
1 2 3 4 5 6A 6B 7 8 9 10 11 12 13 14 15 16 17 18
12Z AVG MX 2MIN
DY MAX MIN AVG DEP HDD CDD WTR SNW DPTH SPD SPD DIR MIN PSBL S-S WX SPD DR
================================================================================
1 70 34 52 6 13 0 0.00 M M 9.8 18 190 M M 0 M M
2 75 38 57 11 8 0 0.00 M M 8.5 15 200 M M 0 8 M M
3 75 43 59 13 6 0 0.00 M M 6.3 10 40 M M 0 8 M M
4 72 39 56 9 9 0 0.00 M M 7.4 12 140 M M 0 8 M M
5 71 51 61 14 4 0 0.00 M M 12.7 24 200 M M 8 8 31 200
6 76 65 71 23 0 6 0.01 M M 15.5 22 180 M M 8 1 38 200
7 73 35 54 6 11 0 0.36 M M 16.2 27 310 M M 7 13 37 200
8 43 31 37 -11 28 0 0.11 M M 10.0 18 50 M M 6 16 24 50
9 53 33 43 -5 22 0 0.01 M M 6.8 15 40 M M 2 1 M M
10 58 32 45 -4 20 0 T M M 6.7 10 90 M M 0 18 M M
11 45 28 37 -12 28 0 0.02 M M 14.3 24 350 M M 5 12 32 360
12 39 21 30 -20 35 0 0.00 M M 12.6 22 340 M M 0 31 340
13 59 30 45 -5 20 0 0.00 M M 16.4 24 190 M M 0 31 210
14 58 35 47 -3 18 0 T M M 10.7 17 170 M M 6 M M
15 62 47 55 5 10 0 T M M 7.1 10 30 M M 6 M M
16 72 43 58 7 7 0 0.00 M M 6.6 9 160 M M 1 M M
17 75 45 60 9 5 0 0.18 M M 9.7 17 170 M M 1 12 25 180
18 66 47 57 6 8 0 0.31 M M 15.9 31 250 M M 9 40 250
19 67 45 56 4 9 0 0.00 M M 12.4 20 320 M M 3 31 300
20 75 41 58 6 7 0 0.00 M M 6.1 12 50 M M 0 M M
21 73 47 60 8 5 0 0.11 M M 11.4 23 170 M M 3 29 170
22 64 51 58 5 7 0 1.52 M M 11.0 26 250 M M 10 13 45 270
23 51 37 44 -9 21 0 T M M 14.0 20 260 M M 8 28 260
24 52 34 43 -10 22 0 0.00 M M 7.9 16 230 M M 6 21 230
25 66 39 53 -1 12 0 0.00 M M 11.1 18 320 M M 4 20 290
26 63 42 53 -1 12 0 0.00 M M 9.4 17 260 M M 1 M M
27 54 37 46 -8 19 0 0.00 M M 9.3 18 60 M M 1 M M
28 62 36 49 -6 16 0 0.00 M M 10.3 17 80 M M 1 M M
29 76 45 61 6 4 0 0.00 M M 14.1 28 190 M M 4 35 190
30 72 45 59 4 6 0 1.32 M M 20.0 33 160 M M 8 138 46 170
31 52 40 46 -10 19 0 0.01 M M 11.7 18 290 M M 7 27 290
================================================================================
SM 1969 1236 411 6 3.96 M 341.7 M 115
================================================================================
AV 63.5 39.9 11.0 FASTST M M 4 MAX(MPH)
MISC ----> 33 160 46 170
================================================================================
NOTES:
# LAST OF SEVERAL OCCURRENCES
COLUMN 17 PEAK WIND IN M.P.H.
PRELIMINARY LOCAL CLIMATOLOGICAL DATA (WS FORM: F-6) , PAGE 2
STATION: NEWPORT AIRPORT
MONTH: MARCH
YEAR: 2022
LATITUDE: 35 35 N
LONGITUDE: 91 16 W
[TEMPERATURE DATA] [PRECIPITATION DATA] SYMBOLS USED IN COLUMN 16
AVERAGE MONTHLY: 51.7 TOTAL FOR MONTH: 3.96 1 = FOG OR MIST
DPTR FM NORMAL: 1.0 DPTR FM NORMAL: -0.60 2 = FOG REDUCING VISIBILITY
HIGHEST: 76 ON 6,29 GRTST 24HR 1.52 ON 22-22 TO 1/4 MILE OR LESS
LOWEST: 21 ON 12 3 = THUNDER
SNOW, ICE PELLETS, HAIL 4 = ICE PELLETS
TOTAL MONTH: M 5 = HAIL
GRTST 24HR M ON M 6 = FREEZING RAIN OR DRIZZLE
GRTST DEPTH: M ON M 7 = DUSTSTORM OR SANDSTORM:
VSBY 1/2 MILE OR LESS
8 = SMOKE OR HAZE
[NO. OF DAYS WITH] [WEATHER - DAYS WITH] 9 = BLOWING SNOW
X = TORNADO
MAX 32 OR BELOW: 0 0.01 INCH OR MORE: 11
MAX 90 OR ABOVE: 0 0.10 INCH OR MORE: 7
MIN 32 OR BELOW: 5 0.50 INCH OR MORE: 2
MIN 0 OR BELOW: 0 1.00 INCH OR MORE: 2
[HDD (BASE 65) ]
TOTAL THIS MO. 411 CLEAR (SCALE 0-3) 15
DPTR FM NORMAL -38 PTCLDY (SCALE 4-7) 13
TOTAL FM JUL 1 2990 CLOUDY (SCALE 8-10) 3
DPTR FM NORMAL -413
[CDD (BASE 65) ]
TOTAL THIS MO. 6
DPTR FM NORMAL -1 [PRESSURE DATA]
TOTAL FM JAN 1 6 HIGHEST SLP M ON M
DPTR FM NORMAL -1 LOWEST SLP M ON M
[REMARKS]
#FINAL-03-22#