000
CXUS56 KHNX 061535
CF6MAE
PRELIMINARY LOCAL CLIMATOLOGICAL DATA (WS FORM: F-6)
STATION: MADERA CA AIRPORT
MONTH: FEBRUARY
YEAR: 2024
LATITUDE: 36 58 N
LONGITUDE: 120 7 W
TEMPERATURE IN F: :PCPN: SNOW: WIND :SUNSHINE: SKY :PK WND
================================================================================
1 2 3 4 5 6A 6B 7 8 9 10 11 12 13 14 15 16 17 18
12Z AVG MX 2MIN
DY MAX MIN AVG DEP HDD CDD WTR SNW DPTH SPD SPD DIR MIN PSBL S-S WX SPD DR
================================================================================
1 61 47 54 5 11 0 0.36 0.0 0 5.0 23 130 M M 9 1 30 140
2 60 42 51 1 14 0 0.05 0.0 0 4.6 18 280 M M 6 1 23 280
3 57 43 50 0 15 0 0.07 0.0 0 3.5 14 110 M M 3 19 120
4 61 49 55 5 10 0 0.49 0.0 0 16.3 30 140 M M 8 44 140
5 66 51 59 9 6 0 0.01 0.0 0 10.4 20 160 M M 5 27 150
6 58 45 52 2 13 0 0.09 0.0 0 5.3 14 320 M M 9 1 18 300
7 57 43 50 0 15 0 0.53 0.0 0 6.7 17 140 M M 8 1 23 140
8 53 37 45 -5 20 0 T 0.0 0 1.1 7 80 M M 8 18 10 90
9 57 31 44 -7 21 0 0.00 0.0 0 5.4 14 310 M M 1 1 18 320
10 55 34 45 -6 20 0 0.00 0.0 0 4.0 12 150 M M 3 128 17 150
11 61 34 48 -3 17 0 0.00 0.0 0 1.9 7 140 M M 0 1 10 130
12 63 34 49 -2 16 0 0.00 0.0 0 2.1 9 330 M M 0 1 11 330
13 63 36 50 -1 15 0 0.00 0.0 0 1.7 8 260 M M 0 18 9 340
14 65 39 52 0 13 0 0.03 0.0 0 6.4 16 110 M M 3 18 22 110
15 64 46 55 3 10 0 0.18 0.0 0 3.7 14 110 M M 4 1 19 290
16 63 44 54 2 11 0 0.00 0.0 0 2.4 8 70 M M 0 18 10 60
17 60 49 55 3 10 0 0.07 0.0 0 8.3 23 110 M M 5 1 31 110
18 71 47 59 7 6 0 0.16 0.0 0 11.9 20 130 M M 5 1 28 140
19 69 52 61 9 4 0 0.44 0.0 0 14.2 24 140 M M 6 1 32 140
20 67 47 57 4 8 0 0.23 0.0 0 7.1 26 180 M M 8 1 39 180
21 65 45 55 2 10 0 0.00 0.0 0 4.6 13 340 M M 4 12 17 310
22 66 38 52 -1 13 0 0.00 0.0 0 2.5 8 320 M M 1 12 12 310
23 65 39 52 -1 13 0 0.00 0.0 0 2.7 13 250 M M 0 1 14 270
24 72 40 56 3 9 0 0.00 0.0 0 2.0 9 270 M M 0 18 11 270
25 73 42 58 4 7 0 0.00 0.0 0 3.2 9 320 M M 0 18 11 190
26 66 44 55 1 10 0 0.00 0.0 0 3.7 8 290 M M 4 1 11 290
27 64 44 54 0 11 0 0.00 0.0 0 6.9 15 320 M M 1 1 20 320
28 70 39 55 1 10 0 0.00 0.0 0 1.4 7 150 M M 0 12 170
29 68 43 56 2 9 0 0.00 0.0 0 5.8 15 130 M M 1 1 20 130
================================================================================
SM 1840 1224 347 0 2.71 0.0 154.8 M 102
================================================================================
AV 63.4 42.2 5.3 FASTST M M 4 MAX(MPH)
MISC ----> 30 140 44 140
================================================================================
NOTES:
# LAST OF SEVERAL OCCURRENCES
COLUMN 17 PEAK WIND IN M.P.H.
PRELIMINARY LOCAL CLIMATOLOGICAL DATA (WS FORM: F-6) , PAGE 2
STATION: MADERA CA AIRPORT
MONTH: FEBRUARY
YEAR: 2024
LATITUDE: 36 58 N
LONGITUDE: 120 7 W
[TEMPERATURE DATA] [PRECIPITATION DATA] SYMBOLS USED IN COLUMN 16
AVERAGE MONTHLY: 52.8 TOTAL FOR MONTH: 2.71 1 = FOG OR MIST
DPTR FM NORMAL: 1.1 DPTR FM NORMAL: 0.72 2 = FOG REDUCING VISIBILITY
HIGHEST: 73 ON 25 GRTST 24HR 0.59 ON 18-19 TO 1/4 MILE OR LESS
LOWEST: 31 ON 9 3 = THUNDER
SNOW, ICE PELLETS, HAIL 4 = ICE PELLETS
TOTAL MONTH: 0.0 INCH 5 = HAIL
GRTST 24HR 0.0 6 = FREEZING RAIN OR DRIZZLE
GRTST DEPTH: 0 7 = DUSTSTORM OR SANDSTORM:
VSBY 1/2 MILE OR LESS
8 = SMOKE OR HAZE
[NO. OF DAYS WITH] [WEATHER - DAYS WITH] 9 = BLOWING SNOW
X = TORNADO
MAX 32 OR BELOW: 0 0.01 INCH OR MORE: 13
MAX 90 OR ABOVE: 0 0.10 INCH OR MORE: 7
MIN 32 OR BELOW: 1 0.50 INCH OR MORE: 1
MIN 0 OR BELOW: 0 1.00 INCH OR MORE: 0
[HDD (BASE 65) ]
TOTAL THIS MO. 347 CLEAR (SCALE 0-3) 14
DPTR FM NORMAL -25 PTCLDY (SCALE 4-7) 12
TOTAL FM JUL 1 1530 CLOUDY (SCALE 8-10) 3
DPTR FM NORMAL -366
[CDD (BASE 65) ]
TOTAL THIS MO. 0
DPTR FM NORMAL 0 [PRESSURE DATA]
TOTAL FM JAN 1 0 HIGHEST SLP 30.30 ON 22
DPTR FM NORMAL 0 LOWEST SLP 29.59 ON 4
[REMARKS]
#FINAL-02-24#