000
CXUS53 KABR 011503
CLAMBG
CLIMATE REPORT
NATIONAL WEATHER SERVICE ABERDEEN SD
903 AM CST SAT JAN 01 2022
...................................
...THE MOBRIDGE SD CLIMATE SUMMARY FOR THE YEAR OF 2021...
CLIMATE NORMAL PERIOD 1991 TO 2020
CLIMATE RECORD PERIOD 1911 TO 2021
WEATHER OBSERVED NORMAL DEPART LAST YEAR`S
VALUE DATE(S) VALUE FROM VALUE DATE(S)
NORMAL
................................................................
TEMPERATURE (F)
RECORD
HIGH 116 07/15/2006
07/16/1936
LOW -44 02/19/1929
HIGHEST 104 07/03 MM MM 98 08/22
08/23
08/25
LOWEST -30 02/14 MM MM -19 01/16
AVG. MAXIMUM 62.1 58.2 3.9 59.9
AVG. MINIMUM 36.3 34.6 1.7 34.9
MEAN 49.2 46.4 2.8 47.4
DAYS MAX >= 90 55 28.9 26.1 41
DAYS MAX <= 32 42 64.9 -22.9 48
DAYS MIN <= 32 165 170.8 -5.8 184
DAYS MIN <= 0 20 29.0 -9.0 17
PRECIPITATION (INCHES)
RECORD
MAXIMUM 29.53 2019
MINIMUM 6.15 1934
TOTALS 15.91 17.99 -2.08 13.32
DAILY AVG. 0.04 0.05 -0.01 0.04
DAYS >= .01 84 91.2 -7.2 83
DAYS >= .10 33 38.1 -5.1 30
DAYS >= .50 10 9.8 0.2 7
DAYS >= 1.00 3 2.7 0.3 1
SNOWFALL (INCHES)
RECORDS
TOTAL 104.1 2019
TOTALS 7.8 31.0 -23.2 31.2
LIQUID EQUIV 0.80 3.10 -2.30 3.10
SINCE 7/1 4.9 11.0 -6.1 MM
LIQUID 7/1 0.49 1.10 -0.61 MM
DAYS >= TRACE 57 23.0 34.0 54
DAYS >= 1.0 4 10.5 -6.5 11
DEGREE DAYS
HEATING TOTAL 6709 7549 -840 7277
SINCE 7/1 2537 2961 -424 MM
COOLING TOTAL 1133 812 321 940
SINCE 1/1 1133 812 321 940
................................................................
WIND (MPH)
AVERAGE WIND SPEED 10.3
HIGHEST WIND SPEED/DIRECTION 46/330 DATE 01/14
HIGHEST GUST SPEED/DIRECTION 68/320 DATE 01/14
- INDICATES NEGATIVE NUMBERS.
R INDICATES RECORD WAS SET OR TIED.
MM INDICATES DATA IS MISSING.
T INDICATES TRACE AMOUNT.
$$