000
CXUS56 KHNX 020705
CF6MCE
PRELIMINARY LOCAL CLIMATOLOGICAL DATA (WS FORM: F-6)
STATION: MERCED CA AIRPORT
MONTH: JULY
YEAR: 2021
LATITUDE: 37 16 N
LONGITUDE: 120 36 W
TEMPERATURE IN F: :PCPN: SNOW: WIND :SUNSHINE: SKY :PK WND
================================================================================
1 2 3 4 5 6A 6B 7 8 9 10 11 12 13 14 15 16 17 18
12Z AVG MX 2MIN
DY MAX MIN AVG DEP HDD CDD WTR SNW DPTH SPD SPD DIR MIN PSBL S-S WX SPD DR
================================================================================
1 97 66 82 4 0 17 0.00 0.0 0 7.6 13 340 M M 0 16 340
2 98 66 82 4 0 17 0.00 0.0 0 7.5 14 350 M M 0 17 320
3 98 66 82 4 0 17 0.00 0.0 0 7.3 13 340 M M 0 16 320
4 97 64 81 3 0 16 0.00 0.0 0 7.1 13 340 M M 0 17 320
5 97 63 80 2 0 15 0.00 0.0 0 8.0 14 350 M M 0 16 350
6 95 62 79 1 0 14 0.00 0.0 0 9.2 16 330 M M 0 20 320
7 97 61 79 0 0 14 0.00 0.0 0 7.7 13 330 M M 0 17 320
8 104 64 84 5 0 19 0.00 0.0 0 5.5 14 350 M M 0 18 350
9 108 74 91 12 0 26 0.00 0.0 0 7.1 15 340 M M 0 19 340
10 111 73 92 13 0 27 0.00 0.0 0 7.9 16 300 M M 0 M M
11 110 75 93 14 0 28 0.00 0.0 0 7.8 16 340 M M 0 21 350
12 102 67 85 6 0 20 0.00 0.0 0 7.6 14 330 M M 0 18 330
13 98 65 82 3 0 17 0.00 0.0 0 6.6 13 340 M M 0 15 310
14 97 60 79 0 0 14 0.00 0.0 0 7.1 12 330 M M 0 14 320
15 95 62 79 0 0 14 0.00 0.0 0 6.8 13 350 M M 0 15 300
16 95 60 78 -1 0 13 0.00 0.0 0 6.3 13 340 M M 0 16 340
17 100 59 80 1 0 15 0.00 0.0 0 4.9 12 330 M M 0 15 320
18 102 66 84 5 0 19 0.00 0.0 0 5.0 12 340 M M 0 14 340
19 104 72 88 9 0 23 0.00 0.0 0 5.0 12 260 M M 0 16 270
20 101 68 85 5 0 20 0.00 0.0 0 6.9 16 340 M M 0 19 350
21 99 62 81 1 0 16 0.00 0.0 0 7.0 13 330 M M 0 16 330
22 100 63 82 3 0 17 0.00 0.0 0 6.9 15 330 M M 0 18 340
23 101 63 82 3 0 17 0.00 0.0 0 4.7 10 330 M M 0 12 350
24 101 64 83 4 0 18 0.00 0.0 0 6.8 13 350 M M 0 8 16 340
25 100 68 84 5 0 19 0.00 0.0 0 7.9 16 330 M M 0 21 340
26 97 69 83 4 0 18 0.00 0.0 0 6.0 12 350 M M 0 15 310
27 100 69 85 6 0 20 0.00 0.0 0 8.7 16 330 M M 1 20 330
28 100 69 85 6 0 20 0.00 0.0 0 7.5 14 330 M M 0 8 18 360
29 104 70 87 8 0 22 0.00 0.0 0 7.3 14 350 M M 0 18 320
30 106 71 89 10 0 24 0.00 0.0 0 7.6 15 330 M M 0 19 340
31 102 69 86 7 0 21 0.00 0.0 0 6.3 13 340 M M 0 17 330
================================================================================
SM 3116 2050 0 577 0.00 0.0 215.6 M 1
================================================================================
AV100.5 66.1 7.0 FASTST M M 0 MAX(MPH)
MISC ----> 16 300 # 21 350
================================================================================
NOTES:
# LAST OF SEVERAL OCCURRENCES
COLUMN 17 PEAK WIND IN M.P.H.
PRELIMINARY LOCAL CLIMATOLOGICAL DATA (WS FORM: F-6) , PAGE 2
STATION: MERCED CA AIRPORT
MONTH: JULY
YEAR: 2021
LATITUDE: 37 16 N
LONGITUDE: 120 36 W
[TEMPERATURE DATA] [PRECIPITATION DATA] SYMBOLS USED IN COLUMN 16
AVERAGE MONTHLY: 83.3 TOTAL FOR MONTH: 0.00 1 = FOG OR MIST
DPTR FM NORMAL: 4.3 DPTR FM NORMAL: 0.00 2 = FOG REDUCING VISIBILITY
HIGHEST: 111 ON 10 GRTST 24HR 0.00 ON 1- 1 TO 1/4 MILE OR LESS
LOWEST: 59 ON 17 3 = THUNDER
SNOW, ICE PELLETS, HAIL 4 = ICE PELLETS
TOTAL MONTH: 0.0 INCH 5 = HAIL
GRTST 24HR 0.0 6 = FREEZING RAIN OR DRIZZLE
GRTST DEPTH: 0 7 = DUSTSTORM OR SANDSTORM:
VSBY 1/2 MILE OR LESS
8 = SMOKE OR HAZE
[NO. OF DAYS WITH] [WEATHER - DAYS WITH] 9 = BLOWING SNOW
X = TORNADO
MAX 32 OR BELOW: 0 0.01 INCH OR MORE: 0
MAX 90 OR ABOVE: 31 0.10 INCH OR MORE: 0
MIN 32 OR BELOW: 0 0.50 INCH OR MORE: 0
MIN 0 OR BELOW: 0 1.00 INCH OR MORE: 0
[HDD (BASE 65) ]
TOTAL THIS MO. 0 CLEAR (SCALE 0-3) 31
DPTR FM NORMAL 0 PTCLDY (SCALE 4-7) 0
TOTAL FM JUL 1 0 CLOUDY (SCALE 8-10) 0
DPTR FM NORMAL 0
[CDD (BASE 65) ]
TOTAL THIS MO. 577
DPTR FM NORMAL 143 [PRESSURE DATA]
TOTAL FM JAN 1 1144 HIGHEST SLP 29.98 ON 28
DPTR FM NORMAL 286 LOWEST SLP 29.71 ON 11
[REMARKS]
#FINAL-07-21#