000
CXUS56 KHNX 042208
CF6MCE
PRELIMINARY LOCAL CLIMATOLOGICAL DATA (WS FORM: F-6)
STATION: MERCED CA AIRPORT
MONTH: DECEMBER
YEAR: 2023
LATITUDE: 37 16 N
LONGITUDE: 120 36 W
TEMPERATURE IN F: :PCPN: SNOW: WIND :SUNSHINE: SKY :PK WND
================================================================================
1 2 3 4 5 6A 6B 7 8 9 10 11 12 13 14 15 16 17 18
12Z AVG MX 2MIN
DY MAX MIN AVG DEP HDD CDD WTR SNW DPTH SPD SPD DIR MIN PSBL S-S WX SPD DR
================================================================================
1 63 40 52 4 13 0 0.00 0.0 0 5.2 17 340 M M 0 23 310
2 64 36 50 2 15 0 0.00 0.0 0 2.9 10 140 M M 3 8 13 150
3 60 38 49 1 16 0 0.00 0.0 0 2.6 9 120 M M 0 11 130
4 65 45 55 7 10 0 0.00 0.0 0 1.2 7 250 M M 2 18 9 320
5 68 39 54 7 11 0 0.00 0.0 0 2.3 7 150 M M 0 18 9 150
6 68 37 53 6 12 0 0.01 0.0 0 5.8 16 310 M M 2 18 21 300
7 64 41 53 6 12 0 0.00 0.0 0 6.7 14 360 M M 1 1 19 360
8 59 38 49 2 16 0 0.00 0.0 0 8.5 22 330 M M 2 1 29 320
9 60 31 46 0 19 0 0.00 0.0 0 0.8 6 120 M M 0 8 9 120
10 62 32 47 1 18 0 0.00 0.0 0 1.5 9 320 M M 0 18 11 330
11 62 30 46 0 19 0 0.00 0.0 0 1.6 7 310 M M 0 18 11 320
12 62 32 47 1 18 0 0.00 0.0 0 1.7 8 320 M M 0 1 11 310
13 64 30 47 1 18 0 0.00 0.0 0 1.5 6 220 M M 0 18 9 220
14 66 32 49 3 16 0 T 0.0 0 2.5 7 310 M M 0 18 9 300
15 65 32 49 3 16 0 0.00 0.0 0 1.2 6 300 M M 1 18 7 300
16 68 32 50 4 15 0 0.00 0.0 0 1.8 7 230 M M 0 18 9 30
17 65 39 52 6 13 0 0.00 0.0 0 3.2 17 60 M M 2 8 23 30
18 65 49 57 12 8 0 0.16 0.0 0 7.7 20 130 M M 9 18 26 250
19 67 57 62 17 3 0 0.34 0.0 0 11.4 21 130 M M 9 1 27 140
20 63 55 59 14 6 0 0.82 0.0 0 8.0 16 260 M M 7 1 23 270
21 60 48 54 9 11 0 0.00 0.0 0 3.7 12 330 M M 3 12 15 90
22 63 46 55 10 10 0 0.00 0.0 0 4.9 13 340 M M 5 12 18 330
23 62 43 53 8 12 0 0.00 0.0 0 3.3 12 330 M M 4 128 14 340
24 61 37 49 4 16 0 0.00 0.0 0 2.4 7 270 M M 0 18 10 300
25 60 42 51 6 14 0 0.00 0.0 0 0.9 6 220 M M 4 128 8 210
26 60 41 51 6 14 0 T 0.0 0 1.6 8 130 M M 2 128 10 130
27 61 41 51 6 14 0 0.06 0.0 0 4.6 7 120 M M 0 128 M M
28 67 46 57 12 8 0 T 0.0 0 4.5 13 140 M M 0 18 15 140
29 68 47 58 13 7 0 0.01 0.0 0 6.5 16 270 M M 1 26 300
30 62 48 55 10 10 0 0.60 0.0 0 2.6 20 80 M M 7 1 23 70
31 58 48 53 8 12 0 0.00 0.0 0 4.2 8 120 M M 5 1 11 130
================================================================================
SM 1962 1252 402 0 2.00 0.0 117.3 M 69
================================================================================
AV 63.3 40.4 3.8 FASTST M M 2 MAX(MPH)
MISC ----> 22 330 29 320
================================================================================
NOTES:
# LAST OF SEVERAL OCCURRENCES
COLUMN 17 PEAK WIND IN M.P.H.
PRELIMINARY LOCAL CLIMATOLOGICAL DATA (WS FORM: F-6) , PAGE 2
STATION: MERCED CA AIRPORT
MONTH: DECEMBER
YEAR: 2023
LATITUDE: 37 16 N
LONGITUDE: 120 36 W
[TEMPERATURE DATA] [PRECIPITATION DATA] SYMBOLS USED IN COLUMN 16
AVERAGE MONTHLY: 51.8 TOTAL FOR MONTH: 2.00 1 = FOG OR MIST
DPTR FM NORMAL: 5.8 DPTR FM NORMAL: 0.09 2 = FOG REDUCING VISIBILITY
HIGHEST: 68 ON 29,16 GRTST 24HR 0.83 ON 19-20 TO 1/4 MILE OR LESS
LOWEST: 30 ON 13,11 3 = THUNDER
SNOW, ICE PELLETS, HAIL 4 = ICE PELLETS
TOTAL MONTH: 0.0 INCH 5 = HAIL
GRTST 24HR 0.0 6 = FREEZING RAIN OR DRIZZLE
GRTST DEPTH: 0 7 = DUSTSTORM OR SANDSTORM:
VSBY 1/2 MILE OR LESS
8 = SMOKE OR HAZE
[NO. OF DAYS WITH] [WEATHER - DAYS WITH] 9 = BLOWING SNOW
X = TORNADO
MAX 32 OR BELOW: 0 0.01 INCH OR MORE: 7
MAX 90 OR ABOVE: 0 0.10 INCH OR MORE: 4
MIN 32 OR BELOW: 8 0.50 INCH OR MORE: 2
MIN 0 OR BELOW: 0 1.00 INCH OR MORE: 0
[HDD (BASE 65) ]
TOTAL THIS MO. 402 CLEAR (SCALE 0-3) 22
DPTR FM NORMAL -187 PTCLDY (SCALE 4-7) 7
TOTAL FM JUL 1 746 CLOUDY (SCALE 8-10) 2
DPTR FM NORMAL -286
[CDD (BASE 65) ]
TOTAL THIS MO. 0
DPTR FM NORMAL 0 [PRESSURE DATA]
TOTAL FM JAN 1 1710 HIGHEST SLP 30.39 ON 9
DPTR FM NORMAL 127 LOWEST SLP 29.72 ON 20
[REMARKS]
#FINAL-12-23#