000
CXUS52 KFFC 051812
CLMMCN
CLIMATE REPORT
NATIONAL WEATHER SERVICE PEACHTREE CITY GA
212 PM EDT WED APR 05 2023
...................................
...THE MACON CLIMATE SUMMARY FOR THE MONTH OF MARCH 2023...
CLIMATE NORMAL PERIOD: 1991 TO 2020
CLIMATE RECORD PERIOD: 1899 TO 2023
WEATHER OBSERVED NORMAL DEPART LAST YEAR`S
VALUE DATE(S) VALUE FROM VALUE DATE(S)
NORMAL
................................................................
TEMPERATURE (F)
RECORD
HIGH 94 03/13/1906
LOW 14 03/03/1980
HIGHEST 86 03/07 90 -4 86 03/30
LOWEST 27 03/20 14 13 22 03/13
AVG. MAXIMUM 72.2 70.6 1.6 74.4
AVG. MINIMUM 46.8 44.9 1.9 46.0
MEAN 59.5 57.7 1.8 60.2
DAYS MAX >= 90 0 0.0 0.0 0
DAYS MAX <= 32 0 0.0 0.0 0
DAYS MIN <= 32 4 4.0 0.0 3
DAYS MIN <= 0 0 0.0 0.0 0
PRECIPITATION (INCHES)
RECORD
MAXIMUM 12.52 1944
MINIMUM 0.32 1910
TOTALS 5.48 4.31 1.17
DAILY AVG. 0.18 0.14 0.04 0.13
DAYS >= .01 9 9.4 -0.4 10
DAYS >= .10 7 6.2 0.8 8
DAYS >= .50 4 2.7 1.3 3
DAYS >= 1.00 3 1.3 1.7 0
GREATEST
24 HR. TOTAL 1.81 03/26 TO 03/27 0.88 03/18 TO 03/18
SNOWFALL (INCHES)
RECORDS
TOTAL T 2008
24 HR TOTAL T MM
SNOW DEPTH 0 MM
TOTALS 0.0 MM MM 0.0
SINCE 7/1 0.0 MM MM MM
SNOWDEPTH AVG. MM 0
DAYS >= TRACE 0 MM MM 0
DAYS >= 1.0 0 MM MM 0
GREATEST
24 HR TOTAL MM MM
DEGREE DAYS
HEATING TOTAL 203 249 -46 172
SINCE 7/1 1581 2040 -459 MM
COOLING TOTAL 41 24 17 28
SINCE 1/1 98 31 67 MM
................................................................
WIND (MPH)
AVERAGE WIND SPEED 6.1
HIGHEST WIND SPEED/DIRECTION 28/210 DATE 03/03
28/010 03/12
HIGHEST GUST SPEED/DIRECTION 41/190 DATE 03/03
SKY COVER
POSSIBLE SUNSHINE (PERCENT) MM
AVERAGE SKY COVER 0.32
NUMBER OF DAYS FAIR 17
NUMBER OF DAYS PC 10
NUMBER OF DAYS CLOUDY 4
AVERAGE RH (PERCENT) 66
WEATHER CONDITIONS. NUMBER OF DAYS WITH
THUNDERSTORM 6 MIXED PRECIP 0
HEAVY RAIN 4 RAIN 6
LIGHT RAIN 8 FREEZING RAIN 0
LT FREEZING RAIN 0 HAIL 0
HEAVY SNOW 0 SNOW 0
LIGHT SNOW 0 SLEET 0
FOG 18 FOG W/VIS <= 1/4 MILE 3
HAZE 5
- INDICATES NEGATIVE NUMBERS.
R INDICATES RECORD WAS SET OR TIED.
MM INDICATES DATA IS MISSING.
T INDICATES TRACE AMOUNT.
$$