000
CXUS52 KMLB 011634
CLMMCO
CLIMATE REPORT
NATIONAL WEATHER SERVICE MELBOURNE FL
1234 PM EDT WED NOV 01 2023
...................................
...THE ORLANDO INTL CLIMATE SUMMARY FOR THE MONTH OF OCTOBER 2023...
CLIMATE NORMAL PERIOD 1991 TO 2020
CLIMATE RECORD PERIOD 1892 TO 2023
WEATHER OBSERVED NORMAL DEPART LAST YEAR`S
VALUE DATE(S) VALUE FROM VALUE
NORMAL
..............................................................
TEMPERATURE (F)
MONTHLY RECORD
HOTTEST 81.1 2019
COLDEST 70.3 1938
DAILY RECORD
HIGH 98 10/08/1919
10/07/1919
10/05/1919
LOW 38 10/25/1937
10/24/1937
OCTOBER 2023
HIGHEST 91 10/13 90
LOWEST 55 10/17 53
10/18
AVG. MAXIMUM 84.6 84.7 -0.1 85.5
AVG. MINIMUM 67.5 66.2 1.3 65.9
MEAN 76.0 75.5 0.5 75.7
DAYS MAX >= 90 2 4.4 -2.4 3
DAYS MAX <= 32 0 0.0 0.0 0
DAYS MIN <= 32 0 0.0 0.0 0
DAYS MIN <= 0 0 0.0 0.0 0
PRECIPITATION (INCHES)
MONTHLY RECORD
MAXIMUM 19.10 1915
MINIMUM 0.00 2010
DAILY RECORD
MAXIMUM 8.02 10/18/1910
OCTOBER 2023
TOTALS 2.07 3.46 -1.39 2.14
DAYS >= .01 8 8.4 -0.4 2
DAYS >= .10 3 5.3 -2.3 2
DAYS >= .50 1 2.1 -1.1 1
DAYS >= 1.00 1 0.9 0.1 1
GREATEST
24 HR. TOTAL 1.54 10/01 TO 10/02
SNOWFALL (INCHES)
TOTALS 0.0 0.0 0.0 0.0
SINCE 7/1 0.0 0.0 0.0 MM
DAYS >= TRACE 0 0
DEGREE DAYS
HEATING TOTAL 1 6 -5 4
SINCE 7/1 1 2 -1 MM
COOLING TOTAL 351 329 22 343
SINCE 1/1 3939 3235 704 MM
..............................................................
WIND (MPH)
AVERAGE WIND SPEED 8.8
HIGHEST WIND SPEED/DIRECTION 28/060 DATE 10/03
28/060 10/04
HIGHEST GUST SPEED/DIRECTION 36/060 DATE 10/04
36/210 10/12
SKY COVER
POSSIBLE SUNSHINE (PERCENT) MM
AVERAGE SKY COVER 0.48
NUMBER OF DAYS FAIR 13
NUMBER OF DAYS PC 13
NUMBER OF DAYS CLOUDY 5
AVERAGE RH (PERCENT) 71
WEATHER CONDITIONS. NUMBER OF DAYS WITH
THUNDERSTORM 2 MIXED PRECIP 0
HEAVY RAIN 2 RAIN 4
LIGHT RAIN 11 LT FREEZING RAIN 0
HAIL 0 LIGHT SNOW 0
SLEET 0 FOG 11
FOG W/VIS <= 1/4 MILE 0 HAZE 3
- INDICATES NEGATIVE NUMBERS.
R INDICATES RECORD WAS SET OR TIED.
MM INDICATES DATA IS MISSING.
T INDICATES TRACE AMOUNT.
$$