000
CXUS53 KDMX 050305
CF6MCW
PRELIMINARY LOCAL CLIMATOLOGICAL DATA (WS FORM: F-6)
STATION: MASON CITY IA
MONTH: JANUARY
YEAR: 2022
LATITUDE: 43 9 N
LONGITUDE: 93 20 W
TEMPERATURE IN F: :PCPN: SNOW: WIND :SUNSHINE: SKY :PK WND
================================================================================
1 2 3 4 5 6A 6B 7 8 9 10 11 12 13 14 15 16 17 18
12Z AVG MX 2MIN
DY MAX MIN AVG DEP HDD CDD WTR SNW DPTH SPD SPD DIR MIN PSBL S-S WX SPD DR
================================================================================
1 4 -10 -3 -20 68 0 0.00 0.0 2 18.4 28 340 M M 6 33 340
2 8 -15 -3 -20 68 0 0.00 0.0 2 7.6 15 340 M M 0 19 340
3 25 3 14 -3 51 0 0.00 0.0 2 10.1 17 160 M M 0 22 160
4 32 13 23 6 42 0 T T 2 16.8 39 300 M M 2 18 52 300
5 13 -4 5 -11 60 0 T T 2 26.5 40 300 M M 9 89 51 290
6 -4 -12 -8 -24 73 0 0.00 0.0 2 18.5 26 320 M M 4 8 33 310
7 7 -11 -2 -18 67 0 0.00 0.0 2 12.8 26 160 M M 8 36 160
8 29 7 18 2 47 0 0.00 0.0 2 18.4 37 320 M M 5 1 43 330
9 15 0 8 -8 57 0 0.00 0.0 2 13.4 30 310 M M 3 37 300
10 11 -2 5 -11 60 0 0.00 0.0 2 7.9 15 330 M M 1 19 330
11 44 4 24 8 41 0 0.00 0.0 2 14.8 25 170 M M 0 33 180
12 46 29 38 22 27 0 0.00 0.0 T 7.7 16 250 M M 3 20 260
13 42 24 33 18 32 0 0.00 0.0 0 10.9 23 320 M M 5 1 28 320
14 31 14 23 8 42 0 0.61 8.1 0 14.7 29 60 M M 10 12 36 60
15 14 -9 3 -12 62 0 0.01 0.2 8 8.9 26 40 M M 1 18 32 30
16 31 -2 15 0 50 0 T T 8 13.2 25 310 M M 7 18 33 320
17 27 9 18 3 47 0 0.00 0.0 7 9.9 23 320 M M 7 29 330
18 39 10 25 10 40 0 0.00 0.0 6 16.2 40 310 M M 4 1 51 320
19 10 -7 2 -13 63 0 0.00 0.0 5 23.7 31 320 M M 1 44 310
20 -1 -18 -9 -24 74 0 0.00 0.0 5 7.2 18 320 M M 0 23 320
21 20 -21 0 -15 65 0 0.02 0.3 5 14.4 25 170 M M 2 18 33 160
22 25 11 18 3 47 0 0.19 2.1 7 14.4 28 320 M M 6 18 36 320
23 15 -7 4 -11 61 0 T 0.1 7 10.4 22 30 M M 5 18 26 30
24 27 -8 10 -5 55 0 0.06 0.9 8 17.7 26 350 M M 6 18 33 310
25 0 -14 -7 -22 72 0 0.00 0.0 7 11.4 17 310 M M 0 8 21 310
26 24 -22 1 -14 64 0 0.00 0.0 7 13.8 25 220 M M 1 33 200
27 33 0 17 2 48 0 0.00 0.0 7 16.9 28 320 M M 6 35 320
28 10 -13 -1 -17 66 0 0.00 0.0 7 8.2 16 320 M M 2 21 320
29 27 1 14 -2 51 0 0.00 0.0 7 12.1 28 330 M M 0 35 310
30 19 6 13 -3 52 0 0.00 0.0 7 10.2 30 330 M M 6 8 37 330
31 34 10 22 6 43 0 0.00 0.0 7 15.5 22 150 M M 0 30 160
================================================================================
SM 657 -34 1695 0 0.89 11.7 422.6 M 110
================================================================================
AV 21.2 -1.1 13.6 FASTST M M 4 MAX(MPH)
MISC ----> # 40 300 52 300
================================================================================
NOTES:
# LAST OF SEVERAL OCCURRENCES
COLUMN 17 PEAK WIND IN M.P.H.
PRELIMINARY LOCAL CLIMATOLOGICAL DATA (WS FORM: F-6) , PAGE 2
STATION: MASON CITY IA
MONTH: JANUARY
YEAR: 2022
LATITUDE: 43 9 N
LONGITUDE: 93 20 W
[TEMPERATURE DATA] [PRECIPITATION DATA] SYMBOLS USED IN COLUMN 16
AVERAGE MONTHLY: 10.0 TOTAL FOR MONTH: 0.89 1 = FOG OR MIST
DPTR FM NORMAL: -5.7 DPTR FM NORMAL: 0.00 2 = FOG REDUCING VISIBILITY
HIGHEST: 46 ON 12 GRTST 24HR 0.61 ON 14-14 TO 1/4 MILE OR LESS
LOWEST: -22 ON 26 3 = THUNDER
SNOW, ICE PELLETS, HAIL 4 = ICE PELLETS
TOTAL MONTH: 11.7 INCHES 5 = HAIL
GRTST 24HR 8.1 ON 14-14 6 = FREEZING RAIN OR DRIZZLE
GRTST DEPTH: 8 ON 24,16 7 = DUSTSTORM OR SANDSTORM:
VSBY 1/2 MILE OR LESS
8 = SMOKE OR HAZE
[NO. OF DAYS WITH] [WEATHER - DAYS WITH] 9 = BLOWING SNOW
X = TORNADO
MAX 32 OR BELOW: 25 0.01 INCH OR MORE: 5
MAX 90 OR ABOVE: 0 0.10 INCH OR MORE: 2
MIN 32 OR BELOW: 31 0.50 INCH OR MORE: 1
MIN 0 OR BELOW: 18 1.00 INCH OR MORE: 0
[HDD (BASE 65) ]
TOTAL THIS MO. 1695 CLEAR (SCALE 0-3) 16
DPTR FM NORMAL 167 PTCLDY (SCALE 4-7) 13
TOTAL FM JUL 1 4170 CLOUDY (SCALE 8-10) 2
DPTR FM NORMAL -364
[CDD (BASE 65) ]
TOTAL THIS MO. 0
DPTR FM NORMAL 0 [PRESSURE DATA]
TOTAL FM JAN 1 0 HIGHEST SLP 30.79 ON 20
DPTR FM NORMAL 0 LOWEST SLP 29.46 ON 4
[REMARKS]
#FINAL-01-22#