000
CXUS54 KMEG 010900
CF6MEG
PRELIMINARY LOCAL CLIMATOLOGICAL DATA (WS FORM: F-6)
STATION: MEMPHIS/GERMANTOWN WFO
MONTH: MARCH
YEAR: 2024
LATITUDE: 35 7 N
LONGITUDE: 89 48 W
TEMPERATURE IN F: :PCPN: SNOW: WIND :SUNSHINE: SKY :PK WND
================================================================================
1 2 3 4 5 6A 6B 7 8 9 10 11 12 13 14 15 16 17 18
12Z AVG MX 2MIN
DY MAX MIN AVG DEP HDD CDD WTR SNW DPTH SPD SPD DIR MIN PSBL S-S WX SPD DR
================================================================================
1 50 42 46 -1 19 0 0.03 0.0 0 M M M M M M M M
2 67 47 57 10 8 0 0.00 0.0 0 M M M M M M M M
3 76 49 63 15 2 0 0.00 0.0 0 M M M M M M 1 M M
4 83 60 72 24 0 7 0.00 0.0 0 M M M M M M M M
5 72 58 65 17 0 0 0.08 0.0 0 M M M M M M 13 M M
6 62 50 56 7 9 0 T 0.0 0 M M M M M M 1 M M
7 69 49 59 10 6 0 T 0.0 0 M M M M M M 1 M M
8 67 55 61 12 4 0 0.21 0.0 0 M M M M M M 1 M M
9 58 38 48 -2 17 0 T 0.0 0 M M M M M M M M
10 60 32 46 -4 19 0 0.00 0.0 0 M M M M M M M M
11 68 34 51 1 14 0 0.00 0.0 0 M M M M M M M M
12 73 39 56 6 9 0 0.00 0.0 0 M M M M M M M M
13 80 55 68 17 0 3 0.00 0.0 0 M M M M M M M M
14 79 60 70 19 0 5 0.55 0.0 0 M M M M M M 13 M M
15 63 46 55 4 10 0 0.98 0.0 0 M M M M M M 13 M M
16 69 41 55 3 10 0 T 0.0 0 M M M M M M M M
17 63 45 54 2 11 0 T 0.0 0 M M M M M M M M
18 50 31 41 -11 24 0 0.00 0.0 0 M M M M M M M M
19 59 29 44 -8 21 0 0.00 0.0 0 M M M M M M M M
20 76 45 61 8 4 0 0.00 0.0 0 M M M M M M M M
21 73 48 61 8 4 0 0.00 0.0 0 M M M M M M M M
22 67 51 59 6 6 0 0.25 0.0 0 M M M M M M 1 M M
23 57 42 50 -4 15 0 0.00 0.0 0 M M M M M M M M
24 69 42 56 2 9 0 0.00 0.0 0 M M M M M M M M
25 67 58 63 9 2 0 1.50 0.0 0 M M M M M M 1 M M
26 61 43 52 -3 13 0 T 0.0 0 M M M M M M 1 M M
27 60 36 48 -7 17 0 0.00 0.0 0 M M M M M M M M
28 67 37 52 -3 13 0 0.00 0.0 0 M M M M M M M M
29 75 42 59 3 6 0 0.00 0.0 0 M M M M M M M M
30 78 56 67 11 0 2 0.00 0.0 0 M M M M M M M M
31 77 62 70 14 0 5 0.00 0.0 0 M M M M M M M M
================================================================================
SM 2095 1422 272 22 3.60 0.0 M M M
================================================================================
AV 67.6 45.9 M FASTST M M M MAX(MPH)
MISC ----> M M M M
================================================================================
NOTES:
# LAST OF SEVERAL OCCURRENCES
COLUMN 17 PEAK WIND IN M.P.H.
PRELIMINARY LOCAL CLIMATOLOGICAL DATA (WS FORM: F-6) , PAGE 2
STATION: MEMPHIS/GERMANTOWN WFO
MONTH: MARCH
YEAR: 2024
LATITUDE: 35 7 N
LONGITUDE: 89 48 W
[TEMPERATURE DATA] [PRECIPITATION DATA] SYMBOLS USED IN COLUMN 16
AVERAGE MONTHLY: 56.7 TOTAL FOR MONTH: 3.60 1 = FOG OR MIST
DPTR FM NORMAL: 5.1 DPTR FM NORMAL: -2.14 2 = FOG REDUCING VISIBILITY
HIGHEST: 83 ON 4 GRTST 24HR 1.50 ON 25-25 TO 1/4 MILE OR LESS
LOWEST: 29 ON 19 3 = THUNDER
SNOW, ICE PELLETS, HAIL 4 = ICE PELLETS
TOTAL MONTH: 0.0 INCH 5 = HAIL
GRTST 24HR 0.0 6 = FREEZING RAIN OR DRIZZLE
GRTST DEPTH: 0 7 = DUSTSTORM OR SANDSTORM:
VSBY 1/2 MILE OR LESS
8 = SMOKE OR HAZE
[NO. OF DAYS WITH] [WEATHER - DAYS WITH] 9 = BLOWING SNOW
X = TORNADO
MAX 32 OR BELOW: 0 0.01 INCH OR MORE: 7
MAX 90 OR ABOVE: 0 0.10 INCH OR MORE: 5
MIN 32 OR BELOW: 3 0.50 INCH OR MORE: 3
MIN 0 OR BELOW: 0 1.00 INCH OR MORE: 1
[HDD (BASE 65) ]
TOTAL THIS MO. 272 CLEAR (SCALE 0-3) 0
DPTR FM NORMAL -155 PTCLDY (SCALE 4-7) 0
TOTAL FM JUL 1 2557 CLOUDY (SCALE 8-10) 31
DPTR FM NORMAL -574
[CDD (BASE 65) ]
TOTAL THIS MO. 22
DPTR FM NORMAL 10 [PRESSURE DATA]
TOTAL FM JAN 1 30 HIGHEST SLP M ON M
DPTR FM NORMAL 17 LOWEST SLP M ON M
[REMARKS]
#FINAL-03-24#