000
CXUS51 KCLE 021721
CF6MFD
PRELIMINARY LOCAL CLIMATOLOGICAL DATA (WS FORM: F-6)
STATION: MANSFIELD OH
MONTH: JANUARY
YEAR: 2023
LATITUDE: 40 49 N
LONGITUDE: 82 31 W
TEMPERATURE IN F: :PCPN: SNOW: WIND :SUNSHINE: SKY :PK WND
================================================================================
1 2 3 4 5 6A 6B 7 8 9 10 11 12 13 14 15 16 17 18
12Z AVG MX 2MIN
DY MAX MIN AVG DEP HDD CDD WTR SNW DPTH SPD SPD DIR MIN PSBL S-S WX SPD DR
================================================================================
1 48 35 42 14 23 0 T 0.0 0 8.3 16 240 M M 10 1 22 230
2 52 47 50 22 15 0 0.02 0.0 0 3.9 8 140 M M 10 12 12 240
3 61 51 56 28 9 0 0.84 0.0 0 11.2 18 200 M M 9 12 28 210
4 60 35 48 20 17 0 0.37 0.0 0 9.6 18 260 M M 7 1 26 260
5 45 32 39 12 26 0 0.06 T 0 10.9 22 190 M M 7 1 28 200
6 36 30 33 6 32 0 T T T 9.2 15 260 M M 10 1 22 270
7 34 28 31 4 34 0 0.00 0.0 0 4.8 13 240 M M 10 17 240
8 38 26 32 5 33 0 0.00 0.0 0 5.0 13 340 M M 7 14 340
9 33 26 30 3 35 0 0.00 0.0 0 10.0 17 210 M M 6 18 21 210
10 42 28 35 8 30 0 0.00 0.0 0 7.0 13 160 M M 5 8 15 150
11 49 32 41 14 24 0 T 0.0 0 9.5 17 150 M M 6 1 23 140
12 46 33 40 14 25 0 1.15 T 0 10.2 24 360 M M 10 12 32 350
13 33 25 29 3 36 0 0.05 0.4 T 15.8 23 320 M M 10 16 30 340
14 25 13 19 -7 46 0 T 0.1 1 8.6 21 330 M M 8 18 25 340
15 35 14 25 -1 40 0 0.00 0.0 1 5.9 12 140 M M 0 13 150
16 42 26 34 8 31 0 0.30 0.0 0 13.4 24 160 M M 3 1 29 150
17 55 37 46 20 19 0 0.01 0.0 0 13.0 24 230 M M 9 1 32 220
18 38 36 37 11 28 0 0.12 0.0 0 7.2 22 260 M M 10 1 26 250
19 57 36 47 21 18 0 0.67 0.0 0 17.4 33 240 M M 8 13 52 230
20 38 31 35 9 30 0 0.11 T 0 11.9 29 240 M M 10 18 43 240
21 32 30 31 5 34 0 0.00 0.0 0 7.3 14 180 M M 10 18 180
22 32 25 29 3 36 0 0.40 5.2 T 5.6 12 170 M M 9 12 14 170
23 31 27 29 3 36 0 0.02 0.2 5 10.8 23 230 M M 10 1 28 230
24 33 26 30 4 35 0 0.00 0.0 5 8.7 20 220 M M 9 18 27 210
25 42 29 36 10 29 0 0.39 1.7 3 13.8 28 220 M M 10 1 38 200
26 33 25 29 3 36 0 0.09 0.9 1 12.7 21 240 M M 10 18 28 240
27 40 22 31 5 34 0 0.02 0.2 1 16.5 31 160 M M 8 18 40 200
28 43 30 37 11 28 0 0.00 0.0 1 10.5 22 250 M M 4 31 250
29 45 30 38 12 27 0 0.20 0.0 0 12.1 29 220 M M 10 12 37 220
30 31 22 27 1 38 0 0.07 0.3 0 7.5 15 320 M M 10 16 18 310
31 22 11 17 -9 48 0 0.00 0.0 T 7.3 17 330 M M 4 22 320
================================================================================
SM 1251 898 932 0 4.89 9.0 305.6 M 249
================================================================================
AV 40.4 29.0 9.9 FASTST M M 8 MAX(MPH)
MISC ----> 33 240 52 230
================================================================================
NOTES:
# LAST OF SEVERAL OCCURRENCES
COLUMN 17 PEAK WIND IN M.P.H.
PRELIMINARY LOCAL CLIMATOLOGICAL DATA (WS FORM: F-6) , PAGE 2
STATION: MANSFIELD OH
MONTH: JANUARY
YEAR: 2023
LATITUDE: 40 49 N
LONGITUDE: 82 31 W
[TEMPERATURE DATA] [PRECIPITATION DATA] SYMBOLS USED IN COLUMN 16
AVERAGE MONTHLY: 34.7 TOTAL FOR MONTH: 4.89 1 = FOG OR MIST
DPTR FM NORMAL: 8.2 DPTR FM NORMAL: 1.67 2 = FOG REDUCING VISIBILITY
HIGHEST: 61 ON 3 GRTST 24HR 1.32 ON 12-13 TO 1/4 MILE OR LESS
LOWEST: 11 ON 31 3 = THUNDER
SNOW, ICE PELLETS, HAIL 4 = ICE PELLETS
TOTAL MONTH: 9.0 INCHES 5 = HAIL
GRTST 24HR 5.2 ON 22-22 6 = FREEZING RAIN OR DRIZZLE
GRTST DEPTH: 5 ON 24,23 7 = DUSTSTORM OR SANDSTORM:
VSBY 1/2 MILE OR LESS
8 = SMOKE OR HAZE
[NO. OF DAYS WITH] [WEATHER - DAYS WITH] 9 = BLOWING SNOW
X = TORNADO
MAX 32 OR BELOW: 6 0.01 INCH OR MORE: 18
MAX 90 OR ABOVE: 0 0.10 INCH OR MORE: 10
MIN 32 OR BELOW: 23 0.50 INCH OR MORE: 3
MIN 0 OR BELOW: 0 1.00 INCH OR MORE: 1
[HDD (BASE 65) ]
TOTAL THIS MO. 932 CLEAR (SCALE 0-3) 2
DPTR FM NORMAL -260 PTCLDY (SCALE 4-7) 10
TOTAL FM JUL 1 3066 CLOUDY (SCALE 8-10) 19
DPTR FM NORMAL -363
[CDD (BASE 65) ]
TOTAL THIS MO. 0
DPTR FM NORMAL 0 [PRESSURE DATA]
TOTAL FM JAN 1 0 HIGHEST SLP 30.41 ON 31
DPTR FM NORMAL 0 LOWEST SLP 29.43 ON 25
[REMARKS]
#FINAL-01-23#