000
CXUS51 KCLE 010900
CF6MFD
PRELIMINARY LOCAL CLIMATOLOGICAL DATA (WS FORM: F-6)
STATION: MANSFIELD OH
MONTH: FEBRUARY
YEAR: 2022
LATITUDE: 40 49 N
LONGITUDE: 82 31 W
TEMPERATURE IN F: :PCPN: SNOW: WIND :SUNSHINE: SKY :PK WND
================================================================================
1 2 3 4 5 6A 6B 7 8 9 10 11 12 13 14 15 16 17 18
12Z AVG MX 2MIN
DY MAX MIN AVG DEP HDD CDD WTR SNW DPTH SPD SPD DIR MIN PSBL S-S WX SPD DR
================================================================================
1 47 23 35 9 30 0 0.00 0.0 3 13.6 23 170 M M 1 28 170
2 42 29 36 9 29 0 0.74 0.2 1 12.9 20 150 M M 8 16 26 160
3 29 19 24 -3 41 0 0.73 11.0 2 16.5 23 10 M M 10 12 33 360
4 19 12 16 -11 49 0 0.05 0.9 10 10.5 18 360 M M 10 128 28 10
5 23 7 15 -12 50 0 0.01 T 10 5.8 13 160 M M 5 18 16 170
6 33 13 23 -4 42 0 0.00 0.0 10 13.0 22 190 M M 0 26 190
7 35 20 28 1 37 0 0.00 0.0 8 9.2 16 230 M M 4 18 20 230
8 33 17 25 -3 40 0 0.00 0.0 7 10.9 20 190 M M 6 18 25 190
9 43 32 38 10 27 0 T 0.0 7 17.3 25 200 M M 3 33 210
10 36 24 30 2 35 0 0.00 0.0 4 13.1 21 230 M M 9 26 220
11 46 24 35 7 30 0 0.08 0.0 4 16.3 30 200 M M 6 1 39 210
12 37 20 29 1 36 0 T 0.1 1 8.7 20 260 M M 10 1 28 260
13 21 12 17 -11 48 0 0.01 0.2 1 6.0 14 320 M M 10 18 16 270
14 22 7 15 -14 50 0 0.00 0.0 1 3.4 10 220 M M 5 1 12 210
15 34 7 21 -8 44 0 0.00 0.0 T 7.2 20 150 M M 1 18 24 150
16 54 34 44 15 21 0 T 0.0 0 20.4 37 200 M M 4 51 190
17 55 23 39 9 26 0 1.67 0.5 0 17.8 32 190 M M 8 16 44 190
18 26 16 21 -9 44 0 0.01 0.2 T 13.6 28 190 M M 7 18 37 190
19 30 12 21 -9 44 0 0.01 T T 13.5 28 220 M M 5 8 39 230
20 47 13 30 0 35 0 0.00 0.0 0 17.3 28 190 M M 0 35 190
21 58 41 50 20 15 0 0.00 0.0 0 12.6 21 170 M M 3 27 170
22 59 48 54 23 11 0 0.69 0.0 0 16.8 28 210 M M 9 1 42 220
23 48 24 36 5 29 0 T T 0 9.4 20 270 M M 10 18 27 270
24 32 21 27 -4 38 0 0.39 T T 9.5 18 50 M M 10 16 24 40
25 30 20 25 -7 40 0 0.35 T T 7.8 16 270 M M 10 16 25 280
26 27 17 22 -10 43 0 0.00 0.0 T 8.3 16 220 M M 4 18 23 220
27 40 24 32 0 33 0 0.00 0.0 T 10.6 18 250 M M 0 27 260
28 42 22 32 0 33 0 0.00 0.0 0 8.1 14 190 M M 4 17 190
================================================================================
SM 1048 581 1000 0 4.74 13.1 330.1 M 162
================================================================================
AV 37.4 20.8 11.8 FASTST M M 6 MAX(MPH)
MISC ----> 37 200 51 190
================================================================================
NOTES:
# LAST OF SEVERAL OCCURRENCES
COLUMN 17 PEAK WIND IN M.P.H.
PRELIMINARY LOCAL CLIMATOLOGICAL DATA (WS FORM: F-6) , PAGE 2
STATION: MANSFIELD OH
MONTH: FEBRUARY
YEAR: 2022
LATITUDE: 40 49 N
LONGITUDE: 82 31 W
[TEMPERATURE DATA] [PRECIPITATION DATA] SYMBOLS USED IN COLUMN 16
AVERAGE MONTHLY: 29.1 TOTAL FOR MONTH: 4.74 1 = FOG OR MIST
DPTR FM NORMAL: 0.0 DPTR FM NORMAL: 2.21 2 = FOG REDUCING VISIBILITY
HIGHEST: 59 ON 22 GRTST 24HR 1.68 ON 17-18 TO 1/4 MILE OR LESS
LOWEST: 7 ON 15,14 3 = THUNDER
SNOW, ICE PELLETS, HAIL 4 = ICE PELLETS
TOTAL MONTH: 13.1 INCHES 5 = HAIL
GRTST 24HR 11.0 ON 3- 3 6 = FREEZING RAIN OR DRIZZLE
GRTST DEPTH: 10 ON 6, 5 7 = DUSTSTORM OR SANDSTORM:
VSBY 1/2 MILE OR LESS
8 = SMOKE OR HAZE
[NO. OF DAYS WITH] [WEATHER - DAYS WITH] 9 = BLOWING SNOW
X = TORNADO
MAX 32 OR BELOW: 10 0.01 INCH OR MORE: 12
MAX 90 OR ABOVE: 0 0.10 INCH OR MORE: 6
MIN 32 OR BELOW: 25 0.50 INCH OR MORE: 4
MIN 0 OR BELOW: 0 1.00 INCH OR MORE: 1
[HDD (BASE 65) ]
TOTAL THIS MO. 1000 CLEAR (SCALE 0-3) 5
DPTR FM NORMAL -5 PTCLDY (SCALE 4-7) 13
TOTAL FM JUL 1 4132 CLOUDY (SCALE 8-10) 10
DPTR FM NORMAL -300
[CDD (BASE 65) ]
TOTAL THIS MO. 0
DPTR FM NORMAL 0 [PRESSURE DATA]
TOTAL FM JAN 1 0 HIGHEST SLP 30.59 ON 15
DPTR FM NORMAL 0 LOWEST SLP 29.53 ON 17
[REMARKS]
#FINAL-02-22#