000
CXUS54 KBMX 011110
CF6MGM
PRELIMINARY LOCAL CLIMATOLOGICAL DATA (WS FORM: F-6)
STATION: MONTGOMERY
MONTH: JANUARY
YEAR: 2023
LATITUDE: 32 17 N
LONGITUDE: 86 24 W
TEMPERATURE IN F: :PCPN: SNOW: WIND :SUNSHINE: SKY :PK WND
================================================================================
1 2 3 4 5 6A 6B 7 8 9 10 11 12 13 14 15 16 17 18
12Z AVG MX 2MIN
DY MAX MIN AVG DEP HDD CDD WTR SNW DPTH SPD SPD DIR MIN PSBL S-S WX SPD DR
================================================================================
1 M 53 M M M M 0.00 0.0 0 1.6 7 140 M M 3 128 10 160
2 78 57 68 20 0 3 0.02 0.0 0 4.5 12 180 M M 8 15 180
3 78 64 71 23 0 6 0.46 0.0 0 8.2 30 280 M M 8 13 38 280
4 76 49 63 15 2 0 1.22 0.0 0 7.4 25 230 M M 3 13 31 210
5 64 43 54 6 11 0 0.00 0.0 0 6.8 18 280 M M 0 22 270
6 63 34 49 1 16 0 0.00 0.0 0 3.8 13 270 M M 0 15 290
7 72 35 54 6 11 0 0.00 0.0 0 3.5 10 210 M M 0 14 190
8 66 44 55 7 10 0 0.10 0.0 0 4.7 13 190 M M 5 1 17 200
9 61 40 51 3 14 0 0.00 0.0 0 5.0 10 30 M M 1 16 360
10 67 32 50 2 15 0 0.00 0.0 0 3.1 10 230 M M 1 1 13 220
11 76 45 61 13 4 0 0.00 0.0 M 5.9 18 210 M M 6 24 220
12 75 52 64 16 1 0 0.39 0.0 0 11.6 41 260 M M 5 13 62 250
13 52 39 46 -2 19 0 T 0.0 M 15.0 24 330 M M 10 32 310
14 51 33 42 -6 23 0 0.00 0.0 M 9.1 20 340 M M 4 26 340
15 60 27 44 -4 21 0 0.00 0.0 0 2.3 9 280 M M 0 10 280
16 69 30 50 2 15 0 0.00 0.0 0 5.1 15 150 M M 2 18 170
17 73 46 60 12 5 0 0.01 M M 6.5 20 230 M M 8 18 28 220
18 75 53 64 16 1 0 T 0.0 0 6.6 15 180 M M 7 12 20 150
19 76 51 64 16 1 0 0.02 0.0 0 10.6 22 250 M M 4 29 250
20 60 41 51 3 14 0 0.03 0.0 0 6.6 13 320 M M 1 15 320
21 54 47 51 3 14 0 0.09 0.0 0 6.7 16 90 M M 9 3 20 90
22 53 46 50 2 15 0 0.69 0.0 0 6.5 17 290 M M 9 123 23 280
23 57 37 47 -1 18 0 0.00 0.0 0 7.2 18 340 M M 3 24 330
24 57 30 44 -4 21 0 0.00 0.0 M 7.4 22 110 M M 2 1 29 110
25 64 42 53 5 12 0 0.87 0.0 0 12.7 22 280 M M 8 13 31 120
26 53 35 44 -5 21 0 0.00 0.0 0 8.3 18 270 M M 2 23 280
27 56 29 43 -6 22 0 0.00 0.0 0 3.9 12 290 M M 0 18 250
28 64 27 46 -3 19 0 0.00 0.0 0 5.1 14 100 M M 0 17 110
29 63 40 52 3 13 0 1.16 0.0 0 5.4 12 100 M M 6 1 14 90
30 65 58 62 13 3 0 0.44 0.0 0 4.0 12 110 M M 10 1 14 100
31 73 59 66 17 0 1 0.02 0.0 0 4.3 14 320 M M 10 1 18 330
================================================================================
SM 1951 1318 341 10 5.52 0.0 199.4 M 135
================================================================================
AV 65.0 42.5 6.4 FASTST M M 4 MAX(MPH)
MISC ----> 41 260 62 250
================================================================================
NOTES:
# LAST OF SEVERAL OCCURRENCES
COLUMN 17 PEAK WIND IN M.P.H.
PRELIMINARY LOCAL CLIMATOLOGICAL DATA (WS FORM: F-6) , PAGE 2
STATION: MONTGOMERY
MONTH: JANUARY
YEAR: 2023
LATITUDE: 32 17 N
LONGITUDE: 86 24 W
[TEMPERATURE DATA] [PRECIPITATION DATA] SYMBOLS USED IN COLUMN 16
AVERAGE MONTHLY: 53.8 TOTAL FOR MONTH: 5.52 1 = FOG OR MIST
DPTR FM NORMAL: 5.7 DPTR FM NORMAL: 0.88 2 = FOG REDUCING VISIBILITY
HIGHEST: 78 ON 3, 2 GRTST 24HR 2.42 ON 3- 4 TO 1/4 MILE OR LESS
LOWEST: 27 ON 28,15 3 = THUNDER
SNOW, ICE PELLETS, HAIL 4 = ICE PELLETS
TOTAL MONTH: 0.0 INCH 5 = HAIL
GRTST 24HR 0.0 6 = FREEZING RAIN OR DRIZZLE
GRTST DEPTH: 0 7 = DUSTSTORM OR SANDSTORM:
VSBY 1/2 MILE OR LESS
8 = SMOKE OR HAZE
[NO. OF DAYS WITH] [WEATHER - DAYS WITH] 9 = BLOWING SNOW
X = TORNADO
MAX 32 OR BELOW: 0 0.01 INCH OR MORE: 14
MAX 90 OR ABOVE: 0 0.10 INCH OR MORE: 8
MIN 32 OR BELOW: 6 0.50 INCH OR MORE: 4
MIN 0 OR BELOW: 0 1.00 INCH OR MORE: 2
[HDD (BASE 65) ]
TOTAL THIS MO. 341 CLEAR (SCALE 0-3) 14
DPTR FM NORMAL -185 PTCLDY (SCALE 4-7) 11
TOTAL FM JUL 1 1088 CLOUDY (SCALE 8-10) 6
DPTR FM NORMAL -246
[CDD (BASE 65) ]
TOTAL THIS MO. 10
DPTR FM NORMAL 6 [PRESSURE DATA]
TOTAL FM JAN 1 10 HIGHEST SLP 30.45 ON 28
DPTR FM NORMAL 6 LOWEST SLP 29.68 ON 25
[REMARKS]
#FINAL-01-23#