000
CXUS53 KFSD 011450
CF6MHE
PRELIMINARY LOCAL CLIMATOLOGICAL DATA (WS FORM: F-6)
STATION: MITCHELL SD
MONTH: OCTOBER
YEAR: 2022
LATITUDE: 43 46 N
LONGITUDE: 98 2 W
TEMPERATURE IN F: :PCPN: SNOW: WIND :SUNSHINE: SKY :PK WND
================================================================================
1 2 3 4 5 6A 6B 7 8 9 10 11 12 13 14 15 16 17 18
12Z AVG MX 2MIN
DY MAX MIN AVG DEP HDD CDD WTR SNW DPTH SPD SPD DIR MIN PSBL S-S WX SPD DR
================================================================================
1 85 58 72 15 0 7 0.00 0.0 0 15.3 25 140 M M 0 33 150
2 86 57 72 15 0 7 0.01 0.0 0 15.0 24 150 M M 3 36 150
3 83 56 70 14 0 5 0.06 0.0 0 9.8 17 300 M M 2 24 160
4 72 54 63 7 2 0 T 0.0 0 5.5 13 330 M M 7 19 330
5 78 53 66 11 0 1 0.00 0.0 0 8.0 18 360 M M 4 1 24 360
6 59 30 45 -10 20 0 0.00 0.0 0 14.3 23 360 M M 3 31 360
7 53 23 38 -16 27 0 0.00 0.0 0 5.1 12 360 M M 0 15 310
8 69 27 48 -6 17 0 0.00 0.0 0 6.4 15 300 M M 0 23 300
9 78 40 59 6 6 0 0.00 0.0 0 8.4 21 330 M M 0 29 300
10 83 32 58 5 7 0 0.00 0.0 0 11.3 23 180 M M 0 34 170
11 85 50 68 16 0 3 T 0.0 0 15.5 36 320 M M 1 8 48 330
12 61 40 51 -1 14 0 0.00 0.0 0 18.6 43 300 M M 4 8 55 300
13 57 38 48 -3 17 0 0.00 0.0 0 17.5 37 300 M M 1 49 300
14 52 31 42 -9 23 0 0.00 0.0 0 14.0 28 320 M M 1 39 310
15 68 31 50 0 15 0 T 0.0 0 12.9 28 340 M M 3 37 320
16 51 27 39 -11 26 0 0.00 0.0 0 13.4 23 320 M M 4 36 350
17 41 18 30 -19 35 0 0.00 0.0 0 10.9 20 360 M M 2 29 330
18 44 12 28 -21 37 0 0.00 0.0 0 4.7 12 330 M M 0 19 350
19 67 19 43 -5 22 0 0.00 0.0 0 4.8 12 270 M M 0 17 270
20 75 38 57 9 8 0 0.00 0.0 0 8.6 13 200 M M 0 20 190
21 69 45 57 10 8 0 0.00 0.0 0 8.7 17 330 M M 0 21 340
22 76 45 61 14 4 0 0.00 0.0 0 7.1 14 240 M M 0 8 18 250
23 87 50 69 23 0 4 T 0.0 0 17.1 32 140 M M 0 38 42 150
24 52 39 46 0 19 0 T 0.0 0 15.6 29 270 M M 4 38 290
25 63 29 46 1 19 0 0.00 0.0 0 10.0 26 310 M M 1 34 300
26 65 24 45 0 20 0 0.05 0.0 0 7.2 23 220 M M 2 32 220
27 51 39 45 1 20 0 0.15 0.0 0 10.2 21 170 M M 9 1 28 130
28 64 34 49 5 16 0 0.00 0.0 0 9.0 16 170 M M 0 1 23 160
29 70 36 53 10 12 0 0.00 0.0 0 9.4 17 220 M M 0 22 220
30 65 30 48 5 17 0 0.00 0.0 0 3.8 10 310 M M 0 17 20
31 73 29 51 9 14 0 0.00 0.0 0 4.6 12 200 M M 0 15 160
================================================================================
SM 2082 1134 425 27 0.27 0.0 322.7 M 51
================================================================================
AV 67.2 36.6 10.4 FASTST M M 2 MAX(MPH)
MISC ----> 43 300 55 300
================================================================================
NOTES:
# LAST OF SEVERAL OCCURRENCES
-COLUMN 17 PEAK WIND IN M.P.H.
-PRECIPITATION AMOUNTS IN COLUMNS 7,8 AND 9 ARE THE OFFICIAL PRECIPITATION
AMOUNTS FOR MITCHELL SD.
-SNOW DEPTH IN COLUMN 9 IS RECORDED AT 6 AM CST (12Z).
PRELIMINARY LOCAL CLIMATOLOGICAL DATA (WS FORM: F-6) , PAGE 2
STATION: MITCHELL SD
MONTH: OCTOBER
YEAR: 2022
LATITUDE: 43 46 N
LONGITUDE: 98 2 W
[TEMPERATURE DATA] [PRECIPITATION DATA] SYMBOLS USED IN COLUMN 16
AVERAGE MONTHLY: 51.9 TOTAL FOR MONTH: 0.27 1 = FOG OR MIST
DPTR FM NORMAL: 2.2 DPTR FM NORMAL: -1.56 2 = FOG REDUCING VISIBILITY
HIGHEST: 87 ON 23 GRTST 24HR 0.20 ON 26-27 TO 1/4 MILE OR LESS
LOWEST: 12 ON 18 3 = THUNDER
SNOW, ICE PELLETS, HAIL 4 = ICE PELLETS
TOTAL MONTH: 0.0 INCH 5 = HAIL
GRTST 24HR 0.0 6 = FREEZING RAIN OR DRIZZLE
GRTST DEPTH: 0 7 = DUSTSTORM OR SANDSTORM:
VSBY 1/2 MILE OR LESS
8 = SMOKE OR HAZE
[NO. OF DAYS WITH] [WEATHER - DAYS WITH] 9 = BLOWING SNOW
X = TORNADO
MAX 32 OR BELOW: 0 0.01 INCH OR MORE: 4
MAX 90 OR ABOVE: 0 0.10 INCH OR MORE: 1
MIN 32 OR BELOW: 14 0.50 INCH OR MORE: 0
MIN 0 OR BELOW: 0 1.00 INCH OR MORE: 0
[HDD (BASE 65) ]
TOTAL THIS MO. 425 CLEAR (SCALE 0-3) 24
DPTR FM NORMAL -56 PTCLDY (SCALE 4-7) 6
TOTAL FM JUL 1 492 CLOUDY (SCALE 8-10) 1
DPTR FM NORMAL -127
[CDD (BASE 65) ]
TOTAL THIS MO. 27
DPTR FM NORMAL 19 [PRESSURE DATA]
TOTAL FM JAN 1 1121 HIGHEST SLP 30.67 ON 7
DPTR FM NORMAL 242 LOWEST SLP 29.11 ON 23
[REMARKS]
RECORD LOW DAILY MINIMUM TEMPERATURE WAS ESTABLISHED ON THE 18TH
WITH 12 DEGREES. THE PREVIOUS RECORD WAS 20 DEGREES IN 1907.
RECORD WARM DAILY MAXIMUM TEMPERATURE WAS TIED ON THE 23RD
WITH 87 DEGREES. THE TEMPERATURE OF 87 DEGREES OCCURRED IN 1927.
#FINAL-10-22#