000
CXUS53 KFSD 012005
CF6MHE
PRELIMINARY LOCAL CLIMATOLOGICAL DATA (WS FORM: F-6)
STATION: MITCHELL SD
MONTH: JANUARY
YEAR: 2024
LATITUDE: 43 46 N
LONGITUDE: 98 2 W
TEMPERATURE IN F: :PCPN: SNOW: WIND :SUNSHINE: SKY :PK WND
================================================================================
1 2 3 4 5 6A 6B 7 8 9 10 11 12 13 14 15 16 17 18
12Z AVG MX 2MIN
DY MAX MIN AVG DEP HDD CDD WTR SNW DPTH SPD SPD DIR MIN PSBL S-S WX SPD DR
================================================================================
1 32 8 20 0 45 0 0.00 0.0 2 7.7 15 180 M M 0 20 170
2 36 21 29 9 36 0 0.00 0.0 2 9.1 15 320 M M 2 12 19 290
3 29 24 27 8 38 0 0.00 0.0 2 6.7 15 360 M M 10 12 19 360
4 32 23 28 9 37 0 0.00 0.0 2 11.2 20 160 M M 10 1 24 160
5 35 30 33 14 32 0 0.03 0.1 2 10.5 17 180 M M 9 1 25 180
6 30 21 26 7 39 0 0.05 0.7 2 13.2 22 320 M M 10 1 26 340
7 22 16 19 0 46 0 T T 3 8.5 15 120 M M 10 1 19 120
8 23 17 20 1 45 0 0.36 6.2 7 13.9 22 350 M M 10 12 28 350
9 17 6 12 -7 53 0 T T 8 11.3 23 330 M M 7 1 28 340
10 24 4 14 -5 51 0 T T 8 9.8 26 340 M M 8 34 340
11 6 -1 3 -16 62 0 0.00 0.0 8 13.5 21 340 M M 6 26 340
12 3 -3 0 -19 65 0 T T 8 19.5 29 330 M M 10 9 37 320
13 -3 -16 -9 -28 74 0 T T 8 26.1 35 310 M M 10 9 43 320
14 -6 -17 -11 -30 76 0 0.00 0.0 8 13.1 22 320 M M 3 28 320
15 -1 -12 -6 -25 71 0 0.00 0.0 8 17.2 29 300 M M 0 36 300
16 18 -5 7 -12 58 0 0.00 0.0 8 14.0 23 300 M M 2 30 300
17 21 5 13 -6 52 0 T T 8 4.0 17 290 M M 4 23 290
18 17 -1 8 -11 57 0 0.12 2.8 8 16.8 28 330 M M 8 19 33 340
19 6 -10 -2 -21 67 0 T T 9 13.8 24 320 M M 3 29 320
20 4 -18 -7 -26 72 0 0.00 0.0 9 12.6 30 170 M M 0 1 40 170
21 24 4 14 -5 51 0 0.00 0.0 9 18.4 30 170 M M 0 9 42 170
22 27 12 20 1 45 0 0.00 0.0 9 5.8 10 350 M M 0 13 340
23 30 18 24 5 41 0 0.00 0.0 9 8.9 18 160 M M 9 12 23 160
24 33 30 32 13 33 0 0.00 0.0 9 9.5 17 180 M M 10 1 24 190
25 32 30 31 12 34 0 0.00 0.0 8 2.5 13 170 M M 10 12 15 170
26 31 21 26 7 39 0 0.00 0.0 7 4.3 10 230 M M 9 12 13 230
27 37 15 26 7 39 0 0.00 0.0 7 2.8 9 280 M M 0 1 11 280
28 38 14 26 7 39 0 0.00 0.0 6 5.8 9 200 M M 0 12 210
29 44 26 35 16 30 0 0.00 0.0 5 9.0 16 290 M M 1 21 280
30 44 25 35 16 30 0 0.00 0.0 4 5.6 10 180 M M 0 14 190
31 51 27 39 20 26 0 0.00 0.0 3 3.4 15 10 M M 0 1 19 10
================================================================================
SM 736 314 1483 0 0.56 9.8 328.5 M 161
================================================================================
AV 23.7 10.1 10.6 FASTST M M 5 MAX(MPH)
MISC ----> 35 310 43 320
================================================================================
NOTES:
# LAST OF SEVERAL OCCURRENCES
-COLUMN 17 PEAK WIND IN M.P.H.
-PRECIPITATION AMOUNTS IN COLUMNS 7,8 AND 9 ARE THE OFFICIAL
PRECIPITATION AMOUNTS FOR MITCHELL,SD.
-SNOW DEPTH IN COLUMN 9 IS RECORDED AT 6 AM CST (12Z).
PRELIMINARY LOCAL CLIMATOLOGICAL DATA (WS FORM: F-6) , PAGE 2
STATION: MITCHELL SD
MONTH: JANUARY
YEAR: 2024
LATITUDE: 43 46 N
LONGITUDE: 98 2 W
[TEMPERATURE DATA] [PRECIPITATION DATA] SYMBOLS USED IN COLUMN 16
AVERAGE MONTHLY: 16.9 TOTAL FOR MONTH: 0.56 1 = FOG OR MIST
DPTR FM NORMAL: -2.1 DPTR FM NORMAL: 0.16 2 = FOG REDUCING VISIBILITY
HIGHEST: 51 ON 31 GRTST 24HR 0.36 ON 8- 8 TO 1/4 MILE OR LESS
LOWEST: -18 ON 20 3 = THUNDER
SNOW, ICE PELLETS, HAIL 4 = ICE PELLETS
TOTAL MONTH: 9.8 INCHES 5 = HAIL
GRTST 24HR 6.2 ON 8- 8 6 = FREEZING RAIN OR DRIZZLE
GRTST DEPTH: 9 ON 24,23 7 = DUSTSTORM OR SANDSTORM:
VSBY 1/2 MILE OR LESS
8 = SMOKE OR HAZE
[NO. OF DAYS WITH] [WEATHER - DAYS WITH] 9 = BLOWING SNOW
X = TORNADO
MAX 32 OR BELOW: 23 0.01 INCH OR MORE: 4
MAX 90 OR ABOVE: 0 0.10 INCH OR MORE: 2
MIN 32 OR BELOW: 31 0.50 INCH OR MORE: 0
MIN 0 OR BELOW: 9 1.00 INCH OR MORE: 0
[HDD (BASE 65) ]
TOTAL THIS MO. 1483 CLEAR (SCALE 0-3) 14
DPTR FM NORMAL 56 PTCLDY (SCALE 4-7) 5
TOTAL FM JUL 1 3776 CLOUDY (SCALE 8-10) 12
DPTR FM NORMAL -473
[CDD (BASE 65) ]
TOTAL THIS MO. 0
DPTR FM NORMAL 0 [PRESSURE DATA]
TOTAL FM JAN 1 0 HIGHEST SLP 30.73 ON 20
DPTR FM NORMAL 0 LOWEST SLP 29.39 ON 10
[REMARKS]
RECORD DAILY PRECIPITATION WAS ESTABLISHED ON THE 8TH WITH 0.36 INCHES.
THE PREVIOUS RECORD WAS 0.24 INCHES IN 1992.
RECORD DAILY SNOWFALL WAS ESTABLISHED ON THE 8TH WITH 6.2 INCHES.
THE PREVIOUS RECORD WAS 2.0 INCHES IN 1918.
RECORD LOW DAILY MAXIMUM TEMPERATURE WAS ESTABLISHED ON THE 15TH WITH
-1 DEGREES. THE PREVIOUS RECORD WAS 0 DEGREES IN 1916, 1963 AND 2009.
#FINAL-01-24#