000
CXUS53 KFSD 011501
CF6MHE
PRELIMINARY LOCAL CLIMATOLOGICAL DATA (WS FORM: F-6)
STATION: MITCHELL SD
MONTH: OCTOBER
YEAR: 2021
LATITUDE: 43 46 N
LONGITUDE: 98 2 W
TEMPERATURE IN F: :PCPN: SNOW: WIND :SUNSHINE: SKY :PK WND
================================================================================
1 2 3 4 5 6A 6B 7 8 9 10 11 12 13 14 15 16 17 18
12Z AVG MX 2MIN
DY MAX MIN AVG DEP HDD CDD WTR SNW DPTH SPD SPD DIR MIN PSBL S-S WX SPD DR
================================================================================
1 67 61 64 7 1 0 0.06 0.0 0 8.1 15 320 M M 10 13 19 310
2 75 52 64 7 1 0 0.00 0.0 0 11.7 17 340 M M 5 1 25 340
3 81 45 63 7 2 0 0.00 0.0 0 3.9 18 310 M M 0 27 270
4 83 45 64 8 1 0 0.00 0.0 0 3.9 8 160 M M 0 12 220
5 83 48 66 11 0 1 0.00 0.0 0 8.7 20 140 M M 0 25 160
6 77 54 66 11 0 1 0.00 0.0 0 11.9 24 160 M M 1 31 160
7 80 53 67 13 0 2 0.00 0.0 0 12.1 21 150 M M 0 30 160
8 83 57 70 16 0 5 0.00 0.0 0 6.3 15 160 M M 0 20 170
9 81 54 68 15 0 3 T 0.0 0 7.2 23 330 M M 2 3 30 320
10 68 51 60 7 5 0 T 0.0 0 14.7 35 310 M M 5 45 320
11 73 39 56 4 9 0 0.00 0.0 0 8.2 16 340 M M 0 21 330
12 73 37 55 3 10 0 0.01 0.0 0 10.7 23 90 M M 2 3 32 110
13 60 44 52 1 13 0 0.27 0.0 0 21.9 41 80 M M 10 13 54 80
14 59 38 49 -2 16 0 0.00 0.0 0 13.1 24 290 M M 3 37 250
15 61 37 49 -1 16 0 0.00 0.0 0 13.9 29 290 M M 1 39 290
16 68 36 52 2 13 0 0.00 0.0 0 10.0 21 280 M M 0 30 250
17 78 35 57 8 8 0 0.00 0.0 0 6.7 14 160 M M 0 18 180
18 79 45 62 13 3 0 0.00 0.0 0 13.9 25 180 M M 0 37 180
19 73 45 59 11 6 0 0.00 0.0 0 11.5 23 10 M M 1 31 10
20 49 33 41 -7 24 0 0.80 0.1 0 18.6 32 330 M M 10 13 41 330
21 50 33 42 -5 23 0 0.00 0.0 0 9.7 21 320 M M 4 26 310
22 55 35 45 -2 20 0 T 0.0 0 6.9 16 170 M M 1 19 170
23 55 31 43 -3 22 0 0.00 0.0 0 13.6 26 130 M M 3 33 130
24 47 43 45 -1 20 0 0.19 0.0 0 7.7 24 130 M M 10 1 29 130
25 54 33 44 -1 21 0 0.00 0.0 0 11.2 22 150 M M 2 1 30 130
26 54 42 48 3 17 0 0.04 0.0 0 19.3 33 160 M M 7 1 46 160
27 51 45 48 4 17 0 1.38 0.0 0 11.0 22 320 M M 9 13 29 310
28 58 39 49 5 16 0 0.00 0.0 0 15.6 30 340 M M 0 40 340
29 61 32 47 4 18 0 0.00 0.0 0 5.9 14 330 M M 0 18 320
30 60 35 48 5 17 0 0.00 0.0 0 15.2 32 330 M M 1 8 45 330
31 49 29 39 -3 26 0 0.00 0.0 0 11.2 24 320 M M 1 32 340
================================================================================
SM 2045 1306 345 12 2.75 0.1 344.3 M 88
================================================================================
AV 66.0 42.1 11.1 FASTST M M 3 MAX(MPH)
MISC ----> 41 80 54 80
================================================================================
NOTES:
# LAST OF SEVERAL OCCURRENCES
-COLUMN 17 PEAK WIND IN M.P.H.
-PRECIPITATION AMOUNTS IN COLUMNS 7,8 AND 9 ARE THE OFFICIAL PRECIPITATION
AMOUNTS FOR MITCHELL, SD.
-SNOW DEPTH IN COLUMN 9 IS RECORDED AT 6 AM CST (12Z).
PRELIMINARY LOCAL CLIMATOLOGICAL DATA (WS FORM: F-6) , PAGE 2
STATION: MITCHELL SD
MONTH: OCTOBER
YEAR: 2021
LATITUDE: 43 46 N
LONGITUDE: 98 2 W
[TEMPERATURE DATA] [PRECIPITATION DATA] SYMBOLS USED IN COLUMN 16
AVERAGE MONTHLY: 54.0 TOTAL FOR MONTH: 2.75 1 = FOG OR MIST
DPTR FM NORMAL: 4.3 DPTR FM NORMAL: 0.92 2 = FOG REDUCING VISIBILITY
HIGHEST: 83 ON 8, 5 GRTST 24HR 1.42 ON 26-27 TO 1/4 MILE OR LESS
LOWEST: 29 ON 31 3 = THUNDER
SNOW, ICE PELLETS, HAIL 4 = ICE PELLETS
TOTAL MONTH: 0.1 INCH 5 = HAIL
GRTST 24HR 0.1 ON 20-20 6 = FREEZING RAIN OR DRIZZLE
GRTST DEPTH: 0 7 = DUSTSTORM OR SANDSTORM:
VSBY 1/2 MILE OR LESS
8 = SMOKE OR HAZE
[NO. OF DAYS WITH] [WEATHER - DAYS WITH] 9 = BLOWING SNOW
X = TORNADO
MAX 32 OR BELOW: 0 0.01 INCH OR MORE: 7
MAX 90 OR ABOVE: 0 0.10 INCH OR MORE: 4
MIN 32 OR BELOW: 3 0.50 INCH OR MORE: 2
MIN 0 OR BELOW: 0 1.00 INCH OR MORE: 1
[HDD (BASE 65) ]
TOTAL THIS MO. 345 CLEAR (SCALE 0-3) 21
DPTR FM NORMAL -136 PTCLDY (SCALE 4-7) 5
TOTAL FM JUL 1 386 CLOUDY (SCALE 8-10) 5
DPTR FM NORMAL -233
[CDD (BASE 65) ]
TOTAL THIS MO. 12
DPTR FM NORMAL 4 [PRESSURE DATA]
TOTAL FM JAN 1 1135 HIGHEST SLP 30.37 ON 31
DPTR FM NORMAL 256 LOWEST SLP 29.28 ON 13
[REMARKS]
RECORD DAILY WARM MINIMUM TEMPERATURE WAS ESTABLISHED ON THE 1ST WITH
61 DEGREES. THE PREVIOUS RECORD WAS 59 DEGREES IN 1973.
RECORD DAILY MAXIMUM PRECIPITATION ESTABLISHED ON THE 27TH WITH
1.38 INCHES. THE PREVIOUS RECORD WAS 0.70 INCHES IN 1971.
#FINAL-10-21#