000
CXUS53 KFSD 011555
CF6MHE
PRELIMINARY LOCAL CLIMATOLOGICAL DATA (WS FORM: F-6)
STATION: MITCHELL SD
MONTH: SEPTEMBER
YEAR: 2021
LATITUDE: 43 46 N
LONGITUDE: 98 2 W
TEMPERATURE IN F: :PCPN: SNOW: WIND :SUNSHINE: SKY :PK WND
================================================================================
1 2 3 4 5 6A 6B 7 8 9 10 11 12 13 14 15 16 17 18
12Z AVG MX 2MIN
DY MAX MIN AVG DEP HDD CDD WTR SNW DPTH SPD SPD DIR MIN PSBL S-S WX SPD DR
================================================================================
1 81 58 70 1 0 5 0.00 0.0 0 12.4 23 160 M M 3 1 38 160
2 69 65 67 -2 0 2 0.17 0.0 0 11.3 22 150 M M 9 1 36 140
3 74 60 67 -1 0 2 0.00 0.0 0 8.5 17 340 M M 8 1 25 350
4 79 57 68 0 0 3 0.00 0.0 0 3.9 12 320 M M 3 1 17 320
5 85 53 69 1 0 4 0.00 0.0 0 6.5 16 240 M M 1 22 220
6 93 55 74 6 0 9 0.00 0.0 0 7.5 15 320 M M 0 24 140
7 81 57 69 2 0 4 0.00 0.0 0 10.7 23 320 M M 0 33 310
8 79 50 65 -2 0 0 0.00 0.0 0 7.6 17 360 M M 3 29 330
9 81 46 64 -3 1 0 0.00 0.0 0 6.3 17 150 M M 0 25 130
10 88 56 72 6 0 7 0.00 0.0 0 4.9 13 160 M M 0 19 150
11 86 61 74 8 0 9 0.00 0.0 0 8.1 16 50 M M 0 1 25 80
12 76 55 66 0 0 1 0.04 0.0 0 4.9 14 330 M M 4 13 21 250
13 69 53 61 -4 4 0 0.21 0.0 0 5.9 15 320 M M 6 1 19 320
14 78 56 67 2 0 2 0.00 0.0 0 5.9 14 350 M M 5 20 350
15 84 53 69 5 0 4 0.00 0.0 0 12.5 26 180 M M 2 38 170
16 95 57 76 12 0 11 0.51 0.0 0 13.7 36 330 M M 1 13 52 330
17 72 51 62 -2 3 0 T 0.0 0 5.9 26 30 M M 2 38 30
18 87 50 69 6 0 4 0.00 0.0 0 14.0 25 170 M M 3 36 160
19 90 73 82 19 0 17 0.00 0.0 0 17.1 28 190 M M 1 42 190
20 78 50 64 2 1 0 0.01 0.0 0 12.1 21 310 M M 5 13 32 190
21 70 44 57 -5 8 0 0.00 0.0 0 7.4 17 350 M M 0 27 350
22 76 39 58 -4 7 0 0.00 0.0 0 9.0 18 170 M M 0 26 170
23 83 51 67 6 0 2 0.00 0.0 0 8.1 17 150 M M 0 24 160
24 71 40 56 -5 9 0 0.01 0.0 0 10.2 26 310 M M 1 39 330
25 82 36 59 -1 6 0 0.00 0.0 0 4.6 14 210 M M 0 21 220
26 90 50 70 10 0 5 0.00 0.0 0 5.4 14 160 M M 0 17 150
27 91 50 71 12 0 6 0.00 0.0 0 6.9 14 130 M M 0 17 140
28 94 56 75 16 0 10 0.00 0.0 0 12.4 23 140 M M 0 33 160
29 82 64 73 15 0 8 T 0.0 0 10.5 22 180 M M 2 33 190
30 71 59 65 7 0 0 0.38 0.0 0 7.9 18 330 M M 9 1 24 330
================================================================================
SM 2435 1605 39 115 1.33 0.0 262.1 M 68
================================================================================
AV 81.2 53.5 8.7 FASTST M M 2 MAX(MPH)
MISC ----> 36 330 52 330
================================================================================
NOTES:
# LAST OF SEVERAL OCCURRENCES
- COLUMN 17 PEAK WIND IN M.P.H.
- PRECIPITATION AMOUNTS IN COLUMNS 7,8 AND 9 ARE THE OFFICIAL PRECIPITATION
AMOUNTS FOR MITCHELL, SD.
- SNOW DEPTH IN COLUMN 9 IS RECORDED AT 6 AM CST (12Z).
PRELIMINARY LOCAL CLIMATOLOGICAL DATA (WS FORM: F-6) , PAGE 2
STATION: MITCHELL SD
MONTH: SEPTEMBER
YEAR: 2021
LATITUDE: 43 46 N
LONGITUDE: 98 2 W
[TEMPERATURE DATA] [PRECIPITATION DATA] SYMBOLS USED IN COLUMN 16
AVERAGE MONTHLY: 67.3 TOTAL FOR MONTH: 1.33 1 = FOG OR MIST
DPTR FM NORMAL: 3.4 DPTR FM NORMAL: -1.01 2 = FOG REDUCING VISIBILITY
HIGHEST: 95 ON 16 GRTST 24HR 0.51 ON 16-16 TO 1/4 MILE OR LESS
LOWEST: 36 ON 25 3 = THUNDER
SNOW, ICE PELLETS, HAIL 4 = ICE PELLETS
TOTAL MONTH: 0.0 INCH 5 = HAIL
GRTST 24HR 0.0 6 = FREEZING RAIN OR DRIZZLE
GRTST DEPTH: 0 7 = DUSTSTORM OR SANDSTORM:
VSBY 1/2 MILE OR LESS
8 = SMOKE OR HAZE
[NO. OF DAYS WITH] [WEATHER - DAYS WITH] 9 = BLOWING SNOW
X = TORNADO
MAX 32 OR BELOW: 0 0.01 INCH OR MORE: 7
MAX 90 OR ABOVE: 6 0.10 INCH OR MORE: 4
MIN 32 OR BELOW: 0 0.50 INCH OR MORE: 1
MIN 0 OR BELOW: 0 1.00 INCH OR MORE: 0
[HDD (BASE 65) ]
TOTAL THIS MO. 39 CLEAR (SCALE 0-3) 23
DPTR FM NORMAL -84 PTCLDY (SCALE 4-7) 5
TOTAL FM JUL 1 41 CLOUDY (SCALE 8-10) 2
DPTR FM NORMAL -97
[CDD (BASE 65) ]
TOTAL THIS MO. 115
DPTR FM NORMAL 25 [PRESSURE DATA]
TOTAL FM JAN 1 1123 HIGHEST SLP 30.39 ON 21
DPTR FM NORMAL 252 LOWEST SLP 29.53 ON 20
[REMARKS]
RECORD HIGH DAILY MINIMUM TEMPERATURE OF 73 DEGREES WAS ESTABLISHED ON THE 19TH.
THE PREVIOUS RECORD WAS 72 SET IN 1941.
RECORD HIGH DAILY MAXIMUM TEMPERATURE OF 94 DEGREES WAS ESTABLISHED ON THE 28TH.
THE PREVIOUS RECORD WAS 93 SET IN 1897 AND 2011.
RECORD HIGH DAILY MINIMUM TEMPERATURE OF 64 DEGREES WAS TIED ON THE 29TH. THIS
VALUE WAS PREVIOUSLY ESTABLISHED IN 1905.
#FINAL-09-21#