000
CXUS53 KFSD 011415
CF6MHE
PRELIMINARY LOCAL CLIMATOLOGICAL DATA (WS FORM: F-6)
STATION: MITCHELL SD
MONTH: JUNE
YEAR: 2020
LATITUDE: 43 46 N
LONGITUDE: 98 2 W
TEMPERATURE IN F: :PCPN: SNOW: WIND :SUNSHINE: SKY :PK WND
================================================================================
1 2 3 4 5 6A 6B 7 8 9 10 11 12 13 14 15 16 17 18
12Z AVG MX 2MIN
DY MAX MIN AVG DEP HDD CDD WTR SNW DPTH SPD SPD DIR MIN PSBL S-S WX SPD DR
================================================================================
1 97 66 82 18 0 17 0.00 0.0 0 7.9 20 160 M M 0 27 160
2 92 67 80 15 0 15 0.02 0.0 0 7.9 30 10 M M 0 3 37 360
3 84 60 72 7 0 7 0.03 0.0 0 6.3 14 220 M M 2 3 21 210
4 89 60 75 9 0 10 0.00 0.0 0 6.0 20 10 M M 0 1 25 10
5 84 59 72 6 0 7 0.00 0.0 0 8.5 15 60 M M 0 23 50
6 85 63 74 8 0 9 0.21 0.0 0 20.2 36 130 M M 2 3 47 120
7 98 77 88 21 0 23 T 0.0 0 21.0 35 170 M M 1 52 160
8 87 68 78 11 0 13 0.80 0.0 0 14.1 33 170 M M 3 13 47 170
9 69 56 63 -4 2 0 2.11 0.0 0 18.9 36 350 M M 10 13 54 350
10 75 53 64 -4 1 0 0.00 0.0 0 16.3 28 310 M M 1 36 310
11 83 56 70 2 0 5 0.00 0.0 0 10.2 20 300 M M 1 27 290
12 89 63 76 8 0 11 0.00 0.0 0 9.2 20 140 M M 1 24 140
13 92 65 79 10 0 14 0.00 0.0 0 15.6 25 130 M M 1 33 120
14 94 66 80 11 0 15 0.11 0.0 0 22.6 36 150 M M 0 3 47 150
15 93 72 83 13 0 18 0.02 0.0 0 16.7 29 160 M M 1 3 46 180
16 95 73 84 14 0 19 0.00 0.0 0 23.3 36 160 M M 0 53 180
17 96 74 85 15 0 20 0.00 0.0 0 23.4 33 170 M M 1 3 49 190
18 82 62 72 1 0 7 0.53 0.0 0 8.1 18 320 M M 6 13 25 310
19 76 58 67 -4 0 2 0.00 0.0 0 5.8 14 310 M M 1 19 320
20 79 62 71 0 0 6 0.09 0.0 0 7.9 16 170 M M 5 1 22 170
21 79 63 71 -1 0 6 T 0.0 0 5.5 17 30 M M 2 23 30
22 75 59 67 -5 0 2 0.25 0.0 0 6.9 20 60 M M 4 13 25 50
23 76 54 65 -7 0 0 0.00 0.0 0 7.5 17 350 M M 2 24 340
24 83 61 72 0 0 7 0.00 0.0 0 5.0 14 260 M M 0 18 270
25 88 63 76 3 0 11 0.55 0.0 0 11.5 47 310 M M 2 13 66 310
26 86 67 77 4 0 12 0.16 0.0 0 4.6 17 70 M M 3 3 25 50
27 88 67 78 5 0 13 0.00 0.0 0 8.1 15 140 M M 1 1 21 150
28 86 72 79 5 0 14 0.00 0.0 0 15.7 25 140 M M 0 36 150
29 87 76 82 8 0 17 0.00 0.0 0 15.0 25 150 M M 2 36 150
30 90 68 79 5 0 14 0.36 0.0 0 13.6 24 170 M M 7 13 33 150
================================================================================
SM 2577 1930 3 314 5.24 0.0 363.3 M 59
================================================================================
AV 85.9 64.3 12.1 FASTST M M 2 MAX(MPH)
MISC ----> 47 310 66 310
================================================================================
NOTES:
# LAST OF SEVERAL OCCURRENCES
- COLUMN 17 PEAK WIND IN M.P.H.
- PRECIPITATION AMOUNTS IN COLUMNS 7, 8, AND 9 ARE THE OFFICIAL PRECIPITATION
AMOUNTS FOR MITCHELL, SD.
- SNOW DEPTH IN COLUMN 9 IS RECORDED AT 6 AM CST (12Z)
PRELIMINARY LOCAL CLIMATOLOGICAL DATA (WS FORM: F-6) , PAGE 2
STATION: MITCHELL SD
MONTH: JUNE
YEAR: 2020
LATITUDE: 43 46 N
LONGITUDE: 98 2 W
[TEMPERATURE DATA] [PRECIPITATION DATA] SYMBOLS USED IN COLUMN 16
AVERAGE MONTHLY: 75.1 TOTAL FOR MONTH: 5.24 1 = FOG OR MIST
DPTR FM NORMAL: 5.6 DPTR FM NORMAL: 1.11 2 = FOG REDUCING VISIBILITY
HIGHEST: 98 ON 7 GRTST 24HR 2.11 ON 9- 9 TO 1/4 MILE OR LESS
LOWEST: 53 ON 10 3 = THUNDER
SNOW, ICE PELLETS, HAIL 4 = ICE PELLETS
TOTAL MONTH: 0.0 INCH 5 = HAIL
GRTST 24HR 0.0 6 = FREEZING RAIN OR DRIZZLE
GRTST DEPTH: 0 7 = DUSTSTORM OR SANDSTORM:
VSBY 1/2 MILE OR LESS
8 = SMOKE OR HAZE
[NO. OF DAYS WITH] [WEATHER - DAYS WITH] 9 = BLOWING SNOW
X = TORNADO
MAX 32 OR BELOW: 0 0.01 INCH OR MORE: 13
MAX 90 OR ABOVE: 9 0.10 INCH OR MORE: 9
MIN 32 OR BELOW: 0 0.50 INCH OR MORE: 4
MIN 0 OR BELOW: 0 1.00 INCH OR MORE: 1
[HDD (BASE 65) ]
TOTAL THIS MO. 3 CLEAR (SCALE 0-3) 24
DPTR FM NORMAL -32 PTCLDY (SCALE 4-7) 5
TOTAL FM JUL 1 7056 CLOUDY (SCALE 8-10) 1
DPTR FM NORMAL -187
[CDD (BASE 65) ]
TOTAL THIS MO. 314
DPTR FM NORMAL 144 [PRESSURE DATA]
TOTAL FM JAN 1 336 HIGHEST SLP 30.25 ON 12
DPTR FM NORMAL 126 LOWEST SLP 29.43 ON 7
[REMARKS]
RECORD DAILY HIGH MAXIMUM TEMPERATURE SET ON THE 7TH WITH A
HIGH OF 98 DEGREES. THE PREVIOUS RECORD WAS 97 DEGREES IN 1987.
RECORD DAILY HIGH MINIMUM TEMPERATURE SET ON THE 7TH WITH A
LOW OF 77 DEGREES. THE PREVIOUS RECORD WAS 72 DEGREES IN 1987.
RECORD DAILY HIGH MINIMUM TEMPERATURE SET ON THE 16TH WITH A
LOW OF 73 DEGREES. THE PREVIOUS RECORD WAS 72 DEGREES IN 2018.
RECORD DAILY HIGH MINIMUM TEMPERATURE SET ON THE 17TH WITH A
LOW OF 74 DEGREES. THE PREVIOUS RECORD WAS 71 DEGREES IN 1906
AND 1929.
#FINAL-06-20#