000
CXUS56 KMFR 010930
CF6MHS
PRELIMINARY LOCAL CLIMATOLOGICAL DATA (WS FORM: F-6)
STATION: MT SHASTA CITY CA
MONTH: JUNE
YEAR: 2021
LATITUDE: 41 19 N
LONGITUDE: 122 19 W
TEMPERATURE IN F: :PCPN: SNOW: WIND :SUNSHINE: SKY :PK WND
================================================================================
1 2 3 4 5 6A 6B 7 8 9 10 11 12 13 14 15 16 17 18
12Z AVG MX 2MIN
DY MAX MIN AVG DEP HDD CDD WTR SNW DPTH SPD SPD DIR MIN PSBL S-S WX SPD DR
================================================================================
1 98 56 77 19 0 12 0.00 M M 0.6 5 120 M M 0 9 160
2 97 54 76 18 0 11 0.00 M M 0.7 7 100 M M 0 13 150
3 95 56 76 17 0 11 0.00 M M 2.8 9 320 M M 0 8 20 330
4 88 58 73 14 0 8 0.00 M M 3.0 10 340 M M 0 21 360
5 84 53 69 10 0 4 0.00 M M 4.2 10 310 M M 0 22 340
6 78 44 61 2 4 0 0.00 M M 4.4 10 340 M M 0 20 290
7 73 43 58 -1 7 0 0.00 M M 3.6 12 350 M M 4 24 350
8 65 44 55 -5 10 0 0.05 M M 2.1 8 340 M M 7 1 17 320
9 68 41 55 -5 10 0 0.05 M M 1.3 10 10 M M 5 1 21 350
10 65 42 54 -6 11 0 T M M 0.9 8 80 M M 6 13 60
11 63 50 57 -3 8 0 0.00 M M 1.3 10 80 M M 9 18 60
12 77 47 62 2 3 0 0.00 M M 0.3 5 130 M M 6 12 140
13 81 62 72 11 0 7 0.00 M M 0.9 6 130 M M 6 14 130
14 74 51 63 2 2 0 0.10 M M 1.8 5 99 M M 8 1 M M
15 75 43 59 -2 6 0 0.00 M M 2.7 10 340 M M 1 19 10
16 85 45 65 3 0 0 0.00 M M 3.3 9 300 M M 0 17 290
17 89 53 71 9 0 6 0.00 M M 2.9 8 330 M M 0 17 330
18 93 57 75 13 0 10 0.00 M M 3.2 10 350 M M 0 19 350
19 98 56 77 15 0 12 0.00 M M 1.5 8 290 M M 0 14 300
20 99 56 78 15 0 13 0.00 M M 0.9 6 100 M M 0 11 140
21 95 53 74 11 0 9 0.00 M M 1.5 7 90 M M 0 13 130
22 90 54 72 9 0 7 0.00 M M 1.0 6 90 M M 0 15 130
23 88 51 70 6 0 5 0.00 M M 0.3 7 80 M M 0 12 70
24 92 48 70 6 0 5 T M M 0.4 17 90 M M 1 33 90
25 94 53 74 10 0 9 0.00 M M 2.0 8 330 M M 0 16 310
26 96 58 77 13 0 12 0.00 M M 1.7 8 300 M M 0 17 280
27 103 63 83 18 0 18 0.00 M M 0.4 9 90 M M 0 8 14 100
28 101 61 81 16 0 16 0.00 M M 0.7 6 90 M M 0 13 140
29 99 57 78 13 0 13 0.00 M M 0.6 7 290 M M 0 14 300
30 97 58 78 12 0 13 0.00 M M 1.3 7 90 M M 1 8 13 90
================================================================================
SM 2600 1567 61 201 0.20 M 52.3 M 54
================================================================================
AV 86.7 52.2 1.7 FASTST M M 2 MAX(MPH)
MISC ----> 17 90 33 90
================================================================================
NOTES:
# LAST OF SEVERAL OCCURRENCES
COLUMN 17 PEAK WIND IN M.P.H.
PRELIMINARY LOCAL CLIMATOLOGICAL DATA (WS FORM: F-6) , PAGE 2
STATION: MT SHASTA CITY CA
MONTH: JUNE
YEAR: 2021
LATITUDE: 41 19 N
LONGITUDE: 122 19 W
[TEMPERATURE DATA] [PRECIPITATION DATA] SYMBOLS USED IN COLUMN 16
AVERAGE MONTHLY: 69.5 TOTAL FOR MONTH: 0.20 1 = FOG OR MIST
DPTR FM NORMAL: 7.8 DPTR FM NORMAL: -0.92 2 = FOG REDUCING VISIBILITY
HIGHEST: 103 ON 27 GRTST 24HR 0.10 ON 14-14 TO 1/4 MILE OR LESS
LOWEST: 41 ON 9 3 = THUNDER
SNOW, ICE PELLETS, HAIL 4 = ICE PELLETS
TOTAL MONTH: M 5 = HAIL
GRTST 24HR M ON M 6 = FREEZING RAIN OR DRIZZLE
GRTST DEPTH: M ON M 7 = DUSTSTORM OR SANDSTORM:
VSBY 1/2 MILE OR LESS
8 = SMOKE OR HAZE
[NO. OF DAYS WITH] [WEATHER - DAYS WITH] 9 = BLOWING SNOW
X = TORNADO
MAX 32 OR BELOW: 0 0.01 INCH OR MORE: 3
MAX 90 OR ABOVE: 15 0.10 INCH OR MORE: 0
MIN 32 OR BELOW: 0 0.50 INCH OR MORE: 0
MIN 0 OR BELOW: 0 1.00 INCH OR MORE: 0
[HDD (BASE 65) ]
TOTAL THIS MO. 61 CLEAR (SCALE 0-3) 22
DPTR FM NORMAL -79 PTCLDY (SCALE 4-7) 7
TOTAL FM JUL 1 4952 CLOUDY (SCALE 8-10) 1
DPTR FM NORMAL -675
[CDD (BASE 65) ]
TOTAL THIS MO. 201
DPTR FM NORMAL 163 [PRESSURE DATA]
TOTAL FM JAN 1 214 HIGHEST SLP M ON M
DPTR FM NORMAL 168 LOWEST SLP 29.74 ON 7
[REMARKS]
#FINAL-06-21#