000
CXUS56 KMFR 011000
CF6MHS
PRELIMINARY LOCAL CLIMATOLOGICAL DATA (WS FORM: F-6)
STATION: MT SHASTA CITY CA
MONTH: MAY
YEAR: 2020
LATITUDE: 41 19 N
LONGITUDE: 122 19 W
TEMPERATURE IN F: :PCPN: SNOW: WIND :SUNSHINE: SKY :PK WND
================================================================================
1 2 3 4 5 6A 6B 7 8 9 10 11 12 13 14 15 16 17 18
12Z AVG MX 2MIN
DY MAX MIN AVG DEP HDD CDD WTR SNW DPTH SPD SPD DIR MIN PSBL S-S WX SPD DR
================================================================================
1 72 35 54 3 11 0 0.00 M M 1.0 7 80 M M 3 14 240
2 60 38 49 -2 16 0 0.10 M M 3.1 9 350 M M 5 1 17 350
3 62 33 48 -3 17 0 0.00 M M 1.6 8 300 M M 1 15 300
4 72 29 51 0 14 0 0.00 M M 0.9 12 90 M M 0 8 17 90
5 73 38 56 4 9 0 0.00 M M 1.2 8 320 M M 2 17 320
6 65 39 52 0 13 0 0.00 M M 5.4 12 290 M M 0 24 300
7 78 33 56 4 9 0 0.00 M M 2.4 9 300 M M 0 17 300
8 85 38 62 10 3 0 0.00 M M 0.6 7 340 M M 0 12 340
9 86 44 65 12 0 0 0.00 M M 0.1 6 220 M M 0 15 200
10 80 43 62 9 3 0 0.00 M M 0.9 7 90 M M 0 14 140
11 61 42 52 -1 13 0 0.11 M M 2.4 9 90 M M 6 1 17 220
12 56 43 50 -4 15 0 0.24 M M 2.4 9 130 M M 8 1 16 140
13 49 41 45 -9 20 0 0.04 M M 1.5 9 90 M M 9 1 16 90
14 54 42 48 -6 17 0 0.05 M M 1.3 8 90 M M 9 1 12 70
15 68 33 51 -3 14 0 0.00 M M 0.6 6 90 M M 1 9 130
16 62 46 54 0 11 0 0.50 M M 1.3 7 90 M M 6 1 14 130
17 58 41 50 -5 15 0 1.50 M M 2.2 9 90 M M 9 1 17 80
18 53 37 45 -10 20 0 0.29 M M 0.4 6 130 M M 7 1 11 140
19 59 39 49 -6 16 0 0.01 M M 3.8 12 310 M M 5 21 300
20 66 42 54 -2 11 0 T M M 3.6 9 10 M M 3 20 20
21 67 36 52 -4 13 0 T M M 2.8 10 340 M M 3 19 360
22 59 37 48 -8 17 0 0.00 M M 4.8 13 300 M M 1 24 310
23 70 34 52 -4 13 0 0.00 M M 2.9 9 310 M M 0 19 280
24 78 41 60 4 5 0 0.00 M M 3.3 9 290 M M 0 18 300
25 86 48 67 10 0 2 0.00 M M 2.5 9 340 M M 1 17 280
26 83 53 68 11 0 3 0.00 M M 2.0 8 290 M M 1 16 300
27 89 54 72 15 0 7 0.00 M M 0.3 4 99 0 0 0 M M
28 90 52 71 14 0 6 0.00 M M 0.3 6 90 M M 0 8 10 80
29 89 53 71 13 0 6 0.00 M M 0.4 8 90 M M 0 13 80
30 67 48 58 0 7 0 0.55 M M 2.2 7 80 M M 8 1 14 130
31 71 45 58 0 7 0 0.00 M M 0.3 6 90 M M 3 1 10 90
================================================================================
SM 2168 1277 309 24 3.39 M 58.5 0 91
================================================================================
AV 69.9 41.2 1.9 FASTST 0 0 3 MAX(MPH)
MISC ----> # 13 300 # 24 300
================================================================================
NOTES:
# LAST OF SEVERAL OCCURRENCES
COLUMN 17 PEAK WIND IN M.P.H.
PRELIMINARY LOCAL CLIMATOLOGICAL DATA (WS FORM: F-6) , PAGE 2
STATION: MT SHASTA CITY CA
MONTH: MAY
YEAR: 2020
LATITUDE: 41 19 N
LONGITUDE: 122 19 W
[TEMPERATURE DATA] [PRECIPITATION DATA] SYMBOLS USED IN COLUMN 16
AVERAGE MONTHLY: 55.6 TOTAL FOR MONTH: 3.39 1 = FOG OR MIST
DPTR FM NORMAL: 1.2 DPTR FM NORMAL: 1.17 2 = FOG REDUCING VISIBILITY
HIGHEST: 90 ON 28 GRTST 24HR 1.50 ON 17-17 TO 1/4 MILE OR LESS
LOWEST: 29 ON 4 3 = THUNDER
SNOW, ICE PELLETS, HAIL 4 = ICE PELLETS
TOTAL MONTH: M 5 = HAIL
GRTST 24HR M ON M 6 = FREEZING RAIN OR DRIZZLE
GRTST DEPTH: M ON M 7 = DUSTSTORM OR SANDSTORM:
VSBY 1/2 MILE OR LESS
8 = SMOKE OR HAZE
[NO. OF DAYS WITH] [WEATHER - DAYS WITH] 9 = BLOWING SNOW
X = TORNADO
MAX 32 OR BELOW: 0 0.01 INCH OR MORE: 10
MAX 90 OR ABOVE: 1 0.10 INCH OR MORE: 7
MIN 32 OR BELOW: 1 0.50 INCH OR MORE: 3
MIN 0 OR BELOW: 0 1.00 INCH OR MORE: 1
[HDD (BASE 65) ]
TOTAL THIS MO. 309 CLEAR (SCALE 0-3) 20
DPTR FM NORMAL -28 PTCLDY (SCALE 4-7) 8
TOTAL FM JUL 1 5228 CLOUDY (SCALE 8-10) 3
DPTR FM NORMAL -324
[CDD (BASE 65) ]
TOTAL THIS MO. 24
DPTR FM NORMAL 16 [PRESSURE DATA]
TOTAL FM JAN 1 24 HIGHEST SLP 30.50 ON 6
DPTR FM NORMAL 16 LOWEST SLP 29.69 ON 11
[REMARKS]
#FINAL-05-20#