000
CXUS53 KDMX 010810
CF6MIW
PRELIMINARY LOCAL CLIMATOLOGICAL DATA (WS FORM: F-6)
STATION: MARSHALLTOWN IA
MONTH: AUGUST
YEAR: 2022
LATITUDE: 42 6 N
LONGITUDE: 92 55 W
TEMPERATURE IN F: :PCPN: SNOW: WIND :SUNSHINE: SKY :PK WND
================================================================================
1 2 3 4 5 6A 6B 7 8 9 10 11 12 13 14 15 16 17 18
12Z AVG MX 2MIN
DY MAX MIN AVG DEP HDD CDD WTR SNW DPTH SPD SPD DIR MIN PSBL S-S WX SPD DR
================================================================================
1 85 64 75 3 0 10 0.00 0.0 0 7.0 14 300 M M 0 19 290
2 95 66 81 9 0 16 0.02 0.0 0 12.3 22 170 M M 1 3 33 170
3 91 64 78 6 0 13 0.08 0.0 0 8.1 16 340 M M 2 22 200
4 84 56 70 -2 0 5 0.00 0.0 0 5.5 13 360 M M 0 17 10
5 88 61 75 3 0 10 0.00 0.0 0 7.1 16 130 M M 0 22 130
6 96 72 84 12 0 19 0.00 0.0 0 8.9 15 30 M M 1 1 21 170
7 88 74 81 9 0 16 0.18 0.0 0 7.7 20 190 M M 6 13 28 200
8 78 60 69 -3 0 4 0.00 0.0 0 10.5 22 340 M M 5 1 29 350
9 83 52 68 -3 0 3 0.00 0.0 0 3.5 8 120 M M 0 1 12 110
10 88 56 72 1 0 7 0.00 0.0 0 1.5 7 110 M M 0 1 10 70
11 83 60 72 1 0 7 0.41 0.0 0 5.5 20 50 M M 3 138 26 50
12 77 66 72 1 0 7 0.00 0.0 0 13.8 24 120 M M 3 33 120
13 86 67 77 6 0 12 T 0.0 0 11.5 22 310 M M 5 30 200
14 74 63 69 -2 0 4 0.00 0.0 0 7.5 15 10 M M 8 21 350
15 74 55 65 -6 0 0 0.05 0.0 0 4.5 10 100 M M 4 12 13 80
16 81 58 70 0 0 5 0.00 0.0 0 6.8 15 80 M M 1 1 20 70
17 83 54 69 -1 0 4 0.00 0.0 0 2.8 8 70 M M 1 12 50
18 85 56 71 1 0 6 T 0.0 0 6.4 23 350 M M 2 3 35 360
19 83 61 72 2 0 7 0.04 0.0 0 8.0 21 200 M M 4 13 30 200
20 78 61 70 0 0 5 0.24 0.0 0 6.5 20 330 M M 8 1 25 340
21 76 58 67 -3 0 2 0.00 0.0 0 4.7 12 360 M M 5 128 15 360
22 81 53 67 -2 0 2 0.00 0.0 0 3.5 9 30 M M 4 128 18 10
23 83 52 68 -1 0 3 T 0.0 0 3.6 8 100 M M 1 11 130
24 86 63 75 6 0 10 0.00 0.0 0 6.4 16 220 M M 5 22 210
25 82 61 72 3 0 7 0.00 0.0 0 7.2 14 320 M M 4 1 18 360
26 82 54 68 -1 0 3 0.00 0.0 0 5.8 13 140 M M 1 12 18 150
27 87 67 77 9 0 12 1.12 0.0 0 10.5 23 260 M M 3 123 34 260
28 85 67 76 8 0 11 1.16 0.0 0 9.5 21 200 M M 6 13 28 210
29 80 60 70 2 0 5 0.03 0.0 0 7.7 20 330 M M 1 1 25 330
30 79 54 67 -1 0 2 0.00 0.0 0 9.2 18 310 M M 0 27 310
31 84 54 69 1 0 4 0.00 0.0 0 6.9 21 320 M M 2 27 310
================================================================================
SM 2585 1869 0 221 3.33 0.0 220.4 M 86
================================================================================
AV 83.4 60.3 7.1 FASTST M M 3 MAX(MPH)
MISC ----> 24 120 35 360
================================================================================
NOTES:
# LAST OF SEVERAL OCCURRENCES
COLUMN 17 PEAK WIND IN M.P.H.
PRELIMINARY LOCAL CLIMATOLOGICAL DATA (WS FORM: F-6) , PAGE 2
STATION: MARSHALLTOWN IA
MONTH: AUGUST
YEAR: 2022
LATITUDE: 42 6 N
LONGITUDE: 92 55 W
[TEMPERATURE DATA] [PRECIPITATION DATA] SYMBOLS USED IN COLUMN 16
AVERAGE MONTHLY: 71.8 TOTAL FOR MONTH: 3.33 1 = FOG OR MIST
DPTR FM NORMAL: 1.6 DPTR FM NORMAL: -0.55 2 = FOG REDUCING VISIBILITY
HIGHEST: 96 ON 6 GRTST 24HR 2.28 ON 27-28 TO 1/4 MILE OR LESS
LOWEST: 52 ON 23, 9 3 = THUNDER
SNOW, ICE PELLETS, HAIL 4 = ICE PELLETS
TOTAL MONTH: 0.0 INCH 5 = HAIL
GRTST 24HR 0.0 6 = FREEZING RAIN OR DRIZZLE
GRTST DEPTH: 0 7 = DUSTSTORM OR SANDSTORM:
VSBY 1/2 MILE OR LESS
8 = SMOKE OR HAZE
[NO. OF DAYS WITH] [WEATHER - DAYS WITH] 9 = BLOWING SNOW
X = TORNADO
MAX 32 OR BELOW: 0 0.01 INCH OR MORE: 10
MAX 90 OR ABOVE: 3 0.10 INCH OR MORE: 5
MIN 32 OR BELOW: 0 0.50 INCH OR MORE: 2
MIN 0 OR BELOW: 0 1.00 INCH OR MORE: 2
[HDD (BASE 65) ]
TOTAL THIS MO. 0 CLEAR (SCALE 0-3) 19
DPTR FM NORMAL -17 PTCLDY (SCALE 4-7) 12
TOTAL FM JUL 1 0 CLOUDY (SCALE 8-10) 0
DPTR FM NORMAL -21
[CDD (BASE 65) ]
TOTAL THIS MO. 221
DPTR FM NORMAL 41 [PRESSURE DATA]
TOTAL FM JAN 1 808 HIGHEST SLP M ON M
DPTR FM NORMAL 161 LOWEST SLP 29.64 ON 28
[REMARKS]
#FINAL-08-22#