000
CXUS54 KMEG 042213
CF6MKL
PRELIMINARY LOCAL CLIMATOLOGICAL DATA (WS FORM: F-6)
STATION: JACKSON
MONTH: MAY
YEAR: 2023
LATITUDE: 35 35 N
LONGITUDE: 88 55 W
TEMPERATURE IN F: :PCPN: SNOW: WIND :SUNSHINE: SKY :PK WND
================================================================================
1 2 3 4 5 6A 6B 7 8 9 10 11 12 13 14 15 16 17 18
12Z AVG MX 2MIN
DY MAX MIN AVG DEP HDD CDD WTR SNW DPTH SPD SPD DIR MIN PSBL S-S WX SPD DR
================================================================================
1 66 43 55 -10 10 0 0.00 M M 11.5 25 260 M M 0 33 290
2 66 39 53 -12 12 0 0.00 M M 9.4 28 330 M M 0 33 330
3 70 39 55 -10 10 0 0.00 M M 5.1 16 340 M M 0 20 340
4 74 38 56 -10 9 0 0.02 M M 2.2 7 200 M M 1 11 140
5 64 56 60 -6 5 0 0.05 M M 5.4 13 110 M M 7 1 20 100
6 82 58 70 4 0 5 0.00 M M 7.0 17 200 M M 7 22 180
7 87 68 78 12 0 13 0.00 M M 9.7 23 230 M M 2 29 230
8 87 67 77 10 0 12 0.00 M M 9.3 22 240 M M 4 3 25 340
9 86 63 75 8 0 10 0.16 M M 5.4 16 310 M M 2 3 22 20
10 85 65 75 8 0 10 0.84 M M 5.8 23 240 M M 4 13 30 200
11 80 64 72 4 0 7 0.28 M M 4.3 20 150 M M 4 13 28 150
12 78 66 72 4 0 7 0.07 M M 6.2 16 200 M M 6 13 21 200
13 83 64 74 6 0 9 0.34 M M 3.0 12 80 M M 4 13 14 360
14 88 63 76 8 0 11 0.00 M M 1.5 8 300 M M 0 1 11 330
15 90 67 79 10 0 14 1.23 M M 5.0 31 330 M M 3 13 42 340
16 84 66 75 6 0 10 0.50 M M 8.7 18 350 M M 3 18 25 350
17 78 60 69 0 0 4 0.00 M M 4.5 12 20 M M 7 12 13 20
18 83 59 71 1 0 6 0.00 M M 3.8 12 80 M M 3 1 15 90
19 79 65 72 2 0 7 0.00 M M 5.2 13 170 M M 6 18 170
20 74 55 65 -5 0 0 1.54 M M 7.6 20 10 M M 7 138 24 10
21 77 51 64 -6 1 0 0.00 M M 4.2 13 20 M M 0 1 18 40
22 83 55 69 -2 0 4 0.00 M M 3.7 12 40 M M 1 20 10
23 79 62 71 0 0 6 0.00 M M 4.5 12 110 M M 3 1 18 160
24 83 57 70 -1 0 5 0.59 M M 2.0 28 90 M M 3 138 33 90
25 82 56 69 -2 0 4 0.00 M M 6.1 15 20 M M 1 1 20 50
26 79 56 68 -4 0 3 0.00 M M 6.4 15 20 M M 0 20 40
27 80 54 67 -5 0 2 1.41 M M 3.8 25 360 M M 3 13 30 350
28 80 55 68 -4 0 3 0.00 M M 3.9 16 20 M M 0 1 19 20
29 82 52 67 -5 0 2 0.00 M M 2.8 14 350 M M 0 18 350
30 84 58 71 -2 0 6 0.00 M M 2.0 8 120 M M 7 11 110
31 86 61 74 1 0 9 0.00 M M 2.1 12 70 M M 1 1 14 60
================================================================================
SM 2479 1782 47 169 7.03 M 162.1 M 89
================================================================================
AV 80.0 57.5 5.2 FASTST M M 3 MAX(MPH)
MISC ----> 31 330 42 340
================================================================================
NOTES:
# LAST OF SEVERAL OCCURRENCES
COLUMN 17 PEAK WIND IN M.P.H.
PRELIMINARY LOCAL CLIMATOLOGICAL DATA (WS FORM: F-6) , PAGE 2
STATION: JACKSON
MONTH: MAY
YEAR: 2023
LATITUDE: 35 35 N
LONGITUDE: 88 55 W
[TEMPERATURE DATA] [PRECIPITATION DATA] SYMBOLS USED IN COLUMN 16
AVERAGE MONTHLY: 68.7 TOTAL FOR MONTH: 7.03 1 = FOG OR MIST
DPTR FM NORMAL: -0.2 DPTR FM NORMAL: 1.45 2 = FOG REDUCING VISIBILITY
HIGHEST: 90 ON 15 GRTST 24HR 1.61 ON 15-16 TO 1/4 MILE OR LESS
LOWEST: 38 ON 4 3 = THUNDER
SNOW, ICE PELLETS, HAIL 4 = ICE PELLETS
TOTAL MONTH: M 5 = HAIL
GRTST 24HR M ON M 6 = FREEZING RAIN OR DRIZZLE
GRTST DEPTH: M ON M 7 = DUSTSTORM OR SANDSTORM:
VSBY 1/2 MILE OR LESS
8 = SMOKE OR HAZE
[NO. OF DAYS WITH] [WEATHER - DAYS WITH] 9 = BLOWING SNOW
X = TORNADO
MAX 32 OR BELOW: 0 0.01 INCH OR MORE: 12
MAX 90 OR ABOVE: 1 0.10 INCH OR MORE: 9
MIN 32 OR BELOW: 0 0.50 INCH OR MORE: 6
MIN 0 OR BELOW: 0 1.00 INCH OR MORE: 3
[HDD (BASE 65) ]
TOTAL THIS MO. 47 CLEAR (SCALE 0-3) 18
DPTR FM NORMAL 1 PTCLDY (SCALE 4-7) 13
TOTAL FM JUL 1 3155 CLOUDY (SCALE 8-10) 0
DPTR FM NORMAL -362
[CDD (BASE 65) ]
TOTAL THIS MO. 169
DPTR FM NORMAL 1 [PRESSURE DATA]
TOTAL FM JAN 1 208 HIGHEST SLP 30.19 ON 14
DPTR FM NORMAL -21 LOWEST SLP 29.74 ON 1
[REMARKS]
#FINAL-05-23#