000
CXUS54 KMEG 010900
CF6MKL
PRELIMINARY LOCAL CLIMATOLOGICAL DATA (WS FORM: F-6)
STATION: JACKSON
MONTH: MAY
YEAR: 2022
LATITUDE: 35 35 N
LONGITUDE: 88 55 W
TEMPERATURE IN F: :PCPN: SNOW: WIND :SUNSHINE: SKY :PK WND
================================================================================
1 2 3 4 5 6A 6B 7 8 9 10 11 12 13 14 15 16 17 18
12Z AVG MX 2MIN
DY MAX MIN AVG DEP HDD CDD WTR SNW DPTH SPD SPD DIR MIN PSBL S-S WX SPD DR
================================================================================
1 80 52 66 1 0 1 0.00 M M 6.7 17 270 M M 2 24 240
2 84 48 66 1 0 1 0.00 M M 4.0 20 170 M M 1 3 29 180
3 83 63 73 8 0 8 0.00 M M 12.0 24 190 M M 5 34 190
4 71 56 64 -2 1 0 0.00 M M 6.7 13 360 M M 6 15 360
5 82 59 71 5 0 6 0.81 M M 7.1 23 240 M M 5 1238 29 230
6 69 58 64 -2 1 0 0.18 M M 10.3 25 250 M M 8 13 32 290
7 69 50 60 -6 5 0 0.00 M M 6.8 16 330 M M 7 1 22 340
8 75 45 60 -7 5 0 0.00 M M 4.7 10 110 M M 1 12 16 110
9 81 63 72 5 0 7 0.00 M M 9.7 17 180 M M 4 24 190
10 85 66 76 9 0 11 0.00 M M 7.7 15 190 M M 2 20 200
11 90 64 77 9 0 12 0.00 M M 2.6 10 300 M M 2 1 14 290
12 93 66 80 12 0 15 0.00 M M 2.7 12 50 M M 2 1 14 40
13 85 61 73 5 0 8 1.03 M M 5.9 23 280 M M 5 138 28 290
14 84 61 73 5 0 8 0.00 M M 4.8 13 240 M M 1 1 18 210
15 87 63 75 6 0 10 0.21 M M 4.5 24 300 M M 3 13 34 300
16 79 55 67 -2 0 2 0.00 M M 5.6 15 20 M M 1 20 30
17 83 51 67 -2 0 2 0.00 M M 1.7 9 240 M M 0 13 130
18 87 56 72 2 0 7 0.00 M M 7.4 21 190 M M 0 29 200
19 88 69 79 9 0 14 0.00 M M 10.6 20 200 M M 1 28 210
20 88 70 79 9 0 14 0.00 M M 12.9 28 200 M M 0 37 210
21 86 66 76 6 0 11 0.78 M M 9.0 22 40 M M 5 13 33 320
22 67 61 64 -7 1 0 0.16 M M 9.0 17 30 M M 10 24 30
23 70 59 65 -6 0 0 0.00 M M 8.3 15 50 M M 10 19 30
24 77 63 70 -1 0 5 0.21 M M 6.2 15 170 M M 9 13 22 170
25 79 67 73 2 0 8 0.76 M M 9.8 20 170 M M 6 13 30 190
26 76 57 67 -5 0 2 0.06 M M 10.9 26 230 M M 7 3 34 210
27 67 56 62 -10 3 0 0.00 M M 7.2 16 260 M M 8 21 240
28 76 51 64 -8 1 0 0.00 M M 2.2 10 110 M M 2 12 15 110
29 84 55 70 -2 0 5 0.00 M M 5.3 15 190 M M 0 1 22 200
30 87 65 76 3 0 11 0.00 M M 8.1 18 200 M M 1 25 180
31 89 68 79 6 0 14 0.00 M M 6.1 14 200 M M 1 17 200
================================================================================
SM 2501 1844 17 182 4.20 M 216.5 M 115
================================================================================
AV 80.7 59.5 7.0 FASTST M M 4 MAX(MPH)
MISC ----> 28 200 37 210
================================================================================
NOTES:
# LAST OF SEVERAL OCCURRENCES
COLUMN 17 PEAK WIND IN M.P.H.
PRELIMINARY LOCAL CLIMATOLOGICAL DATA (WS FORM: F-6) , PAGE 2
STATION: JACKSON
MONTH: MAY
YEAR: 2022
LATITUDE: 35 35 N
LONGITUDE: 88 55 W
[TEMPERATURE DATA] [PRECIPITATION DATA] SYMBOLS USED IN COLUMN 16
AVERAGE MONTHLY: 70.1 TOTAL FOR MONTH: 4.20 1 = FOG OR MIST
DPTR FM NORMAL: 1.2 DPTR FM NORMAL: -1.38 2 = FOG REDUCING VISIBILITY
HIGHEST: 93 ON 12 GRTST 24HR 1.03 ON 13-13 TO 1/4 MILE OR LESS
LOWEST: 45 ON 8 3 = THUNDER
SNOW, ICE PELLETS, HAIL 4 = ICE PELLETS
TOTAL MONTH: M 5 = HAIL
GRTST 24HR M ON M 6 = FREEZING RAIN OR DRIZZLE
GRTST DEPTH: M ON M 7 = DUSTSTORM OR SANDSTORM:
VSBY 1/2 MILE OR LESS
8 = SMOKE OR HAZE
[NO. OF DAYS WITH] [WEATHER - DAYS WITH] 9 = BLOWING SNOW
X = TORNADO
MAX 32 OR BELOW: 0 0.01 INCH OR MORE: 9
MAX 90 OR ABOVE: 2 0.10 INCH OR MORE: 8
MIN 32 OR BELOW: 0 0.50 INCH OR MORE: 4
MIN 0 OR BELOW: 0 1.00 INCH OR MORE: 1
[HDD (BASE 65) ]
TOTAL THIS MO. 17 CLEAR (SCALE 0-3) 17
DPTR FM NORMAL -29 PTCLDY (SCALE 4-7) 9
TOTAL FM JUL 1 3251 CLOUDY (SCALE 8-10) 5
DPTR FM NORMAL -266
[CDD (BASE 65) ]
TOTAL THIS MO. 182
DPTR FM NORMAL 14 [PRESSURE DATA]
TOTAL FM JAN 1 241 HIGHEST SLP 30.23 ON 22
DPTR FM NORMAL 12 LOWEST SLP 29.62 ON 6
[REMARKS]
#FINAL-05-22#