000
CXUS54 KMEG 032233
CF6MKL
PRELIMINARY LOCAL CLIMATOLOGICAL DATA (WS FORM: F-6)
STATION: JACKSON
MONTH: JULY
YEAR: 2021
LATITUDE: 35 35 N
LONGITUDE: 88 55 W
TEMPERATURE IN F: :PCPN: SNOW: WIND :SUNSHINE: SKY :PK WND
================================================================================
1 2 3 4 5 6A 6B 7 8 9 10 11 12 13 14 15 16 17 18
12Z AVG MX 2MIN
DY MAX MIN AVG DEP HDD CDD WTR SNW DPTH SPD SPD DIR MIN PSBL S-S WX SPD DR
================================================================================
1 84 71 78 -1 0 13 1.06 M M 2.8 14 330 M M 6 13 17 330
2 84 63 74 -5 0 9 0.00 M M 8.1 18 20 M M 5 1 29 10
3 81 60 71 -8 0 6 T M M 4.9 15 60 M M 0 18 60
4 85 56 71 -8 0 6 0.00 M M 1.5 8 80 M M 0 18 10 90
5 88 62 75 -4 0 10 0.00 M M 2.3 10 90 M M 1 18 13 90
6 89 64 77 -2 0 12 0.00 M M 2.9 10 90 M M 1 12 15 100
7 86 67 77 -2 0 12 0.00 M M 3.5 8 110 M M 4 11 170
8 91 72 82 3 0 17 0.01 M M 7.3 16 240 M M 4 3 20 250
9 87 73 80 0 0 15 0.29 M M 6.5 15 200 M M 3 13 22 230
10 87 73 80 0 0 15 0.01 M M 10.6 22 260 M M 3 29 260
11 85 69 77 -3 0 12 0.67 M M 6.2 22 290 M M 5 13 28 290
12 84 71 78 -2 0 13 0.25 M M 8.1 23 250 M M 6 13 27 230
13 86 70 78 -2 0 13 T M M 6.6 18 220 M M 4 3 22 230
14 90 66 78 -2 0 13 0.00 M M 5.0 12 260 M M 2 1 15 200
15 92 71 82 2 0 17 0.00 M M 7.1 14 230 M M 1 18 230
16 88 72 80 0 0 15 0.40 M M 7.1 22 230 M M 2 138 29 250
17 86 73 80 0 0 15 0.00 M M 4.6 10 190 M M 4 12 210
18 81 72 77 -3 0 12 2.77 M M 3.4 10 10 M M 8 1 14 200
19 82 71 77 -3 0 12 0.23 M M 4.2 15 30 M M 10 138 19 30
20 85 71 78 -2 0 13 T M M 6.5 16 30 M M 4 1 22 40
21 88 69 79 -1 0 14 0.00 M M 4.2 9 50 M M 2 18 13 60
22 90 69 80 0 0 15 0.00 M M 2.7 10 80 M M 1 18 14 30
23 90 69 80 0 0 15 0.00 M M 1.4 8 40 M M 1 128 10 80
24 93 70 82 2 0 17 0.00 M M 3.1 13 80 M M 2 1 15 60
25 94 73 84 4 0 19 0.00 M M 3.8 9 60 M M 0 1 13 230
26 95 74 85 5 0 20 T M M 3.0 16 110 M M 2 13 24 110
27 94 71 83 3 0 18 0.00 M M 2.1 13 310 M M 2 123 15 320
28 93 70 82 2 0 17 0.00 M M 1.4 9 320 M M 1 12 12 350
29 92 68 80 0 0 15 0.00 M M 3.7 10 280 M M 1 12 15 270
30 94 74 84 4 0 19 T M M 3.9 15 260 M M 1 13 21 280
31 95 71 83 3 0 18 0.85 M M 5.8 37 300 M M 1 13 49 330
================================================================================
SM 2739 2145 0 437 6.54 M 144.3 M 87
================================================================================
AV 88.4 69.2 4.7 FASTST M M 3 MAX(MPH)
MISC ----> 37 300 49 330
================================================================================
NOTES:
# LAST OF SEVERAL OCCURRENCES
COLUMN 17 PEAK WIND IN M.P.H.
PRELIMINARY LOCAL CLIMATOLOGICAL DATA (WS FORM: F-6) , PAGE 2
STATION: JACKSON
MONTH: JULY
YEAR: 2021
LATITUDE: 35 35 N
LONGITUDE: 88 55 W
[TEMPERATURE DATA] [PRECIPITATION DATA] SYMBOLS USED IN COLUMN 16
AVERAGE MONTHLY: 78.8 TOTAL FOR MONTH: 6.54 1 = FOG OR MIST
DPTR FM NORMAL: -0.7 DPTR FM NORMAL: 2.17 2 = FOG REDUCING VISIBILITY
HIGHEST: 95 ON 31,26 GRTST 24HR 2.89 ON 18-19 TO 1/4 MILE OR LESS
LOWEST: 56 ON 4 3 = THUNDER
SNOW, ICE PELLETS, HAIL 4 = ICE PELLETS
TOTAL MONTH: M 5 = HAIL
GRTST 24HR M ON M 6 = FREEZING RAIN OR DRIZZLE
GRTST DEPTH: M ON M 7 = DUSTSTORM OR SANDSTORM:
VSBY 1/2 MILE OR LESS
8 = SMOKE OR HAZE
[NO. OF DAYS WITH] [WEATHER - DAYS WITH] 9 = BLOWING SNOW
X = TORNADO
MAX 32 OR BELOW: 0 0.01 INCH OR MORE: 10
MAX 90 OR ABOVE: 13 0.10 INCH OR MORE: 8
MIN 32 OR BELOW: 0 0.50 INCH OR MORE: 4
MIN 0 OR BELOW: 0 1.00 INCH OR MORE: 2
[HDD (BASE 65) ]
TOTAL THIS MO. 0 CLEAR (SCALE 0-3) 19
DPTR FM NORMAL 0 PTCLDY (SCALE 4-7) 11
TOTAL FM JUL 1 0 CLOUDY (SCALE 8-10) 1
DPTR FM NORMAL 0
[CDD (BASE 65) ]
TOTAL THIS MO. 437
DPTR FM NORMAL -12 [PRESSURE DATA]
TOTAL FM JAN 1 910 HIGHEST SLP 30.23 ON 14
DPTR FM NORMAL -111 LOWEST SLP 29.86 ON 11
[REMARKS]
#FINAL-07-21#