000
CXUS54 KMEG 101250
CF6MKL
PRELIMINARY LOCAL CLIMATOLOGICAL DATA (WS FORM: F-6)
STATION: JACKSON
MONTH: MAY
YEAR: 2021
LATITUDE: 35 35 N
LONGITUDE: 88 55 W
TEMPERATURE IN F: :PCPN: SNOW: WIND :SUNSHINE: SKY :PK WND
================================================================================
1 2 3 4 5 6A 6B 7 8 9 10 11 12 13 14 15 16 17 18
12Z AVG MX 2MIN
DY MAX MIN AVG DEP HDD CDD WTR SNW DPTH SPD SPD DIR MIN PSBL S-S WX SPD DR
================================================================================
1 81 47 64 -1 1 0 0.00 M M 3.7 9 200 M M 0 1 13 160
2 71 61 66 1 0 1 0.22 M M 4.9 12 170 M M 7 1 16 160
3 84 64 74 9 0 9 2.23 M M 6.9 18 250 M M 8 13 23 250
4 79 59 69 3 0 4 0.70 M M 8.5 25 320 M M 6 13 33 320
5 68 47 58 -8 7 0 T M M 8.0 21 360 M M 4 1 27 360
6 73 43 58 -8 7 0 0.17 M M 4.8 37 310 M M 1 13 48 310
7 70 42 56 -10 9 0 0.00 M M 5.1 13 230 M M 1 1 19 260
8 73 54 64 -3 1 0 0.08 M M 6.2 14 180 M M 6 18 20 180
9 75 54 65 -2 0 0 0.25 M M 14.0 25 360 M M 7 138 33 200
10 60 46 53 -14 12 0 0.00 M M 7.3 15 20 M M 9 1 19 360
11 70 45 58 -10 7 0 0.13 M M 6.9 17 340 M M 7 1 22 330
12 69 47 58 -10 7 0 0.00 M M 10.1 21 30 M M 3 27 10
13 71 41 56 -12 9 0 0.00 M M 5.3 17 20 M M 0 23 50
14 73 40 57 -11 8 0 0.00 M M 1.9 12 60 M M 0 17 30
15 78 42 60 -9 5 0 0.00 M M 3.8 12 230 M M 2 17 190
16 80 63 72 3 0 7 0.00 M M 6.7 15 240 M M 6 20 240
17 74 64 69 0 0 4 T M M 6.4 16 200 M M 7 22 170
18 74 64 69 -1 0 4 0.06 M M 7.0 17 180 M M 10 18 23 180
19 83 66 75 5 0 10 0.00 M M 6.8 18 150 M M 4 8 29 150
20 83 67 75 5 0 10 0.00 M M 6.3 18 110 M M 0 23 110
21 84 61 73 3 0 8 0.00 M M 3.8 15 120 M M 0 22 170
22 84 58 71 0 0 6 0.00 M M 1.9 12 160 M M 1 1 15 170
23 87 57 72 1 0 7 0.00 M M 1.3 8 170 M M 1 1 11 160
24 88 58 73 2 0 8 0.00 M M 2.0 9 190 M M 1 18 13 190
25 88 64 76 5 0 11 0.00 M M 6.0 18 190 M M 2 26 180
26 76 63 70 -2 0 5 0.23 M M 4.2 10 230 M M 5 18 14 230
27 85 60 73 1 0 8 0.95 M M 3.9 25 350 M M 5 123 31 350
28 79 58 69 -3 0 4 0.45 M M 10.4 24 360 M M 8 13 30 360
29 62 53 58 -14 7 0 0.00 M M 9.9 17 20 M M 10 23 360
30 74 46 60 -13 5 0 0.00 M M 4.8 14 40 M M 1 19 20
31 78 47 63 -10 2 0 0.00 M M 1.7 10 120 M M 0 13 120
================================================================================
SM 2374 1681 87 106 5.47 M 180.5 M 122
================================================================================
AV 76.6 54.2 5.8 FASTST M M 4 MAX(MPH)
MISC ----> 37 310 48 310
================================================================================
NOTES:
# LAST OF SEVERAL OCCURRENCES
COLUMN 17 PEAK WIND IN M.P.H.
PRELIMINARY LOCAL CLIMATOLOGICAL DATA (WS FORM: F-6) , PAGE 2
STATION: JACKSON
MONTH: MAY
YEAR: 2021
LATITUDE: 35 35 N
LONGITUDE: 88 55 W
[TEMPERATURE DATA] [PRECIPITATION DATA] SYMBOLS USED IN COLUMN 16
AVERAGE MONTHLY: 65.4 TOTAL FOR MONTH: 5.47 1 = FOG OR MIST
DPTR FM NORMAL: -3.5 DPTR FM NORMAL: -0.11 2 = FOG REDUCING VISIBILITY
HIGHEST: 88 ON 25,24 GRTST 24HR 2.45 ON 2- 3 TO 1/4 MILE OR LESS
LOWEST: 40 ON 14 3 = THUNDER
SNOW, ICE PELLETS, HAIL 4 = ICE PELLETS
TOTAL MONTH: M 5 = HAIL
GRTST 24HR M ON M 6 = FREEZING RAIN OR DRIZZLE
GRTST DEPTH: M ON M 7 = DUSTSTORM OR SANDSTORM:
VSBY 1/2 MILE OR LESS
8 = SMOKE OR HAZE
[NO. OF DAYS WITH] [WEATHER - DAYS WITH] 9 = BLOWING SNOW
X = TORNADO
MAX 32 OR BELOW: 0 0.01 INCH OR MORE: 11
MAX 90 OR ABOVE: 0 0.10 INCH OR MORE: 9
MIN 32 OR BELOW: 0 0.50 INCH OR MORE: 3
MIN 0 OR BELOW: 0 1.00 INCH OR MORE: 1
[HDD (BASE 65) ]
TOTAL THIS MO. 87 CLEAR (SCALE 0-3) 15
DPTR FM NORMAL 41 PTCLDY (SCALE 4-7) 13
TOTAL FM JUL 1 3576 CLOUDY (SCALE 8-10) 3
DPTR FM NORMAL 59
[CDD (BASE 65) ]
TOTAL THIS MO. 106
DPTR FM NORMAL -62 [PRESSURE DATA]
TOTAL FM JAN 1 140 HIGHEST SLP 30.39 ON 22
DPTR FM NORMAL -89 LOWEST SLP 29.60 ON 3
[REMARKS]
#FINAL-05-21#