000
CXUS54 KMEG 042213
CF6MKL
PRELIMINARY LOCAL CLIMATOLOGICAL DATA (WS FORM: F-6)
STATION: JACKSON
MONTH: MARCH
YEAR: 2021
LATITUDE: 35 35 N
LONGITUDE: 88 55 W
TEMPERATURE IN F: :PCPN: SNOW: WIND :SUNSHINE: SKY :PK WND
================================================================================
1 2 3 4 5 6A 6B 7 8 9 10 11 12 13 14 15 16 17 18
12Z AVG MX 2MIN
DY MAX MIN AVG DEP HDD CDD WTR SNW DPTH SPD SPD DIR MIN PSBL S-S WX SPD DR
================================================================================
1 58 37 48 2 17 0 0.27 M M 8.9 21 350 M M 2 1 27 350
2 48 32 40 -7 25 0 0.00 M M 5.1 13 10 M M 3 18 10
3 63 27 45 -2 20 0 0.00 M M 4.2 13 260 M M 0 16 250
4 72 31 52 5 13 0 0.00 M M 3.4 10 70 M M 0 15 60
5 52 41 47 -1 18 0 T M M 9.9 18 40 M M 4 20 40
6 58 31 45 -3 20 0 0.00 M M 8.1 17 360 M M 0 22 70
7 62 26 44 -4 21 0 0.00 M M 1.9 10 60 M M 0 12 50
8 68 26 47 -2 18 0 0.00 M M 4.5 14 230 M M 0 18 230
9 72 32 52 3 13 0 0.00 M M 6.8 20 210 M M 0 24 230
10 73 55 64 15 1 0 0.00 M M 11.5 21 200 M M 3 28 200
11 73 62 68 18 0 3 0.00 M M 11.7 24 200 M M 7 31 180
12 71 57 64 14 1 0 0.02 M M 8.3 15 260 M M 7 1 19 250
13 61 53 57 7 8 0 0.20 M M 6.6 14 40 M M 10 1 17 40
14 75 52 64 14 1 0 T M M 5.9 12 100 M M 4 16 90
15 75 51 63 12 2 0 0.52 M M 6.2 23 270 M M 5 13 29 290
16 77 44 61 10 4 0 0.00 M M 2.8 9 330 M M 0 8 13 330
17 65 57 61 10 4 0 1.32 M M 7.8 28 250 M M 6 1238 37 250
18 63 43 53 1 12 0 0.08 M M 13.3 23 270 M M 8 18 30 240
19 52 39 46 -6 19 0 0.01 M M 11.3 21 20 M M 10 1 24 10
20 66 37 52 0 13 0 0.00 M M 4.3 14 80 M M 3 20 50
21 67 33 50 -2 15 0 0.00 M M 3.9 13 100 M M 0 17 110
22 70 41 56 3 9 0 0.00 M M 4.8 15 180 M M 5 22 180
23 64 57 61 8 4 0 0.29 M M 8.9 17 170 M M 7 1 25 170
24 75 53 64 11 1 0 0.00 M M 6.8 16 260 M M 1 1 23 170
25 74 53 64 10 1 0 1.08 M M 9.4 28 280 M M 7 13 35 280
26 72 46 59 5 6 0 0.00 M M 3.0 10 340 M M 0 13 340
27 73 53 63 9 2 0 3.68 M M 5.7 31 330 M M 9 13 44 340
28 65 37 51 -3 14 0 0.14 M M 11.6 24 320 M M 4 1 32 320
29 67 32 50 -5 15 0 0.00 M M 4.5 13 200 M M 0 18 200
30 76 50 63 8 2 0 0.77 M M 8.3 24 280 M M 5 13 30 280
31 65 34 50 -5 15 0 0.06 M M 14.2 29 10 M M 7 1 33 10
================================================================================
SM 2072 1322 314 3 8.44 M 223.6 M 117
================================================================================
AV 66.8 42.6 7.2 FASTST M M 4 MAX(MPH)
MISC ----> 31 330 44 340
================================================================================
NOTES:
# LAST OF SEVERAL OCCURRENCES
COLUMN 17 PEAK WIND IN M.P.H.
PRELIMINARY LOCAL CLIMATOLOGICAL DATA (WS FORM: F-6) , PAGE 2
STATION: JACKSON
MONTH: MARCH
YEAR: 2021
LATITUDE: 35 35 N
LONGITUDE: 88 55 W
[TEMPERATURE DATA] [PRECIPITATION DATA] SYMBOLS USED IN COLUMN 16
AVERAGE MONTHLY: 54.7 TOTAL FOR MONTH: 8.44 1 = FOG OR MIST
DPTR FM NORMAL: 3.7 DPTR FM NORMAL: 3.69 2 = FOG REDUCING VISIBILITY
HIGHEST: 77 ON 16 GRTST 24HR 3.82 ON 27-28 TO 1/4 MILE OR LESS
LOWEST: 26 ON 8, 7 3 = THUNDER
SNOW, ICE PELLETS, HAIL 4 = ICE PELLETS
TOTAL MONTH: M 5 = HAIL
GRTST 24HR M ON M 6 = FREEZING RAIN OR DRIZZLE
GRTST DEPTH: M ON M 7 = DUSTSTORM OR SANDSTORM:
VSBY 1/2 MILE OR LESS
8 = SMOKE OR HAZE
[NO. OF DAYS WITH] [WEATHER - DAYS WITH] 9 = BLOWING SNOW
X = TORNADO
MAX 32 OR BELOW: 0 0.01 INCH OR MORE: 13
MAX 90 OR ABOVE: 0 0.10 INCH OR MORE: 9
MIN 32 OR BELOW: 8 0.50 INCH OR MORE: 5
MIN 0 OR BELOW: 0 1.00 INCH OR MORE: 3
[HDD (BASE 65) ]
TOTAL THIS MO. 314 CLEAR (SCALE 0-3) 14
DPTR FM NORMAL -130 PTCLDY (SCALE 4-7) 14
TOTAL FM JUL 1 3256 CLOUDY (SCALE 8-10) 3
DPTR FM NORMAL -73
[CDD (BASE 65) ]
TOTAL THIS MO. 3
DPTR FM NORMAL -7 [PRESSURE DATA]
TOTAL FM JAN 1 4 HIGHEST SLP 30.55 ON 8
DPTR FM NORMAL -7 LOWEST SLP 29.55 ON 17
[REMARKS]
#FINAL-03-21#