000
CXUS54 KMEG 011000
CF6MKL
PRELIMINARY LOCAL CLIMATOLOGICAL DATA (WS FORM: F-6)
STATION: JACKSON
MONTH: DECEMBER
YEAR: 2023
LATITUDE: 35 35 N
LONGITUDE: 88 55 W
TEMPERATURE IN F: :PCPN: SNOW: WIND :SUNSHINE: SKY :PK WND
================================================================================
1 2 3 4 5 6A 6B 7 8 9 10 11 12 13 14 15 16 17 18
12Z AVG MX 2MIN
DY MAX MIN AVG DEP HDD CDD WTR SNW DPTH SPD SPD DIR MIN PSBL S-S WX SPD DR
================================================================================
1 62 43 53 8 12 0 0.29 M M 8.3 18 170 M M 8 12 29 200
2 62 46 54 10 11 0 0.00 M M 5.2 13 360 M M 7 1 16 320
3 58 35 47 3 18 0 0.00 M M 5.6 13 290 M M 5 1 17 260
4 54 42 48 4 17 0 0.00 M M 9.1 22 280 M M 5 29 280
5 60 31 46 2 19 0 0.00 M M 12.5 33 300 M M 2 1 47 280
6 49 28 39 -5 26 0 0.00 M M 5.8 20 350 M M 5 26 360
7 62 27 45 2 20 0 0.00 M M 7.6 15 190 M M 0 23 170
8 64 45 55 12 10 0 0.02 M M 10.2 18 180 M M 8 1 27 180
9 70 47 59 16 6 0 0.32 M M 11.1 20 310 M M 8 13 29 310
10 48 24 36 -7 29 0 0.00 M M 8.3 20 360 M M 1 27 360
11 52 21 37 -5 28 0 0.00 M M 2.7 10 200 M M 0 15 200
12 58 25 42 0 23 0 0.00 M M 1.9 10 260 M M 0 14 250
13 58 29 44 2 21 0 0.00 M M 2.8 10 70 M M 0 16 110
14 65 31 48 6 17 0 0.00 M M 5.0 14 100 M M 0 18 110
15 63 32 48 6 17 0 0.00 M M 3.9 12 100 M M 1 20 140
16 56 49 53 11 12 0 0.02 M M 8.4 16 280 M M 7 24 290
17 49 29 39 -3 26 0 0.00 M M 6.3 15 300 M M 5 27 280
18 49 26 38 -3 27 0 0.00 M M 9.6 25 340 M M 0 33 340
19 46 17 32 -9 33 0 0.00 M M 2.2 9 100 M M 0 15 130
20 53 22 38 -3 27 0 0.00 M M 3.3 13 190 M M 0 17 210
21 57 27 42 1 23 0 0.00 M M 2.4 10 200 M M 0 14 180
22 63 27 45 4 20 0 0.00 M M 4.3 14 200 M M 1 18 190
23 64 50 57 16 8 0 0.14 M M 5.7 14 170 M M 10 12 20 160
24 65 47 56 16 9 0 0.03 M M 5.9 16 160 M M 5 1 26 170
25 61 44 53 13 12 0 0.58 M M 11.0 17 250 M M 10 1 26 230
26 52 26 39 -1 26 0 0.00 M M 3.8 14 260 M M 4 19 270
27 55 25 40 0 25 0 0.00 M M 6.7 20 310 M M 5 26 320
28 43 28 36 -4 29 0 0.00 M M 7.7 15 280 M M 8 21 260
29 39 33 36 -4 29 0 T M M 8.2 14 260 M M 9 1 19 270
30 51 37 44 4 21 0 0.00 M M 7.6 15 230 M M 6 20 230
31 58 30 44 4 21 0 0.00 M M 10.1 17 360 M M 0 22 250
================================================================================
SM 1746 1023 622 0 1.40 M 203.2 M 120
================================================================================
AV 56.3 33.0 6.6 FASTST M M 4 MAX(MPH)
MISC ----> 33 300 47 280
================================================================================
NOTES:
# LAST OF SEVERAL OCCURRENCES
COLUMN 17 PEAK WIND IN M.P.H.
PRELIMINARY LOCAL CLIMATOLOGICAL DATA (WS FORM: F-6) , PAGE 2
STATION: JACKSON
MONTH: DECEMBER
YEAR: 2023
LATITUDE: 35 35 N
LONGITUDE: 88 55 W
[TEMPERATURE DATA] [PRECIPITATION DATA] SYMBOLS USED IN COLUMN 16
AVERAGE MONTHLY: 44.7 TOTAL FOR MONTH: 1.40 1 = FOG OR MIST
DPTR FM NORMAL: 2.9 DPTR FM NORMAL: -3.61 2 = FOG REDUCING VISIBILITY
HIGHEST: 70 ON 9 GRTST 24HR 0.65 ON 30- 1 TO 1/4 MILE OR LESS
LOWEST: 17 ON 19 3 = THUNDER
SNOW, ICE PELLETS, HAIL 4 = ICE PELLETS
TOTAL MONTH: M 5 = HAIL
GRTST 24HR M ON M 6 = FREEZING RAIN OR DRIZZLE
GRTST DEPTH: M ON M 7 = DUSTSTORM OR SANDSTORM:
VSBY 1/2 MILE OR LESS
8 = SMOKE OR HAZE
[NO. OF DAYS WITH] [WEATHER - DAYS WITH] 9 = BLOWING SNOW
X = TORNADO
MAX 32 OR BELOW: 0 0.01 INCH OR MORE: 7
MAX 90 OR ABOVE: 0 0.10 INCH OR MORE: 4
MIN 32 OR BELOW: 19 0.50 INCH OR MORE: 1
MIN 0 OR BELOW: 0 1.00 INCH OR MORE: 0
[HDD (BASE 65) ]
TOTAL THIS MO. 622 CLEAR (SCALE 0-3) 14
DPTR FM NORMAL -98 PTCLDY (SCALE 4-7) 13
TOTAL FM JUL 1 1212 CLOUDY (SCALE 8-10) 4
DPTR FM NORMAL -192
[CDD (BASE 65) ]
TOTAL THIS MO. 0
DPTR FM NORMAL -1 [PRESSURE DATA]
TOTAL FM JAN 1 1705 HIGHEST SLP 30.69 ON 14
DPTR FM NORMAL -11 LOWEST SLP 29.73 ON 25
[REMARKS]
#FINAL-12-23#