509
CXUS54 KMEG 010637
CF6MKL
PRELIMINARY LOCAL CLIMATOLOGICAL DATA (WS FORM: F-6)
STATION: JACKSON
MONTH: AUGUST
YEAR: 2020
LATITUDE: 35 35 N
LONGITUDE: 88 55 W
TEMPERATURE IN F: :PCPN: SNOW: WIND :SUNSHINE: SKY :PK WND
================================================================================
1 2 3 4 5 6A 6B 7 8 9 10 11 12 13 14 15 16 17 18
12Z AVG MX 2MIN
DY MAX MIN AVG DEP HDD CDD WTR SNW DPTH SPD SPD DIR MIN PSBL S-S WX SPD DR
================================================================================
1 78 63 71 -8 0 6 0.17 0.0 0 7.2 17 250 M M 9 1 23 250
2 85 61 73 -6 0 8 0.01 0.0 0 3.5 13 200 M M 4 13 16 180
3 88 65 77 -2 0 12 0.10 0.0 0 4.2 18 330 M M 3 13 27 340
4 82 62 72 -7 0 7 0.00 0.0 0 6.7 16 340 M M 5 1 19 330
5 82 58 70 -9 0 5 0.00 0.0 0 3.1 10 330 M M 0 1 14 330
6 84 61 73 -6 0 8 0.00 0.0 0 4.6 13 10 M M 0 8 17 360
7 88 60 74 -5 0 9 0.00 0.0 0 2.5 10 360 M M 0 1 13 50
8 92 64 78 -1 0 13 0.00 0.0 0 1.1 10 320 M M 0 12 12 340
9 94 72 83 4 0 18 0.00 0.0 0 2.9 13 200 M M 1 15 210
10 96 74 85 6 0 20 0.00 0.0 0 5.2 26 30 M M 0 33 30
11 94 71 83 4 0 18 T 0.0 0 6.4 20 50 M M 2 3 25 10
12 90 69 80 1 0 15 0.86 0.0 0 2.7 15 50 M M 1 13 19 60
13 87 71 79 0 0 14 0.62 0.0 0 3.6 17 330 M M 5 13 22 330
14 87 69 78 -1 0 13 0.16 0.0 0 2.1 16 330 M M 6 123 19 320
15 90 67 79 0 0 14 0.00 0.0 0 3.4 10 10 M M 3 12 15 340
16 89 64 77 -2 0 12 0.00 0.0 0 5.8 17 350 M M 2 1 22 320
17 89 60 75 -4 0 10 0.00 0.0 0 2.8 9 70 M M 0 1 15 40
18 86 64 75 -4 0 10 0.00 0.0 0 5.8 13 330 M M 4 16 290
19 76 67 72 -7 0 7 0.00 0.0 0 7.2 15 20 M M 7 18 20
20 86 63 75 -3 0 10 T 0.0 0 4.4 14 30 M M 2 17 20
21 76 67 72 -6 0 7 1.09 0.0 0 2.7 15 40 M M 6 13 20 40
22 85 66 76 -2 0 11 0.00 0.0 0 3.6 13 340 M M 7 123 15 310
23 88 64 76 -2 0 11 0.00 0.0 0 1.0 7 350 M M 1 1 10 10
24 90 65 78 0 0 13 0.00 0.0 0 1.2 8 60 M M 0 1 11 90
25 90 70 80 2 0 15 T 0.0 0 3.8 16 180 M M 3 1 22 180
26 85 73 79 1 0 14 0.18 0.0 0 3.4 12 100 M M 4 13 16 110
27 86 74 80 2 0 15 0.00 0.0 0 5.7 15 150 M M 2 25 170
28 80 73 77 0 0 12 1.30 0.0 0 12.0 24 210 M M 8 1 35 210
29 89 72 81 4 0 16 0.00 0.0 0 5.7 12 250 M M 3 13 15 240
30 86 72 79 2 0 14 0.16 0.0 0 3.6 13 340 M M 4 13 15 340
31 85 72 79 2 0 14 0.15 0.0 0 3.9 13 170 M M 6 138 18 170
================================================================================
SM 2683 2073 0 371 4.80 0.0 131.8 M 98
================================================================================
AV 86.6 66.9 4.3 FASTST M M 3 MAX(MPH)
MISC ----> # 26 30 # 35 210
================================================================================
NOTES:
# LAST OF SEVERAL OCCURRENCES
COLUMN 17 PEAK WIND IN M.P.H.
PRELIMINARY LOCAL CLIMATOLOGICAL DATA (WS FORM: F-6) , PAGE 2
STATION: JACKSON
MONTH: AUGUST
YEAR: 2020
LATITUDE: 35 35 N
LONGITUDE: 88 55 W
[TEMPERATURE DATA] [PRECIPITATION DATA] SYMBOLS USED IN COLUMN 16
AVERAGE MONTHLY: 76.7 TOTAL FOR MONTH: 4.80 1 = FOG OR MIST
DPTR FM NORMAL: -1.9 DPTR FM NORMAL: 1.80 2 = FOG REDUCING VISIBILITY
HIGHEST: 96 ON 10 GRTST 24HR 1.30 ON 28-28 TO 1/4 MILE OR LESS
LOWEST: 58 ON 5 3 = THUNDER
SNOW, ICE PELLETS, HAIL 4 = ICE PELLETS
TOTAL MONTH: 0.0 INCH 5 = HAIL
GRTST 24HR 0.0 6 = FREEZING RAIN OR DRIZZLE
GRTST DEPTH: 0 7 = DUSTSTORM OR SANDSTORM:
VSBY 1/2 MILE OR LESS
8 = SMOKE OR HAZE
[NO. OF DAYS WITH] [WEATHER - DAYS WITH] 9 = BLOWING SNOW
X = TORNADO
MAX 32 OR BELOW: 0 0.01 INCH OR MORE: 11
MAX 90 OR ABOVE: 8 0.10 INCH OR MORE: 10
MIN 32 OR BELOW: 0 0.50 INCH OR MORE: 4
MIN 0 OR BELOW: 0 1.00 INCH OR MORE: 2
[HDD (BASE 65) ]
TOTAL THIS MO. 0 CLEAR (SCALE 0-3) 17
DPTR FM NORMAL 0 PTCLDY (SCALE 4-7) 13
TOTAL FM JUL 1 0 CLOUDY (SCALE 8-10) 1
DPTR FM NORMAL 0
[CDD (BASE 65) ]
TOTAL THIS MO. 371
DPTR FM NORMAL -49 [PRESSURE DATA]
TOTAL FM JAN 1 1375 HIGHEST SLP M ON M
DPTR FM NORMAL -48 LOWEST SLP 29.65 ON 27
[REMARKS]
#FINAL-08-20#