000
CXUS54 KMEG 010643
CF6MKL
PRELIMINARY LOCAL CLIMATOLOGICAL DATA (WS FORM: F-6)
STATION: JACKSON
MONTH: JULY
YEAR: 2020
LATITUDE: 35 35 N
LONGITUDE: 88 55 W
TEMPERATURE IN F: :PCPN: SNOW: WIND :SUNSHINE: SKY :PK WND
================================================================================
1 2 3 4 5 6A 6B 7 8 9 10 11 12 13 14 15 16 17 18
12Z AVG MX 2MIN
DY MAX MIN AVG DEP HDD CDD WTR SNW DPTH SPD SPD DIR MIN PSBL S-S WX SPD DR
================================================================================
1 85 70 78 -1 0 13 1.12 0.0 0 6.0 28 350 M M 7 13 34 10
2 90 68 79 0 0 14 0.00 0.0 0 1.7 9 320 M M 4 12 12 350
3 92 70 81 2 0 16 0.00 0.0 0 2.0 8 340 M M 2 1 10 320
4 92 69 81 2 0 16 0.00 0.0 0 2.1 13 10 M M 0 1 15 350
5 93 67 80 1 0 15 0.00 0.0 0 2.2 9 350 M M 1 13 11 340
6 91 72 82 3 0 17 0.00 0.0 0 3.3 8 100 M M 0 11 120
7 93 69 81 1 0 16 0.11 0.0 0 1.5 18 200 M M 1 3 22 200
8 91 71 81 1 0 16 0.01 0.0 0 3.6 12 70 M M 2 3 15 60
9 92 72 82 2 0 17 0.00 0.0 0 3.5 12 250 M M 1 15 230
10 92 68 80 0 0 15 0.00 0.0 0 4.9 14 330 M M 2 1 19 300
11 93 64 79 -1 0 14 0.00 0.0 0 3.8 9 300 M M 0 1 13 200
12 88 71 80 0 0 15 0.37 0.0 0 7.6 30 60 M M 2 13 37 60
13 89 67 78 -2 0 13 0.00 0.0 0 2.3 12 30 M M 1 12 14 30
14 92 67 80 0 0 15 0.00 0.0 0 1.6 8 190 M M 1 1 11 190
15 94 68 81 1 0 16 0.00 0.0 0 5.8 12 170 M M 2 16 170
16 94 74 84 4 0 19 0.00 0.0 0 4.6 12 190 M M 1 13 17 190
17 93 72 83 3 0 18 0.00 0.0 0 4.3 28 350 M M 2 13 35 350
18 95 71 83 3 0 18 0.00 0.0 0 4.1 13 200 M M 1 17 190
19 93 70 82 2 0 17 0.00 0.0 0 4.1 13 180 M M 1 13 17 170
20 95 73 84 4 0 19 0.00 0.0 0 5.0 24 20 M M 1 3 29 20
21 94 70 82 2 0 17 0.00 0.0 0 2.9 14 250 M M 1 3 18 250
22 87 71 79 -1 0 14 0.06 0.0 0 2.8 18 200 M M 1 13 23 190
23 85 73 79 -1 0 14 0.33 0.0 0 1.8 8 110 M M 3 13 11 110
24 92 70 81 1 0 16 0.00 0.0 0 2.9 9 80 M M 1 13 13 90
25 92 72 82 2 0 17 0.00 0.0 0 3.0 10 210 M M 1 3 14 200
26 92 73 83 3 0 18 T 0.0 0 3.9 12 110 M M 2 3 15 130
27 92 72 82 2 0 17 0.00 0.0 0 4.8 12 260 M M 1 18 290
28 92 71 82 2 0 17 0.00 0.0 0 2.3 9 280 M M 1 12 260
29 93 71 82 2 0 17 T 0.0 0 4.7 17 260 M M 1 13 23 260
30 90 76 83 4 0 18 0.07 0.0 0 9.8 18 200 M M 3 1 25 230
31 91 72 82 3 0 17 0.05 0.0 0 7.6 21 280 M M 3 13 27 280
================================================================================
SM 2837 2184 0 501 2.12 0.0 120.5 M 50
================================================================================
AV 91.5 70.5 3.9 FASTST M M 2 MAX(MPH)
MISC ----> # 30 60 # 37 60
================================================================================
NOTES:
# LAST OF SEVERAL OCCURRENCES
COLUMN 17 PEAK WIND IN M.P.H.
PRELIMINARY LOCAL CLIMATOLOGICAL DATA (WS FORM: F-6) , PAGE 2
STATION: JACKSON
MONTH: JULY
YEAR: 2020
LATITUDE: 35 35 N
LONGITUDE: 88 55 W
[TEMPERATURE DATA] [PRECIPITATION DATA] SYMBOLS USED IN COLUMN 16
AVERAGE MONTHLY: 81.0 TOTAL FOR MONTH: 2.12 1 = FOG OR MIST
DPTR FM NORMAL: 1.5 DPTR FM NORMAL: -2.37 2 = FOG REDUCING VISIBILITY
HIGHEST: 95 ON 20,18 GRTST 24HR 2.11 ON 30- 1 TO 1/4 MILE OR LESS
LOWEST: 64 ON 11 3 = THUNDER
SNOW, ICE PELLETS, HAIL 4 = ICE PELLETS
TOTAL MONTH: 0.0 INCH 5 = HAIL
GRTST 24HR 0.0 6 = FREEZING RAIN OR DRIZZLE
GRTST DEPTH: 0 7 = DUSTSTORM OR SANDSTORM:
VSBY 1/2 MILE OR LESS
8 = SMOKE OR HAZE
[NO. OF DAYS WITH] [WEATHER - DAYS WITH] 9 = BLOWING SNOW
X = TORNADO
MAX 32 OR BELOW: 0 0.01 INCH OR MORE: 8
MAX 90 OR ABOVE: 26 0.10 INCH OR MORE: 4
MIN 32 OR BELOW: 0 0.50 INCH OR MORE: 1
MIN 0 OR BELOW: 0 1.00 INCH OR MORE: 1
[HDD (BASE 65) ]
TOTAL THIS MO. 0 CLEAR (SCALE 0-3) 26
DPTR FM NORMAL 0 PTCLDY (SCALE 4-7) 5
TOTAL FM JUL 1 0 CLOUDY (SCALE 8-10) 0
DPTR FM NORMAL 0
[CDD (BASE 65) ]
TOTAL THIS MO. 501
DPTR FM NORMAL 52 [PRESSURE DATA]
TOTAL FM JAN 1 1004 HIGHEST SLP M ON M
DPTR FM NORMAL 1 LOWEST SLP 29.76 ON 1
[REMARKS]
#FINAL-07-20#