000
CXUS54 KMEG 010900
CF6MKL
PRELIMINARY LOCAL CLIMATOLOGICAL DATA (WS FORM: F-6)
STATION: JACKSON
MONTH: JULY
YEAR: 2023
LATITUDE: 35 35 N
LONGITUDE: 88 55 W
TEMPERATURE IN F: :PCPN: SNOW: WIND :SUNSHINE: SKY :PK WND
================================================================================
1 2 3 4 5 6A 6B 7 8 9 10 11 12 13 14 15 16 17 18
12Z AVG MX 2MIN
DY MAX MIN AVG DEP HDD CDD WTR SNW DPTH SPD SPD DIR MIN PSBL S-S WX SPD DR
================================================================================
1 90 75 83 4 0 18 0.19 M M 6.2 16 330 M M 2 138 20 290
2 94 74 84 5 0 19 0.12 M M 10.7 22 240 M M 2 3 30 240
3 92 69 81 2 0 16 0.00 M M 3.8 10 200 M M 1 13 200
4 92 70 81 2 0 16 0.79 M M 4.0 22 240 M M 3 13 28 240
5 90 69 80 1 0 15 0.00 M M 4.2 29 330 M M 3 123 35 340
6 90 70 80 1 0 15 T M M 3.5 18 360 M M 2 12 24 360
7 87 73 80 1 0 15 0.14 M M 3.7 13 290 M M 4 13 16 260
8 90 71 81 2 0 16 1.73 M M 6.2 33 20 M M 5 123 40 30
9 73 67 70 -10 0 5 0.61 M M 3.6 12 10 M M 8 13 14 30
10 85 65 75 -5 0 10 0.00 M M 4.5 10 50 M M 3 1 13 50
11 85 60 73 -7 0 8 0.00 M M 1.5 9 210 M M 0 1 13 260
12 92 67 80 0 0 15 0.11 M M 5.0 25 230 M M 3 18 30 250
13 92 73 83 3 0 18 0.00 M M 4.7 12 230 M M 2 14 210
14 85 73 79 -1 0 14 0.24 M M 4.1 26 300 M M 4 13 38 290
15 87 73 80 0 0 15 0.32 M M 6.1 18 250 M M 6 13 21 250
16 89 68 79 -1 0 14 0.00 M M 2.3 8 320 M M 0 18 11 310
17 90 67 79 -1 0 14 0.01 M M 3.0 12 200 M M 1 138 15 200
18 93 71 82 2 0 17 1.05 M M 6.4 31 190 M M 1 13 39 190
19 82 70 76 -4 0 11 0.07 M M 7.0 30 80 M M 2 3 37 80
20 91 73 82 2 0 17 0.19 M M 7.0 17 10 M M 1 13 23 270
21 87 70 79 -1 0 14 0.39 M M 4.6 31 270 M M 6 13 48 260
22 84 64 74 -6 0 9 0.00 M M 4.4 15 340 M M 1 1 18 340
23 87 62 75 -5 0 10 0.00 M M 2.8 8 280 M M 0 1 12 330
24 91 65 78 -2 0 13 0.00 M M 3.9 14 240 M M 0 1 16 230
25 91 68 80 0 0 15 0.00 M M 5.4 14 230 M M 0 1 17 190
26 90 73 82 2 0 17 T M M 8.0 18 230 M M 1 24 240
27 94 75 85 5 0 20 T M M 6.8 14 200 M M 0 1 18 200
28 95 71 83 3 0 18 0.00 M M 4.8 12 250 M M 0 1 17 170
29 95 74 85 5 0 20 0.00 M M 7.3 15 250 M M 0 13 21 280
30 90 71 81 1 0 16 0.02 M M 4.2 17 320 M M 1 13 24 320
31 90 65 78 -2 0 13 0.00 M M 2.2 10 270 M M 0 1 12 60
================================================================================
SM 2763 2156 0 453 5.98 M 151.9 M 62
================================================================================
AV 89.1 69.5 4.9 FASTST M M 2 MAX(MPH)
MISC ----> 33 20 48 260
================================================================================
NOTES:
# LAST OF SEVERAL OCCURRENCES
COLUMN 17 PEAK WIND IN M.P.H.
PRELIMINARY LOCAL CLIMATOLOGICAL DATA (WS FORM: F-6) , PAGE 2
STATION: JACKSON
MONTH: JULY
YEAR: 2023
LATITUDE: 35 35 N
LONGITUDE: 88 55 W
[TEMPERATURE DATA] [PRECIPITATION DATA] SYMBOLS USED IN COLUMN 16
AVERAGE MONTHLY: 79.3 TOTAL FOR MONTH: 5.98 1 = FOG OR MIST
DPTR FM NORMAL: -0.2 DPTR FM NORMAL: 1.61 2 = FOG REDUCING VISIBILITY
HIGHEST: 95 ON 29,28 GRTST 24HR 2.14 ON 8- 9 TO 1/4 MILE OR LESS
LOWEST: 60 ON 11 3 = THUNDER
SNOW, ICE PELLETS, HAIL 4 = ICE PELLETS
TOTAL MONTH: M 5 = HAIL
GRTST 24HR M ON M 6 = FREEZING RAIN OR DRIZZLE
GRTST DEPTH: M ON M 7 = DUSTSTORM OR SANDSTORM:
VSBY 1/2 MILE OR LESS
8 = SMOKE OR HAZE
[NO. OF DAYS WITH] [WEATHER - DAYS WITH] 9 = BLOWING SNOW
X = TORNADO
MAX 32 OR BELOW: 0 0.01 INCH OR MORE: 15
MAX 90 OR ABOVE: 20 0.10 INCH OR MORE: 12
MIN 32 OR BELOW: 0 0.50 INCH OR MORE: 4
MIN 0 OR BELOW: 0 1.00 INCH OR MORE: 2
[HDD (BASE 65) ]
TOTAL THIS MO. 0 CLEAR (SCALE 0-3) 23
DPTR FM NORMAL 0 PTCLDY (SCALE 4-7) 7
TOTAL FM JUL 1 0 CLOUDY (SCALE 8-10) 1
DPTR FM NORMAL 0
[CDD (BASE 65) ]
TOTAL THIS MO. 453
DPTR FM NORMAL 4 [PRESSURE DATA]
TOTAL FM JAN 1 992 HIGHEST SLP 30.21 ON 19
DPTR FM NORMAL -29 LOWEST SLP 29.78 ON 2
[REMARKS]
#FINAL-07-23#