000
CXUS54 KMEG 011534
CLMMKL
CLIMATE REPORT
NATIONAL WEATHER SERVICE MEMPHIS TN
1034 AM CDT FRI SEP 01 2023
...................................
...THE JACKSON CLIMATE SUMMARY FOR THE MONTH OF AUGUST 2023...
CLIMATE NORMAL PERIOD 1991 TO 2020
CLIMATE RECORD PERIOD 1948 TO 2023
WEATHER OBSERVED NORMAL DEPART LAST YEAR`S
VALUE DATE(S) VALUE FROM VALUE DATE(S)
NORMAL
................................................................
TEMPERATURE (F)
RECORD
HIGH 106 08/16/2007
08/15/2007
05/22/20329
LOW 47 08/14/2004
08/13/2004
HIGHEST 99 08/26 90 9 94 08/02
08/07
LOWEST 58 08/31 67 -9 60 08/13
08/14
AVG. MAXIMUM 88.4 89.5 -1.1 88.0
AVG. MINIMUM 67.5 67.1 0.4 68.0
MEAN 78.0 78.3 -0.3 78.0
DAYS MAX >= 90 12 16.5 -4.5 10
DAYS MAX <= 32 0 0.0 0.0 0
DAYS MIN <= 32 0 0.0 0.0 0
DAYS MIN <= 0 0 0.0 0.0 0
PRECIPITATION (INCHES)
RECORD
MAXIMUM 10.24 1974
MINIMUM 0.08 1953
TOTALS 5.70 3.53 2.17 7.31
DAILY AVG. 0.18 0.11 0.07 0.24
DAYS >= .01 10 7.7 2.3 13
DAYS >= .10 5 5.3 -0.3 10
DAYS >= .50 3 2.4 0.6 6
DAYS >= 1.00 2 1.0 1.0 3
GREATEST
24 HR. TOTAL 2.43 08/04 TO 08/04
SNOWFALL (INCHES)
RECORDS
TOTAL MM MM
TOTALS MM MM MM MM
SINCE 7/1 MM MM MM MM
SNOWDEPTH AVG. MM MM
DAYS >= 1.0 MM MM MM MM
GREATEST
SNOW DEPTH MM MM MM
24 HR TOTAL MM
DEGREE DAYS
HEATING TOTAL 0 0 0 0
SINCE 7/1 0 0 0 MM
COOLING TOTAL 409 412 -3 411
SINCE 1/1 1401 1433 -32 MM
................................................................
WIND (MPH)
AVERAGE WIND SPEED 4.3
HIGHEST WIND SPEED/DIRECTION 39/310 DATE 08/05
HIGHEST GUST SPEED/DIRECTION 47/310 DATE 08/05
47/320 08/13
SKY COVER
POSSIBLE SUNSHINE (PERCENT) MM
AVERAGE SKY COVER 0.22
NUMBER OF DAYS FAIR 25
NUMBER OF DAYS PC 5
NUMBER OF DAYS CLOUDY 1
AVERAGE RH (PERCENT) 78
WEATHER CONDITIONS. NUMBER OF DAYS WITH
THUNDERSTORM 12 MIXED PRECIP 0
HEAVY RAIN 4 RAIN 4
LIGHT RAIN 11 FREEZING RAIN 0
LT FREEZING RAIN 0 HAIL 0
HEAVY SNOW 0 SNOW 0
LIGHT SNOW 0 SLEET 0
FOG 25 FOG W/VIS <= 1/4 MILE 6
HAZE 5
- INDICATES NEGATIVE NUMBERS.
R INDICATES RECORD WAS SET OR TIED.
MM INDICATES DATA IS MISSING.
T INDICATES TRACE AMOUNT.
$$