000
CXUS54 KTSA 012014
CF6MKO
PRELIMINARY LOCAL CLIMATOLOGICAL DATA (WS FORM: F-6)
STATION: MUSKOGEE OKLAHOMA
MONTH: MAY
YEAR: 2020
LATITUDE: 35 40 N
LONGITUDE: 95 22 W
TEMPERATURE IN F: :PCPN: SNOW: WIND :SUNSHINE: SKY :PK WND
================================================================================
1 2 3 4 5 6A 6B 7 8 9 10 11 12 13 14 15 16 17 18
12Z AVG MX 2MIN
DY MAX MIN AVG DEP HDD CDD WTR SNW DPTH SPD SPD DIR MIN PSBL S-S WX SPD DR
================================================================================
1 85 53 69 5 0 4 0.00 0.0 0 10.9 23 180 M M 0 35 160
2 86 63 75 11 0 10 0.00 0.0 0 8.8 20 180 M M 1 29 160
3 80 71 76 11 0 11 T 0.0 0 6.1 15 170 M M 9 21 170
4 87 67 77 12 0 12 0.45 0.0 0 12.2 22 350 M M 4 13 33 180
5 76 52 64 -1 1 0 T 0.0 0 11.3 22 10 M M 1 30 10
6 73 49 61 -5 4 0 0.00 0.0 0 5.7 21 20 M M 0 26 20
7 72 48 60 -6 5 0 T 0.0 0 8.7 21 120 M M 3 3 33 120
8 68 46 57 -9 8 0 0.73 0.0 0 14.6 30 10 M M 4 13 41 360
9 69 40 55 -11 10 0 0.00 0.0 0 3.9 15 130 M M 0 24 150
10 68 46 57 -10 8 0 T 0.0 0 8.1 18 360 M M 3 27 360
11 60 50 55 -12 10 0 0.01 0.0 0 8.5 17 60 M M 8 23 50
12 53 48 51 -16 14 0 0.63 0.0 0 9.0 24 120 M M 10 1 36 120
13 77 52 65 -2 0 0 T 0.0 0 10.1 20 120 M M 7 1 27 130
14 82 66 74 6 0 9 T 0.0 0 10.0 20 160 M M 3 29 190
15 M M M M M M 2.48 0.0 0 8.6 22 100 M M 5 138 36 100
16 72 62 67 -1 0 2 0.13 0.0 0 9.9 47 110 M M 9 138 66 110
17 77 56 67 -1 0 2 0.00 0.0 0 10.4 25 340 M M 1 34 320
18 78 52 65 -4 0 0 0.00 0.0 0 6.9 15 300 M M 0 1 22 280
19 76 52 64 -5 1 0 0.00 0.0 0 6.3 14 50 M M 0 20 10
20 80 54 67 -2 0 2 0.00 0.0 0 5.4 12 40 M M 2 16 30
21 79 62 71 1 0 6 T 0.0 0 9.9 20 120 M M 6 28 120
22 82 61 72 2 0 7 0.42 0.0 0 10.1 28 320 M M 4 13 40 340
23 84 67 76 6 0 11 T 0.0 0 9.6 17 190 M M 0 3 26 180
24 84 65 75 5 0 10 0.07 0.0 0 9.8 23 250 M M 1 13 33 260
25 76 63 70 -1 0 5 3.62 0.0 0 7.8 22 360 M M 9 13 30 360
26 73 64 69 -2 0 4 0.04 0.0 0 7.3 17 350 M M 9 1 24 340
27 68 62 65 -6 0 0 0.61 0.0 0 2.3 12 340 M M 9 123 15 320
28 77 60 69 -3 0 4 0.00 0.0 0 4.9 14 340 M M 5 12 19 340
29 83 59 71 -1 0 6 0.00 0.0 0 6.0 15 20 M M 1 1 22 330
30 83 53 68 -4 0 3 0.00 0.0 0 3.5 13 130 M M 0 19 110
31 84 59 72 0 0 7 0.00 0.0 0 5.3 13 100 M M 0 19 120
================================================================================
SM 2292 1702 61 115 9.19 0.0 251.9 M 114
================================================================================
AV 76.4 56.7 8.1 FASTST M M 4 MAX(MPH)
MISC ----> # 47 110 # 66 110
================================================================================
NOTES:
# LAST OF SEVERAL OCCURRENCES
COLUMN 17 PEAK WIND IN M.P.H.
PRELIMINARY LOCAL CLIMATOLOGICAL DATA (WS FORM: F-6) , PAGE 2
STATION: MUSKOGEE OKLAHOMA
MONTH: MAY
YEAR: 2020
LATITUDE: 35 40 N
LONGITUDE: 95 22 W
[TEMPERATURE DATA] [PRECIPITATION DATA] SYMBOLS USED IN COLUMN 16
AVERAGE MONTHLY: 66.6 TOTAL FOR MONTH: 9.19 1 = FOG OR MIST
DPTR FM NORMAL: -1.7 DPTR FM NORMAL: 3.11 2 = FOG REDUCING VISIBILITY
HIGHEST: 87 ON 4 GRTST 24HR 3.62 ON 25-25 TO 1/4 MILE OR LESS
LOWEST: 40 ON 9 3 = THUNDER
SNOW, ICE PELLETS, HAIL 4 = ICE PELLETS
TOTAL MONTH: 0.0 INCH 5 = HAIL
GRTST 24HR 0.0 6 = FREEZING RAIN OR DRIZZLE
GRTST DEPTH: 0 7 = DUSTSTORM OR SANDSTORM:
VSBY 1/2 MILE OR LESS
8 = SMOKE OR HAZE
[NO. OF DAYS WITH] [WEATHER - DAYS WITH] 9 = BLOWING SNOW
X = TORNADO
MAX 32 OR BELOW: 0 0.01 INCH OR MORE: 11
MAX 90 OR ABOVE: 0 0.10 INCH OR MORE: 8
MIN 32 OR BELOW: 0 0.50 INCH OR MORE: 5
MIN 0 OR BELOW: 0 1.00 INCH OR MORE: 2
[HDD (BASE 65) ]
TOTAL THIS MO. 61 CLEAR (SCALE 0-3) 17
DPTR FM NORMAL 22 PTCLDY (SCALE 4-7) 7
TOTAL FM JUL 1 3223 CLOUDY (SCALE 8-10) 7
DPTR FM NORMAL -279
[CDD (BASE 65) ]
TOTAL THIS MO. 115
DPTR FM NORMAL -26 [PRESSURE DATA]
TOTAL FM JAN 1 180 HIGHEST SLP 30.39 ON 11
DPTR FM NORMAL -11 LOWEST SLP 29.62 ON 4
[REMARKS]
#FINAL-05-20#
#FINAL-05-20#