000
CXUS53 KMPX 032124
CF6MKT
PRELIMINARY LOCAL CLIMATOLOGICAL DATA (WS FORM: F-6)
STATION: MANKATO MN
MONTH: JULY
YEAR: 2020
LATITUDE: 44 13 N
LONGITUDE: 93 55 W
TEMPERATURE IN F: :PCPN: SNOW: WIND :SUNSHINE: SKY :PK WND
================================================================================
1 2 3 4 5 6A 6B 7 8 9 10 11 12 13 14 15 16 17 18
12Z AVG MX 2MIN
DY MAX MIN AVG DEP HDD CDD WTR SNW DPTH SPD SPD DIR MIN PSBL S-S WX SPD DR
================================================================================
1 86 69 78 6 0 13 T M M 9.0 21 110 M M 2 28 110
2 89 71 80 8 0 15 0.00 M M 4.1 9 110 M M 1 1 M M
3 88 69 79 7 0 14 0.00 M M 4.7 7 50 M M 0 8 M M
4 89 71 80 8 0 15 0.00 M M 3.2 6 190 M M 0 M M
5 88 70 79 7 0 14 0.00 M M 5.1 10 240 M M 1 M M
6 82 71 77 5 0 12 T M M 6.0 13 280 M M 2 8 M M
7 86 71 79 7 0 14 T M M 4.0 15 340 M M 2 M M
8 91 71 81 9 0 16 0.00 M M 11.0 22 30 M M 1 28 30
9 77 68 73 1 0 8 0.11 M M 5.6 13 170 M M 3 3 20 170
10 83 61 72 0 0 7 0.00 M M 6.3 14 290 M M 1 1 M M
11 83 63 73 1 0 8 0.89 M M 6.3 47 330 M M 3 13 58 340
12 81 61 71 -1 0 6 0.00 M M 5.6 14 320 M M 1 M M
13 83 62 73 1 0 8 0.00 M M 11.3 17 160 M M 2 31 140
14 76 61 69 -3 0 4 0.06 M M 8.5 17 350 M M 7 20 180
15 77 55 66 -6 0 1 0.00 M M 2.3 7 120 M M 0 1 M M
16 83 57 70 -2 0 5 0.00 M M 7.7 13 180 M M 0 18 190
17 86 66 76 4 0 11 0.00 M M 9.2 18 150 M M 3 22 150
18 90 68 79 7 0 14 0.01 M M 12.3 31 130 M M 4 46 320
19 83 65 74 2 0 9 0.00 M M 11.6 20 300 M M 1 30 300
20 81 62 72 0 0 7 0.04 M M 3.4 8 140 M M 1 M M
21 81 62 72 0 0 7 0.01 M M 8.1 16 300 M M 5 21 300
22 73 56 65 -7 0 0 0.00 M M 7.3 12 20 M M 2 M M
23 82 54 68 -4 0 3 0.00 M M 7.8 13 140 M M 2 18 130
24 90 70 80 8 0 15 0.00 M M 10.8 16 190 M M 2 23 200
25 87 67 77 5 0 12 1.89 M M 10.1 22 350 M M 5 13 33 330
26 83 65 74 2 0 9 3.68 M M 8.8 14 320 M M 7 13 17 170
27 81 60 71 -1 0 6 T M M 6.8 15 280 M M 0 M M
28 82 64 73 1 0 8 T M M 6.8 14 310 M M 4 M M
29 82 62 72 0 0 7 0.00 M M 3.6 7 80 M M 0 8 M M
30 79 63 71 -1 0 6 0.00 M M 7.2 12 70 M M 1 8 M M
31 81 61 71 -1 0 6 0.00 M M 3.6 8 360 M M 1 M M
================================================================================
SM 2583 1996 0 280 6.69 M 218.1 M 64
================================================================================
AV 83.3 64.4 7.0 FASTST M M 2 MAX(MPH)
MISC ----> 47 330 58 340
================================================================================
NOTES:
# LAST OF SEVERAL OCCURRENCES
COLUMN 17 PEAK WIND IN M.P.H.
PRELIMINARY LOCAL CLIMATOLOGICAL DATA (WS FORM: F-6) , PAGE 2
STATION: MANKATO MN
MONTH: JULY
YEAR: 2020
LATITUDE: 44 13 N
LONGITUDE: 93 55 W
[TEMPERATURE DATA] [PRECIPITATION DATA] SYMBOLS USED IN COLUMN 16
AVERAGE MONTHLY: 73.9 TOTAL FOR MONTH: 6.69 1 = FOG OR MIST
DPTR FM NORMAL: 1.7 DPTR FM NORMAL: 2.37 2 = FOG REDUCING VISIBILITY
HIGHEST: 91 ON 8 GRTST 24HR 3.68 ON 26-26 TO 1/4 MILE OR LESS
LOWEST: 54 ON 23 3 = THUNDER
SNOW, ICE PELLETS, HAIL 4 = ICE PELLETS
TOTAL MONTH: M 5 = HAIL
GRTST 24HR M ON M 6 = FREEZING RAIN OR DRIZZLE
GRTST DEPTH: M ON M 7 = DUSTSTORM OR SANDSTORM:
VSBY 1/2 MILE OR LESS
8 = SMOKE OR HAZE
[NO. OF DAYS WITH] [WEATHER - DAYS WITH] 9 = BLOWING SNOW
X = TORNADO
MAX 32 OR BELOW: 0 0.01 INCH OR MORE: 8
MAX 90 OR ABOVE: 3 0.10 INCH OR MORE: 4
MIN 32 OR BELOW: 0 0.50 INCH OR MORE: 3
MIN 0 OR BELOW: 0 1.00 INCH OR MORE: 2
[HDD (BASE 65) ]
TOTAL THIS MO. 0 CLEAR (SCALE 0-3) 25
DPTR FM NORMAL -8 PTCLDY (SCALE 4-7) 6
TOTAL FM JUL 1 0 CLOUDY (SCALE 8-10) 0
DPTR FM NORMAL 0
[CDD (BASE 65) ]
TOTAL THIS MO. 280
DPTR FM NORMAL 49 [PRESSURE DATA]
TOTAL FM JAN 1 552 HIGHEST SLP M ON M
DPTR FM NORMAL 136 LOWEST SLP M ON M
[REMARKS]
#FINAL-07-20#