000
CXUS52 KMLB 011250
CF6MLB
PRELIMINARY LOCAL CLIMATOLOGICAL DATA (WS FORM: F-6)
STATION: MELBOURNE
MONTH: APRIL
YEAR: 2020
LATITUDE: 28 6 N
LONGITUDE: 80 39 W
TEMPERATURE IN F: :PCPN: SNOW: WIND :SUNSHINE: SKY :PK WND
================================================================================
1 2 3 4 5 6A 6B 7 8 9 10 11 12 13 14 15 16 17 18
12Z AVG MX 2MIN
DY MAX MIN AVG DEP HDD CDD WTR SNW DPTH SPD SPD DIR MIN PSBL S-S WX SPD DR
================================================================================
1 75 62 69 1 0 4 0.07 0.0 0 12.8 20 310 M M 3 1 25 320
2 75 53 64 -4 1 0 0.00 0.0 0 7.6 14 50 M M 0 18 60
3 76 54 65 -3 0 0 0.00 0.0 0 6.6 14 70 M M 0 19 60
4 81 58 70 2 0 5 0.00 0.0 0 6.6 17 100 M M 1 22 100
5 72 64 68 -1 0 3 0.95 0.0 0 9.4 21 80 M M 7 1 26 70
6 78 68 73 4 0 8 0.01 0.0 0 12.4 18 60 M M 9 23 60
7 81 63 72 3 0 7 0.00 0.0 0 6.8 15 120 M M 3 19 100
8 89 69 79 10 0 14 0.00 0.0 0 8.7 16 300 M M 2 1 22 280
9 91 71 81 12 0 16 0.00 0.0 0 14.9 28 270 M M 3 1 34 270
10 86 67 77 8 0 12 0.09 0.0 0 12.7 22 30 M M 4 138 28 300
11 79 68 74 4 0 9 0.00 0.0 0 11.2 17 110 M M 5 23 100
12 84 75 80 10 0 15 0.00 0.0 0 16.6 28 140 M M 8 18 36 140
13 96 77 87 17 0 22 0.00 0.0 0 13.7 25 200 M M 5 18 34 180
14 92 72 82 12 0 17 T 0.0 0 9.5 20 150 M M 4 138 25 150
15 92 73 83 13 0 18 0.01 0.0 0 10.7 25 210 M M 5 18 32 220
16 73 64 69 -1 0 4 0.39 0.0 0 15.1 25 10 M M 9 1 33 10
17 80 71 76 5 0 11 T 0.0 0 13.4 21 100 M M 9 25 110
18 78 69 74 3 0 9 0.34 0.0 0 8.7 29 290 M M 4 13 37 300
19 91 67 79 8 0 14 0.00 0.0 0 6.5 16 240 M M 1 20 170
20 85 68 77 6 0 12 T 0.0 0 12.7 32 240 M M 2 3 43 240
21 85 62 74 3 0 9 0.00 0.0 0 6.5 15 250 M M 2 12 20 300
22 83 59 71 -1 0 6 0.00 0.0 0 9.5 16 60 M M 0 20 40
23 86 74 80 8 0 15 0.00 0.0 0 14.3 28 150 M M 1 35 140
24 78 67 73 1 0 8 1.74 0.0 0 13.6 31 290 M M 6 123 41 300
25 86 67 77 5 0 12 0.01 0.0 0 4.9 14 300 M M 4 15 300
26 85 68 77 5 0 12 0.00 0.0 0 9.3 17 210 M M 2 18 23 210
27 76 59 68 -4 0 3 0.00 0.0 0 11.1 20 350 M M 0 24 360
28 80 58 69 -4 0 4 0.00 0.0 0 9.6 17 110 M M 2 22 70
29 81 67 74 1 0 9 0.00 0.0 0 11.5 23 120 M M 2 33 130
30 81 58 70 -3 0 5 0.35 0.0 0 11.9 23 220 M M 4 13 28 210
================================================================================
SM 2475 1972 1 283 3.96 0.0 318.8 M 107
================================================================================
AV 82.5 65.7 10.6 FASTST M M 4 MAX(MPH)
MISC ----> 32 240 43 240
================================================================================
NOTES:
# LAST OF SEVERAL OCCURRENCES
COLUMN 17 PEAK WIND IN M.P.H.
PRELIMINARY LOCAL CLIMATOLOGICAL DATA (WS FORM: F-6) , PAGE 2
STATION: MELBOURNE
MONTH: APRIL
YEAR: 2020
LATITUDE: 28 6 N
LONGITUDE: 80 39 W
[TEMPERATURE DATA] [PRECIPITATION DATA] SYMBOLS USED IN COLUMN 16
AVERAGE MONTHLY: 74.1 TOTAL FOR MONTH: 3.96 1 = FOG OR MIST
DPTR FM NORMAL: 3.7 DPTR FM NORMAL: 1.83 2 = FOG REDUCING VISIBILITY
HIGHEST: 96 ON 13 GRTST 24HR 1.75 ON 24-25 TO 1/4 MILE OR LESS
LOWEST: 53 ON 2 3 = THUNDER
SNOW, ICE PELLETS, HAIL 4 = ICE PELLETS
TOTAL MONTH: 0.0 INCH 5 = HAIL
GRTST 24HR 0.0 6 = FREEZING RAIN OR DRIZZLE
GRTST DEPTH: 0 7 = DUSTSTORM OR SANDSTORM:
VSBY 1/2 MILE OR LESS
8 = SMOKE OR HAZE
[NO. OF DAYS WITH] [WEATHER - DAYS WITH] 9 = BLOWING SNOW
X = TORNADO
MAX 32 OR BELOW: 0 0.01 INCH OR MORE: 10
MAX 90 OR ABOVE: 5 0.10 INCH OR MORE: 5
MIN 32 OR BELOW: 0 0.50 INCH OR MORE: 2
MIN 0 OR BELOW: 0 1.00 INCH OR MORE: 1
[HDD (BASE 65) ]
TOTAL THIS MO. 1 CLEAR (SCALE 0-3) 16
DPTR FM NORMAL -15 PTCLDY (SCALE 4-7) 10
TOTAL FM JUL 1 300 CLOUDY (SCALE 8-10) 4
DPTR FM NORMAL -275
[CDD (BASE 65) ]
TOTAL THIS MO. 283
DPTR FM NORMAL 105 [PRESSURE DATA]
TOTAL FM JAN 1 744 HIGHEST SLP 30.21 ON 28
DPTR FM NORMAL 369 LOWEST SLP 29.68 ON 1
[REMARKS]
#FINAL-04-20#