000
CXUS53 KDVN 011000
CF6MLI
PRELIMINARY LOCAL CLIMATOLOGICAL DATA (WS FORM: F-6)
STATION: MOLINE IL
MONTH: SEPTEMBER
YEAR: 2022
LATITUDE: 41 27 N
LONGITUDE: 90 31 W
TEMPERATURE IN F: :PCPN: SNOW: WIND :SUNSHINE: SKY :PK WND
================================================================================
1 2 3 4 5 6A 6B 7 8 9 10 11 12 13 14 15 16 17 18
12Z AVG MX 2MIN
DY MAX MIN AVG DEP HDD CDD WTR SNW DPTH SPD SPD DIR MIN PSBL S-S WX SPD DR
================================================================================
1 85 60 73 2 0 8 0.00 0.0 0 4.9 15 180 M M 1 22 170
2 86 67 77 7 0 12 0.00 0.0 0 7.6 17 170 M M 0 25 170
3 83 67 75 5 0 10 1.70 0.0 0 5.8 21 90 M M 5 13 30 70
4 73 63 68 -2 0 3 0.00 0.0 0 8.5 16 60 M M 10 1 20 50
5 75 64 70 0 0 5 0.00 0.0 0 4.7 12 80 M M 9 1 15 90
6 83 59 71 1 0 6 0.00 0.0 0 2.4 9 30 M M 2 12 13 30
7 84 59 72 3 0 7 0.00 0.0 0 2.7 10 40 M M 3 1 16 340
8 82 57 70 1 0 5 0.00 0.0 0 3.6 12 160 M M 0 1 14 180
9 83 56 70 2 0 5 0.00 0.0 0 5.6 13 150 M M 0 19 150
10 83 58 71 3 0 6 0.11 0.0 0 5.3 16 310 M M 3 3 23 330
11 71 53 62 -6 3 0 1.12 0.0 0 9.1 21 330 M M 7 1 33 300
12 67 57 62 -6 3 0 T 0.0 0 10.2 24 320 M M 10 38 320
13 80 51 66 -1 0 1 0.00 0.0 0 3.1 10 280 M M 0 15 280
14 83 48 66 -1 0 1 0.00 0.0 0 3.4 9 110 M M 0 1 13 100
15 84 55 70 4 0 5 0.00 0.0 0 5.9 13 220 M M 0 20 170
16 84 63 74 8 0 9 0.00 0.0 0 7.3 14 160 M M 0 20 180
17 77 68 73 7 0 8 0.18 0.0 0 6.8 16 220 M M 6 1 24 220
18 88 67 78 13 0 13 0.59 0.0 0 7.0 33 220 M M 5 13 49 220
19 84 66 75 10 0 10 0.00 0.0 0 4.8 10 80 M M 1 12 16 90
20 95 68 82 17 0 17 0.00 0.0 0 8.3 18 230 M M 0 29 210
21 86 61 74 10 0 9 T 0.0 0 11.5 32 230 M M 1 3 49 230
22 69 48 59 -5 6 0 0.00 0.0 0 6.8 17 40 M M 0 27 30
23 59 49 54 -9 11 0 0.01 0.0 0 6.1 14 150 M M 5 1 19 160
24 69 53 61 -2 4 0 0.00 0.0 0 5.7 17 310 M M 7 24 320
25 76 56 66 3 0 1 0.00 0.0 0 14.1 26 300 M M 1 37 300
26 67 44 56 -6 9 0 0.00 0.0 0 12.0 25 300 M M 0 36 320
27 67 40 54 -8 11 0 0.00 0.0 0 7.3 20 320 M M 2 29 330
28 64 38 51 -10 14 0 0.00 0.0 0 3.4 12 60 M M 0 14 20
29 69 34 52 -9 13 0 0.00 0.0 0 3.8 12 120 M M 0 16 90
30 73 37 55 -5 10 0 0.00 0.0 0 4.2 12 70 M M 0 15 70
================================================================================
SM 2329 1666 84 141 3.71 0.0 191.9 M 78
================================================================================
AV 77.6 55.5 6.4 FASTST M M 3 MAX(MPH)
MISC ----> 33 220 # 49 220
================================================================================
NOTES:
# LAST OF SEVERAL OCCURRENCES
COLUMN 17 PEAK WIND IN M.P.H.
PRELIMINARY LOCAL CLIMATOLOGICAL DATA (WS FORM: F-6) , PAGE 2
STATION: MOLINE IL
MONTH: SEPTEMBER
YEAR: 2022
LATITUDE: 41 27 N
LONGITUDE: 90 31 W
[TEMPERATURE DATA] [PRECIPITATION DATA] SYMBOLS USED IN COLUMN 16
AVERAGE MONTHLY: 66.6 TOTAL FOR MONTH: 3.71 1 = FOG OR MIST
DPTR FM NORMAL: 0.5 DPTR FM NORMAL: 0.39 2 = FOG REDUCING VISIBILITY
HIGHEST: 95 ON 20 GRTST 24HR 1.70 ON 3- 3 TO 1/4 MILE OR LESS
LOWEST: 34 ON 29 3 = THUNDER
SNOW, ICE PELLETS, HAIL 4 = ICE PELLETS
TOTAL MONTH: 0.0 INCH 5 = HAIL
GRTST 24HR 0.0 6 = FREEZING RAIN OR DRIZZLE
GRTST DEPTH: 0 7 = DUSTSTORM OR SANDSTORM:
VSBY 1/2 MILE OR LESS
8 = SMOKE OR HAZE
[NO. OF DAYS WITH] [WEATHER - DAYS WITH] 9 = BLOWING SNOW
X = TORNADO
MAX 32 OR BELOW: 0 0.01 INCH OR MORE: 6
MAX 90 OR ABOVE: 1 0.10 INCH OR MORE: 5
MIN 32 OR BELOW: 0 0.50 INCH OR MORE: 3
MIN 0 OR BELOW: 0 1.00 INCH OR MORE: 2
[HDD (BASE 65) ]
TOTAL THIS MO. 84 CLEAR (SCALE 0-3) 20
DPTR FM NORMAL 0 PTCLDY (SCALE 4-7) 7
TOTAL FM JUL 1 85 CLOUDY (SCALE 8-10) 3
DPTR FM NORMAL -6
[CDD (BASE 65) ]
TOTAL THIS MO. 141
DPTR FM NORMAL 25 [PRESSURE DATA]
TOTAL FM JAN 1 1166 HIGHEST SLP 30.52 ON 29
DPTR FM NORMAL 142 LOWEST SLP 29.76 ON 21
[REMARKS]
#FINAL-09-22#